{"id":5640,"date":"2025-10-21T10:42:03","date_gmt":"2025-10-21T13:42:03","guid":{"rendered":"https:\/\/ebp.org.br\/sul\/?page_id=5640"},"modified":"2025-10-21T10:42:03","modified_gmt":"2025-10-21T13:42:03","slug":"6a-jornada-da-ebp-secao-sul-cade-o-gozo-o-que-diz-a-epoca-e-a-clinica-eventos-culturais-em-curitiba","status":"publish","type":"page","link":"https:\/\/ebp.org.br\/sul\/eventos\/jornadas\/6a-jornada-da-ebp-secao-sul-cade-o-gozo-o-que-diz-a-epoca-e-a-clinica\/6a-jornada-da-ebp-secao-sul-cade-o-gozo-o-que-diz-a-epoca-e-a-clinica-eventos-culturais-em-curitiba\/","title":{"rendered":"6\u00aa Jornada da EBP \u2013 Se\u00e7\u00e3o Sul &#8211; Cad\u00ea o gozo? O que diz a \u00e9poca e a cl\u00ednica &#8211; Eventos culturais em Curitiba"},"content":{"rendered":"<section class=\"wpb-content-wrapper\">[vc_row][vc_column][vc_single_image image=&#8221;5398&#8243;][\/vc_column][\/vc_row][vc_row][vc_column][vc_column_text]\n<h3><span style=\"color: #993300;\">Eventos em Curitiba<\/span><\/h3>\n<h3><span style=\"color: #000000;\">24 e 26 de outubro de 2025<\/span><\/h3>\n<p><span style=\"color: #993300;\"><strong>\u00a0Valentin (show): 25\/10<\/strong><\/span><\/p>\n<ul>\n<li>Teatro Barrac\u00e3o EnCena<\/li>\n<li>Dispon\u00edvel em: <a href=\"https:\/\/www.sympla.com.br\/evento\/valentin\/3081622?referrer=www.google.com\">https:\/\/www.sympla.com.br\/evento\/valentin\/3081622?referrer=www.google.com<\/a><\/li>\n<\/ul>\n<p><span style=\"color: #993300;\"><strong>\u00a0Esteban Tavares (show): 25\/10<\/strong><\/span><\/p>\n<ul>\n<li>Arnica Cultural<\/li>\n<li>Dispon\u00edvel em: <a href=\"https:\/\/www.sympla.com.br\/evento\/esteban-tavares-em-curitiba-pr\/3110660?referrer=www.google.com\">https:\/\/www.sympla.com.br\/evento\/esteban-tavares-em-curitiba-pr\/3110660?referrer=www.google.com<\/a><\/li>\n<\/ul>\n<p><strong><span style=\"color: #993300;\">SER MULHER N\u00c3O \u00c9 PRA QUALQUER UM com NANY PEOPLE (24\/10)<\/span><\/strong><\/p>\n<ul>\n<li>Guairinha &#8211; Salvador de Ferrante<\/li>\n<li>Dispon\u00edvel em: <a href=\"https:\/\/www.diskingressos.com.br\/evento\/9554\/2025-10-24\/pr\/curitiba\/ser-mulher-nao-e-para-qualquer-um-com-nany-people\">https:\/\/www.diskingressos.com.br\/evento\/9554\/2025-10-24\/pr\/curitiba\/ser-mulher-nao-e-para-qualquer-um-com-nany-people<\/a><\/li>\n<\/ul>\n<p><strong><span style=\"color: #993300;\">October Curitiba<\/span><\/strong><\/p>\n<ul>\n<li>Pavilh\u00e3o de Eventos Parque Barigui<\/li>\n<\/ul>\n<p><strong><span style=\"color: #993300;\">Exposi\u00e7\u00e3o internacional HUMAN BODIES &#8211; Maravilhas do corpo humano<\/span><\/strong><\/p>\n<p><strong><span style=\"color: #993300;\">Espa\u00e7o Cult Imersiva<\/span><\/strong><\/p>\n<p>Saiba mais em: <a href=\"https:\/\/www.tocacultural.com.br\/post\/exposi\u00e7\u00e3o-internacional-human-bodies-maravilhas-do-corpo-humano-prorroga-temporada-em-curitiba?fbclid=PAVERFWANDhM9leHRuA2FlbQIxMQABp0C58e81JuKZAbkg3YkyoCgGrGojo5nV60GIokpM2k5ml0vCbHBCWhuhdjr9_aem_uPNemrel0Krp47HHRk_vxg\">https:\/\/www.tocacultural.com.br\/post\/exposi\u00e7\u00e3o-internacional-human-bodies-maravilhas-do-corpo-humano-prorroga-temporada-em-curitiba?fbclid=PAVERFWANDhM9leHRuA2FlbQIxMQABp0C58e81JuKZAbkg3YkyoCgGrGojo5nV60GIokpM2k5ml0vCbHBCWhuhdjr9_aem_uPNemrel0Krp47HHRk_vxg<\/a><\/p>\n<p><strong><span style=\"color: #993300;\">A \u00faltima entrevista de Mar\u00edlia Gabriela (24\/10)<\/span><\/strong><\/p>\n<ul>\n<li>Teatro Positivo<\/li>\n<li>Dispon\u00edvel em: <a href=\"https:\/\/www.diskingressos.com.br\/evento\/1220\/2025-10-24\/pr\/curitiba\/a-ultima-entrevista-de-marilia-gabriela\">https:\/\/www.diskingressos.com.br\/evento\/1220\/2025-10-24\/pr\/curitiba\/a-ultima-entrevista-de-marilia-gabriela<\/a><\/li>\n<\/ul>\n<p><strong><span style=\"color: #993300;\">\u00a0Daniel (show) (25 e 26\/10)<\/span><\/strong><\/p>\n<ul>\n<li>Teatro Positivo<\/li>\n<li>Dispon\u00edvel em: <a href=\"https:\/\/www.diskingressos.com.br\">https:\/\/www.diskingressos.com.br<\/a><\/li>\n<\/ul>\n<p><strong><span style=\"color: #993300;\">Show improv\u00e1vel, com Os Barbixas (25 e 26\/10)<\/span><\/strong><\/p>\n<ul>\n<li>Teatro Up Experience<\/li>\n<li>Dispon\u00edvel em: <a href=\"https:\/\/www.diskingressos.com.br\/grupo\/2553\/2025-10-26\/pr\/curitiba\/improvavel\">https:\/\/www.diskingressos.com.br\/grupo\/2553\/2025-10-26\/pr\/curitiba\/improvavel<\/a><\/li>\n<\/ul>\n<p><strong><span style=\"color: #993300;\">\u00a0Show da banda Duoss (24\/10)<\/span><\/strong><\/p>\n<ul>\n<li>Teatro Up Experience<\/li>\n<li>Dispon\u00edvel em: <a href=\"https:\/\/www.diskingressos.com.br\/evento\/1250\/2025-10-24\/pr\/curitiba\/show-da-banda-duoss\">https:\/\/www.diskingressos.com.br\/evento\/1250\/2025-10-24\/pr\/curitiba\/show-da-banda-duoss<\/a><\/li>\n<\/ul>\n<p><span style=\"color: #993300;\"><strong>Festival Drag burlesco (de 20 a 25 de outubro)<\/strong><\/span><\/p>\n<ul>\n<li>Clube Dom Pedro II, Gingle bar, Espa\u00e7o Fant\u00e1stico das Artes, UFPR.<\/li>\n<li>Ingressos para os eventos n\u00e3o gratuitos pela plataforma <a href=\"http:\/\/pixta.me\">Pixta.me<\/a>. Mais informa\u00e7\u00f5es em @combodragweek<\/li>\n<\/ul>\n<p><span style=\"color: #993300;\"><strong>Evento de gastronomia e moda (26\/10, das 14h \u00e0s 21h)<\/strong><\/span><\/p>\n<ul>\n<li>Alameda Presidente Taunay, 543<\/li>\n<li>Mais de 15 marcas de moda, design, gastronomia e bem-estar. Djs convidados e artista Tina Sbruzzi.<\/li>\n<li>Evento aberto.<\/li>\n<\/ul>\n<p><strong>Festival Alem\u00e3o na Rua 24 horas (todos os dias, at\u00e9 30\/10, das 9h \u00e0 meia noite)<\/strong><\/p>\n<ul>\n<li>Rus 24 horas, Centro<\/li>\n<li>Entradas pelas ruas Visconde de Nicar\u00e1gua e Rua Visconde dorso Branco.<\/li>\n<li>Gastronomia t\u00edpica, bebidas especiais e promo\u00e7\u00f5es exclusivas. Lojas e restaurantes inspirados na cultura alem\u00e3 e descontos que chegam a 50%.<\/li>\n<li>Alguns restaurantes: B\u00e1varo Chopperia, Grazie! Caf\u00e9, Subway, Sapeco Matteria.<\/li>\n<\/ul>\n[\/vc_column_text][\/vc_column][\/vc_row]\n<\/section>","protected":false},"excerpt":{"rendered":"<p>[vc_row][vc_column][vc_single_image image=&#8221;5398&#8243;][\/vc_column][\/vc_row][vc_row][vc_column][vc_column_text] Eventos em Curitiba 24 e 26 de outubro de 2025 \u00a0Valentin (show): 25\/10 Teatro Barrac\u00e3o EnCena Dispon\u00edvel em: https:\/\/www.sympla.com.br\/evento\/valentin\/3081622?referrer=www.google.com \u00a0Esteban Tavares (show): 25\/10 Arnica Cultural Dispon\u00edvel em: https:\/\/www.sympla.com.br\/evento\/esteban-tavares-em-curitiba-pr\/3110660?referrer=www.google.com SER MULHER N\u00c3O \u00c9 PRA QUALQUER UM com NANY PEOPLE (24\/10) Guairinha &#8211; Salvador de Ferrante Dispon\u00edvel em: https:\/\/www.diskingressos.com.br\/evento\/9554\/2025-10-24\/pr\/curitiba\/ser-mulher-nao-e-para-qualquer-um-com-nany-people October Curitiba Pavilh\u00e3o de Eventos Parque&hellip;<\/p>\n","protected":false},"author":1,"featured_media":0,"parent":5395,"menu_order":0,"comment_status":"closed","ping_status":"closed","template":"","meta":{"footnotes":""},"class_list":["post-5640","page","type-page","status-publish","hentry","entry","no-media"],"_links":{"self":[{"href":"https:\/\/ebp.org.br\/sul\/wp-json\/wp\/v2\/pages\/5640","targetHints":{"allow":["GET"]}}],"collection":[{"href":"https:\/\/ebp.org.br\/sul\/wp-json\/wp\/v2\/pages"}],"about":[{"href":"https:\/\/ebp.org.br\/sul\/wp-json\/wp\/v2\/types\/page"}],"author":[{"embeddable":true,"href":"https:\/\/ebp.org.br\/sul\/wp-json\/wp\/v2\/users\/1"}],"replies":[{"embeddable":true,"href":"https:\/\/ebp.org.br\/sul\/wp-json\/wp\/v2\/comments?post=5640"}],"version-history":[{"count":1,"href":"https:\/\/ebp.org.br\/sul\/wp-json\/wp\/v2\/pages\/5640\/revisions"}],"predecessor-version":[{"id":5641,"href":"https:\/\/ebp.org.br\/sul\/wp-json\/wp\/v2\/pages\/5640\/revisions\/5641"}],"up":[{"embeddable":true,"href":"https:\/\/ebp.org.br\/sul\/wp-json\/wp\/v2\/pages\/5395"}],"wp:attachment":[{"href":"https:\/\/ebp.org.br\/sul\/wp-json\/wp\/v2\/media?parent=5640"}],"curies":[{"name":"wp","href":"https:\/\/api.w.org\/{rel}","templated":true}]}}