{"id":5447,"date":"2025-06-18T14:33:03","date_gmt":"2025-06-18T17:33:03","guid":{"rendered":"https:\/\/ebp.org.br\/sul\/?page_id=5447"},"modified":"2025-07-04T08:45:54","modified_gmt":"2025-07-04T11:45:54","slug":"6a-jornada-da-ebp-secao-sul-cade-o-gozo-o-que-diz-a-epoca-e-a-clinica-comissoes","status":"publish","type":"page","link":"https:\/\/ebp.org.br\/sul\/eventos\/jornadas\/6a-jornada-da-ebp-secao-sul-cade-o-gozo-o-que-diz-a-epoca-e-a-clinica\/6a-jornada-da-ebp-secao-sul-cade-o-gozo-o-que-diz-a-epoca-e-a-clinica-comissoes\/","title":{"rendered":"6\u00aa Jornada da EBP \u2013 Se\u00e7\u00e3o Sul &#8211; Cad\u00ea o gozo? O que diz a \u00e9poca e a cl\u00ednica &#8211; Comiss\u00f5es"},"content":{"rendered":"<section class=\"wpb-content-wrapper\">[vc_row][vc_column][vc_single_image image=&#8221;5398&#8243;][\/vc_column][\/vc_row][vc_row][vc_column][vc_column_text]\n<h3><span style=\"color: #993300;\"><strong>Acolhimento<\/strong><\/span><\/h3>\n<ul>\n<li>Amanda Brum<\/li>\n<li>Andr\u00e9a Tochetto ( coordena\u00e7\u00e3o )<\/li>\n<li>Camila Erpen Zardo<\/li>\n<li>Gilberto Fonseca ( coordena\u00e7\u00e3o )<\/li>\n<li>Leandro Oliveira Pedroza<\/li>\n<li>Mayl Athayde Santos<\/li>\n<li>Renata Ferreira<\/li>\n<\/ul>\n<h3><span style=\"color: #993300;\"><strong>Boletim<\/strong><\/span><\/h3>\n<ul>\n<li>Diego Cervelin (editor)<\/li>\n<li>Fernanda Batista<\/li>\n<li>Val\u00e9ria Beatriz Ara\u00fajo (editora)<\/li>\n<li>Priscila de S\u00e1 Santos<\/li>\n<\/ul>\n<h3><span style=\"color: #993300;\"><strong>Epist\u00eamica<\/strong><\/span><\/h3>\n<ul>\n<li>C\u00e9lia Carta Winter<\/li>\n<li>Cinthia Busato<\/li>\n<li>Li\u00e9ge Goulart<\/li>\n<li>Lu\u00eds Francisco Esp\u00edndola Camargo<\/li>\n<li>Marcia Stival Onyszkiewicz<\/li>\n<li>Maria Teresa Wendhausen<\/li>\n<li>Oscar Reymundo<\/li>\n<\/ul>\n<h3><span style=\"color: #993300;\"><strong>Divulga\u00e7\u00e3o\u00a0<\/strong><\/span><\/h3>\n<ul>\n<li>B\u00e1rbara Backes Ferreira<\/li>\n<li>Daniella Z. Campos M. Pichetti<\/li>\n<li>Gustavo Ramos ( coordena\u00e7\u00e3o )<\/li>\n<li>Ver\u00f4nica Montenegro ( coordena\u00e7\u00e3o )<\/li>\n<\/ul>\n<h3><span style=\"color: #993300;\"><strong>Infraestrutura<\/strong><\/span><\/h3>\n<ul>\n<li>Adriana Rodrigues ( coordena\u00e7\u00e3o )<\/li>\n<li>B\u00e1rbara Ferraz de Campos<\/li>\n<li>Bianca Camargo<\/li>\n<li>Camile Fagundes<\/li>\n<li>C\u00e2ndida Oliveira<\/li>\n<li>Fl\u00e1via Silva<\/li>\n<li>Juan Galigniana ( coordena\u00e7\u00e3o )<\/li>\n<li>Nancy Carneiro ( coordena\u00e7\u00e3o )<\/li>\n<li>Paula Goulart<\/li>\n<\/ul>\n<h3><span style=\"color: #993300;\"><strong>Psican\u00e1lise nas Cidades<\/strong><\/span><\/h3>\n<ul>\n<li>Fl\u00e1via Cera ( coordena\u00e7\u00e3o )<\/li>\n<li>Juliana Radaeli ( coordena\u00e7\u00e3o )<\/li>\n<li>Paula Goulart<\/li>\n<\/ul>\n<h3><span style=\"color: #993300;\"><strong>Refer\u00eancias<\/strong><\/span><\/h3>\n<ul>\n<li>Gleuza Salomon<\/li>\n<li>Laureci Nunes ( coordena\u00e7\u00e3o )<\/li>\n<li>M\u00e1rcia Frass\u00e3o<\/li>\n<li>Mauro Agosti<\/li>\n<li>Paula Moreau<\/li>\n<li>Paula Noquet ( coordena\u00e7\u00e3o )<\/li>\n<\/ul>\n[\/vc_column_text][\/vc_column][\/vc_row]\n<\/section>","protected":false},"excerpt":{"rendered":"<p>[vc_row][vc_column][vc_single_image image=&#8221;5398&#8243;][\/vc_column][\/vc_row][vc_row][vc_column][vc_column_text] Acolhimento Amanda Brum Andr\u00e9a Tochetto ( coordena\u00e7\u00e3o ) Camila Erpen Zardo Gilberto Fonseca ( coordena\u00e7\u00e3o ) Leandro Oliveira Pedroza Mayl Athayde Santos Renata Ferreira Boletim Diego Cervelin (editor) Fernanda Batista Val\u00e9ria Beatriz Ara\u00fajo (editora) Priscila de S\u00e1 Santos Epist\u00eamica C\u00e9lia Carta Winter Cinthia Busato Li\u00e9ge Goulart Lu\u00eds Francisco Esp\u00edndola Camargo Marcia Stival Onyszkiewicz&hellip;<\/p>\n","protected":false},"author":1,"featured_media":0,"parent":5395,"menu_order":0,"comment_status":"closed","ping_status":"closed","template":"","meta":{"footnotes":""},"class_list":["post-5447","page","type-page","status-publish","hentry","entry","no-media"],"_links":{"self":[{"href":"https:\/\/ebp.org.br\/sul\/wp-json\/wp\/v2\/pages\/5447","targetHints":{"allow":["GET"]}}],"collection":[{"href":"https:\/\/ebp.org.br\/sul\/wp-json\/wp\/v2\/pages"}],"about":[{"href":"https:\/\/ebp.org.br\/sul\/wp-json\/wp\/v2\/types\/page"}],"author":[{"embeddable":true,"href":"https:\/\/ebp.org.br\/sul\/wp-json\/wp\/v2\/users\/1"}],"replies":[{"embeddable":true,"href":"https:\/\/ebp.org.br\/sul\/wp-json\/wp\/v2\/comments?post=5447"}],"version-history":[{"count":6,"href":"https:\/\/ebp.org.br\/sul\/wp-json\/wp\/v2\/pages\/5447\/revisions"}],"predecessor-version":[{"id":5502,"href":"https:\/\/ebp.org.br\/sul\/wp-json\/wp\/v2\/pages\/5447\/revisions\/5502"}],"up":[{"embeddable":true,"href":"https:\/\/ebp.org.br\/sul\/wp-json\/wp\/v2\/pages\/5395"}],"wp:attachment":[{"href":"https:\/\/ebp.org.br\/sul\/wp-json\/wp\/v2\/media?parent=5447"}],"curies":[{"name":"wp","href":"https:\/\/api.w.org\/{rel}","templated":true}]}}