{"id":5288,"date":"2024-12-09T11:19:17","date_gmt":"2024-12-09T14:19:17","guid":{"rendered":"https:\/\/ebp.org.br\/sul\/?page_id=5288"},"modified":"2024-12-09T11:19:17","modified_gmt":"2024-12-09T14:19:17","slug":"boletim-modos-de-usar-extraordinario","status":"publish","type":"page","link":"https:\/\/ebp.org.br\/sul\/biblioteca\/publicacoes\/boletim-modos-de-usar\/boletim-modos-de-usar-extraordinario\/","title":{"rendered":"Boletim Modos de Usar &#8211; Extraordin\u00e1rio"},"content":{"rendered":"<section class=\"wpb-content-wrapper\">[vc_row][vc_column][vc_single_image image=&#8221;4308&#8243; alignment=&#8221;center&#8221;][vc_column_text]\n<h6 style=\"text-align: center;\">Boletim Extraordin\u00e1rio &#8211; Dezembro 2024<\/h6>\n[\/vc_column_text][\/vc_column][\/vc_row][vc_row][vc_column width=&#8221;1\/4&#8243;][vc_single_image image=&#8221;5280&#8243;][\/vc_column][vc_column width=&#8221;3\/4&#8243;][vc_column_text]\n<h3>Apresenta\u00e7\u00e3o da 7\u00aa edi\u00e7\u00e3o do Boletim Modos de Usar<\/h3>\n<h6>Licene Garcia<\/h6>\n<p>A Comiss\u00e3o da Diretoria de Biblioteca da EBP-Se\u00e7\u00e3o Sul, nesta 7\u00aa edi\u00e7\u00e3o extraordin\u00e1ria do Boletim Modos de Usar, compilou os textos apresentados por Graciela Brodsky (AME, EOL\/AMP) e S\u00e9rgio de Mattos (AE, EBP\/AMP) na 5\u00aa Jornada da EBP-Se\u00e7\u00e3o Sul \u201cDiscursos e corpos: a causa do dizer\u201d que aconteceu nos dias 04 e 05 de outubro em Florian\u00f3polis. Al\u00e9m disso, ser\u00e1 poss\u00edvel ler os textos de Abertura escritos por C\u00e9lia Winter (EBP\/AMP), Diretora da Se\u00e7\u00e3o Sul e Gresiela Nunes da Rosa (EBP\/AMP), Coordenadora da 5\u00aa Jornada da EBP-Se\u00e7\u00e3o Sul. Por fim, o texto de encerramento da Jornada de Teresa Pavone (EBP\/AMP).[\/vc_column_text][vc_btn title=&#8221;Leia+&#8221; size=&#8221;xs&#8221; link=&#8221;url:https%3A%2F%2Febp.org.br%2Fsul%2Fapresentacao-da-7a-edicao-do-boletim-modos-de-usar%2F|title:EDITORIAL%20Boletim%20Modos%20de%20Usar%20%2301&#8243;][\/vc_column][\/vc_row][vc_row][vc_column][vc_separator][\/vc_column][\/vc_row][vc_row][vc_column width=&#8221;1\/4&#8243;][vc_single_image image=&#8221;5269&#8243;][\/vc_column][vc_column width=&#8221;3\/4&#8243;][vc_column_text]\n<h3><em>Quem fala?<\/em><\/h3>\n<h6><em>S\u00e9rgio de Mattos (AE, EBP\/AMP)<\/em><\/h6>\n<p style=\"text-align: right;\"><strong><em>Sou no lugar desde onde se vocifera que o universo \u00e9 um defeito na pureza do n\u00e3o ser\u00a0 (Paul Valery &#8211; Escritos)<\/em><\/strong><br \/>\n<strong><em>\u00a0\u00a0\u00a0\u00a0\u00a0\u00a0\u00a0\u00a0\u00a0 \u00a0\u00a0\u00a0\u00a0 \u00a0\u00a0\u00a0\u00a0\u00a0\u00a0\u00a0\u00a0\u00a0\u00a0\u00a0\u00a0\u00a0\u00a0\u00a0\u00a0\u00a0\u00a0\u00a0\u00a0\u00a0\u00a0\u00a0\u00a0\u00a0\u00a0\u00a0\u00a0 Tudo era vasto, mas ao mesmo tempo \u00edntimo e secreto (Borges &#8211; El sur)<\/em><\/strong><\/p>\n<p>Escolhi esse t\u00edtulo em um movimento de precipita\u00e7\u00e3o. Uma precipita\u00e7\u00e3o em rela\u00e7\u00e3o ao t\u00edtulo dessas jornadas: \u201cDiscursos e corpos: a causa do dizer\u201d. \u201cQuem fala?\u201d foi um modo de me dar um ponto de partida para uma trajet\u00f3ria em que eu pudesse atravessar esse t\u00edtulo. Desse modo, estabeleci tamb\u00e9m um lugar que segue a interroga\u00e7\u00e3o, um lugar vazio onde pretendo escrever: \u201cQuem fala?\u201d[\/vc_column_text][vc_btn title=&#8221;Leia+&#8221; size=&#8221;xs&#8221; link=&#8221;url:https%3A%2F%2Febp.org.br%2Fsul%2Fquem-fala%2F|title:EDITORIAL%20Boletim%20Modos%20de%20Usar%20%2301&#8243;][\/vc_column][\/vc_row][vc_row][vc_column][vc_separator][\/vc_column][\/vc_row][vc_row][vc_column width=&#8221;1\/4&#8243;][vc_single_image image=&#8221;5266&#8243;][\/vc_column][vc_column width=&#8221;3\/4&#8243;][vc_column_text]\n<h3>O suporte corporal<\/h3>\n<h6><em>Graciela Brodsky (AME, EOL\/AMP)<\/em><\/h6>\n<p>Obrigada pelo convite, obrigada por estarem aqui. Ontem soube que a \u00faltima vez que estive em Florian\u00f3polis tomando a palavra foi no ano de 2007. Passaram-se muitos anos, mas aqui estamos. Vamos falar do discurso e dos corpos, que \u00e9 o tema que voc\u00eas escolheram para esta quinta jornada da nova Se\u00e7\u00e3o Sul da EBP.<\/p>\n<p>\u201cH\u00e1 quatro discursos\u201d. Lacan escreve isso em um panfleto, onde defendia o departamento de psican\u00e1lise que ele havia criado na Universidade de Paris VIII. Esse departamento estava prestes a fechar. Lacan escreve um panfleto e, nele, figura a famosa frase&#8230;[\/vc_column_text][vc_btn title=&#8221;Leia+&#8221; size=&#8221;xs&#8221; link=&#8221;url:https%3A%2F%2Febp.org.br%2Fsul%2Fo-suporte-corporal%2F|title:EDITORIAL%20Boletim%20Modos%20de%20Usar%20%2301&#8243;][\/vc_column][\/vc_row][vc_row][vc_column][vc_separator][\/vc_column][\/vc_row][vc_row][vc_column width=&#8221;1\/4&#8243;][vc_single_image image=&#8221;5263&#8243;][\/vc_column][vc_column width=&#8221;3\/4&#8243;][vc_column_text]\n<h3>Encerramento 5\u00aa Jornada da EBP- Se\u00e7\u00e3o Sul- Discursos e Corpos: a causa do dizer.<\/h3>\n<h6><em>Teresa Pavone (EBP\/AMP)<\/em><\/h6>\n<p>Boa noite, chegamos ao final dessa rica e intensa jornada da EBP da Se\u00e7\u00e3o Sul com muitas alegrias, mas, suponho que, tamb\u00e9m, com muitas inquieta\u00e7\u00f5es.\u00a0 A 5\u00aa JORNADA DISCURSOS e CORPOS: A CAUSA DO DIZER, aumentou o que j\u00e1 se constituiu como uma s\u00e9rie, s\u00e9rie de muitas mais que ainda vir\u00e3o, assim esperamos.<\/p>\n<p>Pensei: o que me resta a dizer, depois de um trabalho enorme que come\u00e7ou muito antes desse momento, de um grande encontro entre n\u00f3s que \u00e9 a jornada? Ou, melhor dizendo, desses m\u00faltiplos encontros que se fizeram presentes em todos os momentos&#8230;[\/vc_column_text][vc_btn title=&#8221;Leia+&#8221; size=&#8221;xs&#8221; link=&#8221;url:https%3A%2F%2Febp.org.br%2Fsul%2Fencerramento-5a-jornada-da-ebp-secao-sul-discursos-e-corpos-a-causa-do-dizer%2F|title:EDITORIAL%20Boletim%20Modos%20de%20Usar%20%2301&#8243;][\/vc_column][\/vc_row][vc_row css=&#8221;.vc_custom_1629889707604{background-color: #777777 !important;}&#8221;][vc_column][vc_single_image image=&#8221;4306&#8243; alignment=&#8221;center&#8221;][vc_column_text]\n<h6 style=\"text-align: center;\"><span style=\"color: #ffffff;\">Modos de Usar &#8211; Boletim Eletr\u00f4nico da EBP Se\u00e7\u00e3o Sul<\/span><\/h6>\n<h6 style=\"text-align: center;\"><span style=\"color: #ffffff;\">Comiss\u00e3o de Edi\u00e7\u00e3o:\u00a0Teresa Pavone (EBP\/AMP-diretora de Biblioteca da Se\u00e7\u00e3o Sul),<\/span><br \/>\n<span style=\"color: #ffffff;\">Gustavo Ramos (EBP\/AMP), Andrea Tochetto, Diego Cervelin, Juan Cruz Galigniana, Licene Garcia, Val\u00e9ria Beatriz Pimentel de Ara\u00fajo e Paula Lermen.<\/span><\/h6>\n<h6 style=\"text-align: center;\"><span style=\"color: #ffffff;\">Editora\u00e7\u00e3o do Boletim e Revis\u00e3o dos textos: Juan Cruz Galigniana, Licene Garcia e<\/span><br \/>\n<span style=\"color: #ffffff;\">Paula Lermen.<\/span><\/h6>\n<h6 style=\"text-align: center;\"><span style=\"color: #ffffff;\">Design: Bruno Senna<\/span><\/h6>\n[\/vc_column_text][\/vc_column][\/vc_row]\n<\/section>","protected":false},"excerpt":{"rendered":"<p>[vc_row][vc_column][vc_single_image image=&#8221;4308&#8243; alignment=&#8221;center&#8221;][vc_column_text] Boletim Extraordin\u00e1rio &#8211; Dezembro 2024 [\/vc_column_text][\/vc_column][\/vc_row][vc_row][vc_column width=&#8221;1\/4&#8243;][vc_single_image image=&#8221;5280&#8243;][\/vc_column][vc_column width=&#8221;3\/4&#8243;][vc_column_text] Apresenta\u00e7\u00e3o da 7\u00aa edi\u00e7\u00e3o do Boletim Modos de Usar Licene Garcia A Comiss\u00e3o da Diretoria de Biblioteca da EBP-Se\u00e7\u00e3o Sul, nesta 7\u00aa edi\u00e7\u00e3o extraordin\u00e1ria do Boletim Modos de Usar, compilou os textos apresentados por Graciela Brodsky (AME, EOL\/AMP) e S\u00e9rgio de Mattos (AE,&hellip;<\/p>\n","protected":false},"author":1,"featured_media":0,"parent":3243,"menu_order":0,"comment_status":"closed","ping_status":"closed","template":"","meta":{"footnotes":""},"class_list":["post-5288","page","type-page","status-publish","hentry","entry","no-media"],"_links":{"self":[{"href":"https:\/\/ebp.org.br\/sul\/wp-json\/wp\/v2\/pages\/5288","targetHints":{"allow":["GET"]}}],"collection":[{"href":"https:\/\/ebp.org.br\/sul\/wp-json\/wp\/v2\/pages"}],"about":[{"href":"https:\/\/ebp.org.br\/sul\/wp-json\/wp\/v2\/types\/page"}],"author":[{"embeddable":true,"href":"https:\/\/ebp.org.br\/sul\/wp-json\/wp\/v2\/users\/1"}],"replies":[{"embeddable":true,"href":"https:\/\/ebp.org.br\/sul\/wp-json\/wp\/v2\/comments?post=5288"}],"version-history":[{"count":1,"href":"https:\/\/ebp.org.br\/sul\/wp-json\/wp\/v2\/pages\/5288\/revisions"}],"predecessor-version":[{"id":5289,"href":"https:\/\/ebp.org.br\/sul\/wp-json\/wp\/v2\/pages\/5288\/revisions\/5289"}],"up":[{"embeddable":true,"href":"https:\/\/ebp.org.br\/sul\/wp-json\/wp\/v2\/pages\/3243"}],"wp:attachment":[{"href":"https:\/\/ebp.org.br\/sul\/wp-json\/wp\/v2\/media?parent=5288"}],"curies":[{"name":"wp","href":"https:\/\/api.w.org\/{rel}","templated":true}]}}