{"id":4828,"date":"2024-05-03T09:04:28","date_gmt":"2024-05-03T12:04:28","guid":{"rendered":"https:\/\/ebp.org.br\/sul\/?page_id=4828"},"modified":"2024-05-17T07:00:00","modified_gmt":"2024-05-17T10:00:00","slug":"5a-jornada-da-ebp-secao-sul-discursos-e-corpos-a-causa-do-dizer-acolhimento","status":"publish","type":"page","link":"https:\/\/ebp.org.br\/sul\/eventos\/jornadas\/5a-jornada-da-ebp-secao-sul-discursos-e-corpos-a-causa-do-dizer\/5a-jornada-da-ebp-secao-sul-discursos-e-corpos-a-causa-do-dizer-acolhimento\/","title":{"rendered":"5\u00aa Jornada da EBP \u2013 Se\u00e7\u00e3o Sul \u2013 Discursos e corpos: a causa do dizer &#8211; Acolhimento"},"content":{"rendered":"<section class=\"wpb-content-wrapper\">[vc_row][vc_column][vc_single_image image=&#8221;4814&#8243;][\/vc_column][\/vc_row][vc_row][vc_column][vc_column_text]<strong>Apresenta\u00e7\u00e3o da Comiss\u00e3o de Acolhimento: <\/strong><\/p>\n<p><img loading=\"lazy\" decoding=\"async\" class=\"size-medium wp-image-4894 alignright\" src=\"https:\/\/ebp.org.br\/sul\/wp-content\/uploads\/2024\/05\/08.ACOLHIMENTO-1-300x192.jpeg\" alt=\"\" width=\"300\" height=\"192\" srcset=\"https:\/\/ebp.org.br\/sul\/wp-content\/uploads\/2024\/05\/08.ACOLHIMENTO-1-300x192.jpeg 300w, https:\/\/ebp.org.br\/sul\/wp-content\/uploads\/2024\/05\/08.ACOLHIMENTO-1-1024x656.jpeg 1024w, https:\/\/ebp.org.br\/sul\/wp-content\/uploads\/2024\/05\/08.ACOLHIMENTO-1-768x492.jpeg 768w, https:\/\/ebp.org.br\/sul\/wp-content\/uploads\/2024\/05\/08.ACOLHIMENTO-1-1536x985.jpeg 1536w, https:\/\/ebp.org.br\/sul\/wp-content\/uploads\/2024\/05\/08.ACOLHIMENTO-1-2048x1313.jpeg 2048w\" sizes=\"auto, (max-width: 300px) 100vw, 300px\" \/>A Comiss\u00e3o de Acolhimento da 5\u00b0 Jornada da EBP &#8211; Se\u00e7\u00e3o Sul toma como seu horizonte de trabalho, mais do que sistem\u00e1ticas organizativas de hospitalidade, formas de acolher e receber n\u00e3o s\u00f3 os participantes da jornada, mas, sobretudo, seu tema. Discursos e Corpos: A Causa do Dizer nos atravessa como tom investigativo de pesquisa. De que maneira esse tema nos toca? O que pode ser causa de dizer e elucubra\u00e7\u00e3o em cada eixo tem\u00e1tico? Como poder construir uma experi\u00eancia de vocifera\u00e7\u00e3o, daquilo que nos causa como dizer, daquilo que nos convoca ao que h\u00e1 de mais vivo em uma experi\u00eancia?<\/p>\n<p>Podemos afirmar que Discursos e Corpos: A Causa do Dizer \u00e9 o tema que nos orienta, mas n\u00e3o silencia as possibilidades de reverbera\u00e7\u00e3o das mais variadas indaga\u00e7\u00f5es em cada um de n\u00f3s. Nesse sentido, nesta comiss\u00e3o pensamos, e convidamos a cada um de voc\u00eas que tamb\u00e9m o fa\u00e7am, formas e meios est\u00e9ticos de transmitir a proposta do evento acolhendo, ao longo das atividades preparat\u00f3rias, as inquietudes e reflex\u00f5es poss\u00edveis a partir tamb\u00e9m do di\u00e1logo com outros discursos transversais. N\u00e3o h\u00e1 est\u00e9tica sem \u00e9tica e, desde j\u00e1, convocamos ao mergulho epist\u00eamico-anal\u00edtico na psican\u00e1lise de orienta\u00e7\u00e3o lacaniana para localiz\u00e1-la \u00e0 altura da subjetividade de nossa \u00e9poca.<\/p>\n<p>\u00c9 com muita alegria que iniciamos aqui uma travessia que nos levar\u00e1 aos dias 04 e 05 de Outubro, no Hotel Mercure em Florian\u00f3polis. Para este in\u00edcio de percurso, deixamos abaixo uma playlist de aquecimento dos trabalhos e um pequeno atravessamento po\u00e9tico que nos convida a construir e\/ou inventar meios poss\u00edveis para aquilo que pode ser n\u00e3o s\u00f3 causa de um dizer, mas, sobretudo, edifica\u00e7\u00e3o de um corpo.<\/p>\n<p><strong>Hist\u00f3ria<\/strong><\/p>\n<p>Tenho 39 anos.<br \/>\nMeus dentes t\u00eam cerca de 7 anos a menos.<br \/>\nMeus seios t\u00eam cerca de 12 anos a menos.<br \/>\nBem mais recentes s\u00e3o meus cabelos<br \/>\ne minhas unhas.<br \/>\nPela manh\u00e3 como um p\u00e3o.<br \/>\nEle tem uma hist\u00f3ria de 2 dias.<br \/>\nAo sair do meu apartamento,<br \/>\nque tem cerca de 40 anos,<br \/>\nvestindo uma cal\u00e7a jeans de 4 anos<br \/>\ne uma camiseta de n\u00e3o mais que 3,<br \/>\ntroco com meu vizinho<br \/>\npalavras de cerca de 800 anos<br \/>\ne piso sem querer numa po\u00e7a<br \/>\ncom 2 horas de hist\u00f3ria<br \/>\ndesfazendo uma imagem<br \/>\nque viveu<br \/>\nalguns segundos.<\/p>\n<p><em>Poema de Ana Martins Marques, extra\u00eddo do livro <strong>Risque esta palavra<\/strong>, Companhia das Letras, 2021.<\/em><\/p>\n<p><iframe title=\"Spotify Embed: 5\u00aa Jornada EBP - Se\u00e7\u00e3o sul #1 corpos \" style=\"border-radius: 12px\" width=\"100%\" height=\"352\"  allowfullscreen allow=\"autoplay; clipboard-write; encrypted-media; fullscreen; picture-in-picture\" loading=\"lazy\" src=\"https:\/\/open.spotify.com\/embed\/playlist\/4enxW5lBYiTxnDwksQjJxk?si=tAZQzlsHTDG2DEN_PFwcDQ&#038;pi=u-32e50pTxRg-a&#038;utm_source=oembed\"><\/iframe><\/p>\n<p><em>Texto: Juliana Rego Silva.<\/em><\/p>\n<p><strong>Comiss\u00e3o de Acolhimento:<\/strong><\/p>\n<ul>\n<li>Andrea Tochetto<\/li>\n<li>Cauana Mestre<\/li>\n<li>Juliana Rego Silva (coord.)<\/li>\n<li>Maria Luiza Rovaris<\/li>\n<li>Mariana Queiroz<\/li>\n<\/ul>\n[\/vc_column_text][\/vc_column][\/vc_row]\n<\/section>","protected":false},"excerpt":{"rendered":"<p>[vc_row][vc_column][vc_single_image image=&#8221;4814&#8243;][\/vc_column][\/vc_row][vc_row][vc_column][vc_column_text]Apresenta\u00e7\u00e3o da Comiss\u00e3o de Acolhimento: A Comiss\u00e3o de Acolhimento da 5\u00b0 Jornada da EBP &#8211; Se\u00e7\u00e3o Sul toma como seu horizonte de trabalho, mais do que sistem\u00e1ticas organizativas de hospitalidade, formas de acolher e receber n\u00e3o s\u00f3 os participantes da jornada, mas, sobretudo, seu tema. Discursos e Corpos: A Causa do Dizer nos atravessa&hellip;<\/p>\n","protected":false},"author":1,"featured_media":0,"parent":4810,"menu_order":0,"comment_status":"closed","ping_status":"closed","template":"","meta":{"footnotes":""},"class_list":["post-4828","page","type-page","status-publish","hentry","entry","no-media"],"_links":{"self":[{"href":"https:\/\/ebp.org.br\/sul\/wp-json\/wp\/v2\/pages\/4828","targetHints":{"allow":["GET"]}}],"collection":[{"href":"https:\/\/ebp.org.br\/sul\/wp-json\/wp\/v2\/pages"}],"about":[{"href":"https:\/\/ebp.org.br\/sul\/wp-json\/wp\/v2\/types\/page"}],"author":[{"embeddable":true,"href":"https:\/\/ebp.org.br\/sul\/wp-json\/wp\/v2\/users\/1"}],"replies":[{"embeddable":true,"href":"https:\/\/ebp.org.br\/sul\/wp-json\/wp\/v2\/comments?post=4828"}],"version-history":[{"count":2,"href":"https:\/\/ebp.org.br\/sul\/wp-json\/wp\/v2\/pages\/4828\/revisions"}],"predecessor-version":[{"id":4895,"href":"https:\/\/ebp.org.br\/sul\/wp-json\/wp\/v2\/pages\/4828\/revisions\/4895"}],"up":[{"embeddable":true,"href":"https:\/\/ebp.org.br\/sul\/wp-json\/wp\/v2\/pages\/4810"}],"wp:attachment":[{"href":"https:\/\/ebp.org.br\/sul\/wp-json\/wp\/v2\/media?parent=4828"}],"curies":[{"name":"wp","href":"https:\/\/api.w.org\/{rel}","templated":true}]}}