{"id":4787,"date":"2024-03-18T15:46:51","date_gmt":"2024-03-18T18:46:51","guid":{"rendered":"https:\/\/ebp.org.br\/sul\/?page_id=4787"},"modified":"2024-03-19T08:20:03","modified_gmt":"2024-03-19T11:20:03","slug":"boletim-modos-de-usar-05","status":"publish","type":"page","link":"https:\/\/ebp.org.br\/sul\/biblioteca\/publicacoes\/boletim-modos-de-usar\/boletim-modos-de-usar-05\/","title":{"rendered":"Boletim Modos de Usar #05"},"content":{"rendered":"<section class=\"wpb-content-wrapper\">[vc_row][vc_column][vc_single_image image=&#8221;4308&#8243; alignment=&#8221;center&#8221;][vc_column_text]\n<h6 style=\"text-align: center;\">N. 05 &#8211; Mar\u00e7o 2024<\/h6>\n[\/vc_column_text][\/vc_column][\/vc_row][vc_row][vc_column width=&#8221;1\/4&#8243;][vc_single_image image=&#8221;4777&#8243;][\/vc_column][vc_column width=&#8221;3\/4&#8243;][vc_column_text]\n<h3>EDITORIAL<\/h3>\n<h6>Teresa Pavone<br \/>\nDiretora de Biblioteca da EBP- Se\u00e7\u00e3o Sul<\/h6>\n<p>Na Escola de Lacan, procede-se pela imers\u00e3o do sujeito em um meio que agita a falta de saber, e \u00e9 o que mais importa. (Miller, 2001).<\/p>\n<p>Modos de Usar \u00e9 um Boletim que tem a pretens\u00e3o de ser n\u00e3o apenas um registro da variedade de temas, trabalhos e atividades realizados no \u00e2mbito da Se\u00e7\u00e3o Sul, como marca do estilo de cada um de seus membros e participantes&#8230;[\/vc_column_text][vc_btn title=&#8221;Leia+&#8221; size=&#8221;xs&#8221; link=&#8221;url:https%3A%2F%2Febp.org.br%2Fsul%2Feditorial-modos-de-usar-05%2F|title:EDITORIAL%20Boletim%20Modos%20de%20Usar%20%2301&#8243;][\/vc_column][\/vc_row][vc_row][vc_column][vc_separator][\/vc_column][\/vc_row][vc_row][vc_column width=&#8221;1\/4&#8243;][vc_single_image image=&#8221;4785&#8243;][\/vc_column][vc_column width=&#8221;3\/4&#8243;][vc_column_text]\n<h3>Incur\u00e1vel da estrutura<\/h3>\n<h6>Por C\u00e9lia Ferreira Carta Winter (EBP\/AMP)<\/h6>\n<p>No final do Congresso da AMP, \u201cTodo mundo \u00e9 louco\u201d, Cristiane Alberti faz refer\u00eancia a estrutura tripartite, que serve de b\u00fassola e orienta a escolha do pr\u00f3ximo Congresso em 2026, assim como ocorreu nos Congressos anteriores. Seguindo essa l\u00f3gica de tr\u00eas, os aforismos de Lacan nos convocam ao trabalho: o primeiro, em 2022, \u201cA Mulher n\u00e3o existe\u201d; seguido em 2024, por \u201cTodo mundo \u00e9 louco\u201d. Este, pin\u00e7ado por Mille&#8230;.[\/vc_column_text][vc_btn title=&#8221;Leia+&#8221; size=&#8221;xs&#8221; link=&#8221;url:https%3A%2F%2Febp.org.br%2Fsul%2Fincuravel-da-estrutura%2F|title:EDITORIAL%20Boletim%20Modos%20de%20Usar%20%2301&#8243;][\/vc_column][\/vc_row][vc_row][vc_column][vc_separator][\/vc_column][\/vc_row][vc_row][vc_column width=&#8221;1\/4&#8243;][vc_single_image image=&#8221;4784&#8243;][\/vc_column][vc_column width=&#8221;3\/4&#8243;][vc_column_text]\n<h3>O que se traduz em psican\u00e1lise?<\/h3>\n<h6>Por Paula Lermen<\/h6>\n<p>\u201cO que est\u00e1 em jogo no ato da\u00a0tradu\u00e7\u00e3o?\u201d e \u201cDe onde se traduz?\u201d s\u00e3o perguntas que Teresinha do Prado (EBP\/AMP), tradutora de Lacan, nos traz na Noite de Biblioteca e que ficam conosco, abrindo outras perguntas. A quest\u00e3o da primazia da forma ou do conte\u00fado, que \u00e9 uma quest\u00e3o sempre presente na\u00a0tradu\u00e7\u00e3o, especialmente na po\u00e9tica, se manifesta em termos lacanianos como a distin\u00e7\u00e3o entre o sentido e a materialidade da palavra (como coloca Miller, entre o significante-sentido e o significante-gozo)&#8230;[\/vc_column_text][vc_btn title=&#8221;Leia+&#8221; size=&#8221;xs&#8221; link=&#8221;url:https%3A%2F%2Febp.org.br%2Fsul%2Fo-que-se-traduz-em-psicanalise%2F|title:EDITORIAL%20Boletim%20Modos%20de%20Usar%20%2301&#8243;][\/vc_column][\/vc_row][vc_row][vc_column][vc_separator][\/vc_column][\/vc_row][vc_row][vc_column width=&#8221;1\/4&#8243;][vc_single_image image=&#8221;4783&#8243;][\/vc_column][vc_column width=&#8221;3\/4&#8243;][vc_column_text]\n<h3>Tren de Sombras (1997)<\/h3>\n<h6>Por Val\u00e9ria Beatriz Araujo<\/h6>\n<p>No segundo semestre de 2023, a Comiss\u00e3o de Biblioteca da Se\u00e7\u00e3o Sul teve a atividade Conex\u00e3o Psican\u00e1lise e Cinema com a presen\u00e7a \u00edmpar de Marcela Antelo (AME\/EBP-BA\/AMP), que apresentou um filme inclassific\u00e1vel. Tren de Sombras, El espectro de Le Thuit, filme de Jos\u00e9 Luis Guer\u00edn (1977), dialoga com as imagens do filme de Gerard Fleury (Portrait de Famille), feito num ver\u00e3o nos anos 30, cujas cenas familiares \u201cvem a rememorar a inf\u00e2ncia do cinema\u201d, nas palavras do Guer\u00edn.[\/vc_column_text][vc_btn title=&#8221;Leia+&#8221; size=&#8221;xs&#8221; link=&#8221;url:https%3A%2F%2Febp.org.br%2Fsul%2Ftren-de-sombras-1997%2F|title:EDITORIAL%20Boletim%20Modos%20de%20Usar%20%2301&#8243;][\/vc_column][\/vc_row][vc_row][vc_column][vc_separator][\/vc_column][\/vc_row][vc_row][vc_column width=&#8221;1\/4&#8243;][vc_single_image image=&#8221;4782&#8243;][\/vc_column][vc_column width=&#8221;3\/4&#8243;][vc_column_text]\n<h3>O cartel como \u201cm\u00e1quina de guerra\u201d e a forma\u00e7\u00e3o do analista<\/h3>\n<h6>Por Mauro Agosti<\/h6>\n<p>A atual Diretoria de Cart\u00e9is e Interc\u00e2mbio da EBP Se\u00e7\u00e3o Sul elegeu como tema de trabalho \u201co cartel como forma de resist\u00eancia ao mal-estar na cultura e a forma\u00e7\u00e3o do\u00a0analista\u201d. A partir deste ponto v\u00e1rias quest\u00f5es nos surgiram, dentre elas: \u201ca que tipo de mal-estar um cartel pode vir a fazer resist\u00eancia?\u201d. A fim de trabalhar esta quest\u00e3o convidamos Iordan Gurgel (EBP-BA)&#8230;[\/vc_column_text][vc_btn title=&#8221;Leia+&#8221; size=&#8221;xs&#8221; link=&#8221;url:https%3A%2F%2Febp.org.br%2Fsul%2Fo-cartel-como-maquina-de-guerra-e-a-formacao-do-analista%2F|title:EDITORIAL%20Boletim%20Modos%20de%20Usar%20%2301&#8243;][\/vc_column][\/vc_row][vc_row][vc_column][vc_separator][\/vc_column][\/vc_row][vc_row][vc_column width=&#8221;1\/4&#8243;][vc_single_image image=&#8221;4781&#8243;][\/vc_column][vc_column width=&#8221;3\/4&#8243;][vc_column_text]\n<h3>Resenha do livro Laca Chin\u00eas<\/h3>\n<h6>Por Paula Nocquet<\/h6>\n<p>O livro Lacan Chin\u00eas de Cleyton Andrade surpreende pela sua originalidade ao passo que permite compreender o que possibilita a Jacques Lacan pensar no ato de leitura em uma experi\u00eancia de an\u00e1lise. Sabemos que, dentre as faculdades atribu\u00eddas ao analista, uma delas \u00e9 saber ler. N\u00e3o se trata apenas de saber ouvir, mas de saber ler o inconsciente, estamos portanto em termos de escritura. Mas, como pensar a separa\u00e7\u00e3o entre fala e escrita?[\/vc_column_text][vc_btn title=&#8221;Leia+&#8221; size=&#8221;xs&#8221; link=&#8221;url:https%3A%2F%2Febp.org.br%2Fsul%2Fresenha-livro-lacan-chines%2F|title:EDITORIAL%20Boletim%20Modos%20de%20Usar%20%2301&#8243;][\/vc_column][\/vc_row][vc_row][vc_column][vc_separator][\/vc_column][\/vc_row][vc_row][vc_column width=&#8221;1\/4&#8243;][vc_single_image image=&#8221;4780&#8243;][\/vc_column][vc_column width=&#8221;3\/4&#8243;][vc_column_text]\n<h3>Semin\u00e1rio por Conta e Risco<\/h3>\n<h6>Por Zelma Galesi (EBP\/AMP)<\/h6>\n<p>No ano de 2023 dimensionamos uma das tem\u00e1ticas candentes da contemporaneidade: &#8220;Os afetos negativos na cultura: na fam\u00edlia, na escola e nas ruas: \u00d3dio, viol\u00eancia, racismo e segrega\u00e7\u00e3o.\u201d Situamos o mal-estar na cultura e os sintomas atuais sob os quais os sujeitos est\u00e3o submetidos, incluindo as crian\u00e7as. A conting\u00eancia da cultura\u00a0adv\u00e9m da fragiliza\u00e7\u00e3o no ordenamento do simb\u00f3lico em que o\u00a0Grande Outro e o Ideal do eu se apagam progressivamente em favor do superego.[\/vc_column_text][vc_btn title=&#8221;Leia+&#8221; size=&#8221;xs&#8221; link=&#8221;url:https%3A%2F%2Febp.org.br%2Fsul%2Fseminario-por-conta-e-risco-2%2F|title:EDITORIAL%20Boletim%20Modos%20de%20Usar%20%2301&#8243;][\/vc_column][\/vc_row][vc_row][vc_column][vc_separator][\/vc_column][\/vc_row][vc_row][vc_column width=&#8221;1\/4&#8243;][vc_single_image image=&#8221;4779&#8243;][\/vc_column][vc_column width=&#8221;3\/4&#8243;][vc_column_text]\n<h3>Semin\u00e1rio por conta e risco<br \/>\nReviramentos topol\u00f3gicos e pol\u00edtica do sintoma na cl\u00ednica lacaniana. Leituras dos Semin\u00e1rio 24 e 25 de Lacan<\/h3>\n<h6>Por Eneida Medeiros (EBP\/AMP), Gustavo Ramos (EBP\/AMP) e Li\u00e8ge Goulart (EBP\/AMP)<\/h6>\n<p>O primeiro encontro do semin\u00e1rio foi todo dedicado a trabalhar o t\u00edtulo do Semin\u00e1rio XXIV e sua quase impossibilidade de tradu\u00e7\u00e3o, em fun\u00e7\u00e3o da variedade de homofonias e equ\u00edvocos inventados por Lacan. Uma proeza po\u00e9tica. &#8230;[\/vc_column_text][vc_btn title=&#8221;Leia+&#8221; size=&#8221;xs&#8221; link=&#8221;url:https%3A%2F%2Febp.org.br%2Fsul%2Fseminario-por-conta-e-risco%2F|title:EDITORIAL%20Boletim%20Modos%20de%20Usar%20%2301&#8243;][\/vc_column][\/vc_row][vc_row][vc_column][vc_separator][\/vc_column][\/vc_row][vc_row][vc_column width=&#8221;1\/4&#8243;][vc_single_image image=&#8221;4778&#8243;][\/vc_column][vc_column width=&#8221;3\/4&#8243;][vc_column_text]\n<h3>Nota sobre a artista Giovanna Lima<\/h3>\n<h6>Por Andrea Tochetto<\/h6>\n<p>Com a assinatura de G.L. a artista Giovanna Lima transforma muros e paredes em papel para desenhar sua poesia.<\/p>\n<p>Com versos como: \u201cVandalismo \u00e9 n\u00e3o falar de amor\u201d e \u201carquitetei universos s\u00f3 com minha paranoia\u201d, G.L. deixa arte urbana em paredes e muros da cidade que escolhe sempre que uma inspira\u00e7\u00e3o a invade. Escritora, jornalista, pixadora e dona do Bek\u2019s Bar (em Curitiba), a artista diz que a \u201carte \u00e9 o lugar de explodir nossas puls\u00f5es existenciais\u201d.[\/vc_column_text][vc_btn title=&#8221;Leia+&#8221; size=&#8221;xs&#8221; link=&#8221;url:https%3A%2F%2Febp.org.br%2Fsul%2Fnota-sobre-a-artista-giovanna-lima%2F|title:EDITORIAL%20Boletim%20Modos%20de%20Usar%20%2301&#8243;][\/vc_column][\/vc_row][vc_row][vc_column][vc_separator][\/vc_column][\/vc_row][vc_row css=&#8221;.vc_custom_1629889707604{background-color: #777777 !important;}&#8221;][vc_column][vc_single_image image=&#8221;4306&#8243; alignment=&#8221;center&#8221;][vc_column_text]\n<h6 style=\"text-align: center;\"><span style=\"color: #ffffff;\">Modos de Usar &#8211; Boletim Eletr\u00f4nico da EBP Se\u00e7\u00e3o Sul<\/span><\/h6>\n<h6 style=\"text-align: center;\"><span style=\"color: #ffffff;\">Comiss\u00e3o de Edi\u00e7\u00e3o:\u00a0Teresa Pavone (EBP\/AMP-diretora de Biblioteca da Se\u00e7\u00e3o Sul),<\/span><br \/>\n<span style=\"color: #ffffff;\">Gustavo Ramos (EBP\/AMP), Andrea Tochetto, Diego Cervelin, Juan Cruz Galigniana, Licene Garcia, Val\u00e9ria Beatriz Pimentel de Ara\u00fajo e Paula Lermen.<\/span><\/h6>\n<h6 style=\"text-align: center;\"><span style=\"color: #ffffff;\">Editora\u00e7\u00e3o do Boletim e Revis\u00e3o dos textos: Juan Cruz Galigniana, Licene Garcia e<\/span><br \/>\n<span style=\"color: #ffffff;\">Paula Lermen.<\/span><\/h6>\n<h6 style=\"text-align: center;\"><span style=\"color: #ffffff;\">Design: Bruno Senna<\/span><\/h6>\n[\/vc_column_text][\/vc_column][\/vc_row]\n<\/section>","protected":false},"excerpt":{"rendered":"<p>[vc_row][vc_column][vc_single_image image=&#8221;4308&#8243; alignment=&#8221;center&#8221;][vc_column_text] N. 05 &#8211; Mar\u00e7o 2024 [\/vc_column_text][\/vc_column][\/vc_row][vc_row][vc_column width=&#8221;1\/4&#8243;][vc_single_image image=&#8221;4777&#8243;][\/vc_column][vc_column width=&#8221;3\/4&#8243;][vc_column_text] EDITORIAL Teresa Pavone Diretora de Biblioteca da EBP- Se\u00e7\u00e3o Sul Na Escola de Lacan, procede-se pela imers\u00e3o do sujeito em um meio que agita a falta de saber, e \u00e9 o que mais importa. (Miller, 2001). Modos de Usar \u00e9 um Boletim que&hellip;<\/p>\n","protected":false},"author":1,"featured_media":0,"parent":3243,"menu_order":0,"comment_status":"closed","ping_status":"closed","template":"","meta":{"footnotes":""},"class_list":["post-4787","page","type-page","status-publish","hentry","entry","no-media"],"_links":{"self":[{"href":"https:\/\/ebp.org.br\/sul\/wp-json\/wp\/v2\/pages\/4787","targetHints":{"allow":["GET"]}}],"collection":[{"href":"https:\/\/ebp.org.br\/sul\/wp-json\/wp\/v2\/pages"}],"about":[{"href":"https:\/\/ebp.org.br\/sul\/wp-json\/wp\/v2\/types\/page"}],"author":[{"embeddable":true,"href":"https:\/\/ebp.org.br\/sul\/wp-json\/wp\/v2\/users\/1"}],"replies":[{"embeddable":true,"href":"https:\/\/ebp.org.br\/sul\/wp-json\/wp\/v2\/comments?post=4787"}],"version-history":[{"count":6,"href":"https:\/\/ebp.org.br\/sul\/wp-json\/wp\/v2\/pages\/4787\/revisions"}],"predecessor-version":[{"id":4797,"href":"https:\/\/ebp.org.br\/sul\/wp-json\/wp\/v2\/pages\/4787\/revisions\/4797"}],"up":[{"embeddable":true,"href":"https:\/\/ebp.org.br\/sul\/wp-json\/wp\/v2\/pages\/3243"}],"wp:attachment":[{"href":"https:\/\/ebp.org.br\/sul\/wp-json\/wp\/v2\/media?parent=4787"}],"curies":[{"name":"wp","href":"https:\/\/api.w.org\/{rel}","templated":true}]}}

<section class="wpb-content-wrapper">[vc_row][vc_column][vc_single_image image=&#8221;4308&#8243; alignment=&#8221;center&#8221;][vc_column_text]
<h6 style="text-align: center;">N. 05 &#8211; Março 2024</h6>
[/vc_column_text][/vc_column][/vc_row][vc_row][vc_column width=&#8221;1/4&#8243;][vc_single_image image=&#8221;4777&#8243;][/vc_column][vc_column width=&#8221;3/4&#8243;][vc_column_text]
<h3>EDITORIAL</h3>
<h6>Teresa Pavone<br />
Diretora de Biblioteca da EBP- Seção Sul</h6>
<p>Na Escola de Lacan, procede-se pela imersão do sujeito em um meio que agita a falta de saber, e é o que mais importa. (Miller, 2001).</p>
<p>Modos de Usar é um Boletim que tem a pretensão de ser não apenas um registro da variedade de temas, trabalhos e atividades realizados no âmbito da Seção Sul, como marca do estilo de cada um de seus membros e participantes&#8230;[/vc_column_text][vc_btn title=&#8221;Leia+&#8221; size=&#8221;xs&#8221; link=&#8221;url:https%3A%2F%2Febp.org.br%2Fsul%2Feditorial-modos-de-usar-05%2F|title:EDITORIAL%20Boletim%20Modos%20de%20Usar%20%2301&#8243;][/vc_column][/vc_row][vc_row][vc_column][vc_separator][/vc_column][/vc_row][vc_row][vc_column width=&#8221;1/4&#8243;][vc_single_image image=&#8221;4785&#8243;][/vc_column][vc_column width=&#8221;3/4&#8243;][vc_column_text]
<h3>Incurável da estrutura</h3>
<h6>Por Célia Ferreira Carta Winter (EBP/AMP)</h6>
<p>No final do Congresso da AMP, “Todo mundo é louco”, Cristiane Alberti faz referência a estrutura tripartite, que serve de bússola e orienta a escolha do próximo Congresso em 2026, assim como ocorreu nos Congressos anteriores. Seguindo essa lógica de três, os aforismos de Lacan nos convocam ao trabalho: o primeiro, em 2022, “A Mulher não existe”; seguido em 2024, por “Todo mundo é louco”. Este, pinçado por Mille&#8230;.[/vc_column_text][vc_btn title=&#8221;Leia+&#8221; size=&#8221;xs&#8221; link=&#8221;url:https%3A%2F%2Febp.org.br%2Fsul%2Fincuravel-da-estrutura%2F|title:EDITORIAL%20Boletim%20Modos%20de%20Usar%20%2301&#8243;][/vc_column][/vc_row][vc_row][vc_column][vc_separator][/vc_column][/vc_row][vc_row][vc_column width=&#8221;1/4&#8243;][vc_single_image image=&#8221;4784&#8243;][/vc_column][vc_column width=&#8221;3/4&#8243;][vc_column_text]
<h3>O que se traduz em psicanálise?</h3>
<h6>Por Paula Lermen</h6>
<p>“O que está em jogo no ato da tradução?” e “De onde se traduz?” são perguntas que Teresinha do Prado (EBP/AMP), tradutora de Lacan, nos traz na Noite de Biblioteca e que ficam conosco, abrindo outras perguntas. A questão da primazia da forma ou do conteúdo, que é uma questão sempre presente na tradução, especialmente na poética, se manifesta em termos lacanianos como a distinção entre o sentido e a materialidade da palavra (como coloca Miller, entre o significante-sentido e o significante-gozo)&#8230;[/vc_column_text][vc_btn title=&#8221;Leia+&#8221; size=&#8221;xs&#8221; link=&#8221;url:https%3A%2F%2Febp.org.br%2Fsul%2Fo-que-se-traduz-em-psicanalise%2F|title:EDITORIAL%20Boletim%20Modos%20de%20Usar%20%2301&#8243;][/vc_column][/vc_row][vc_row][vc_column][vc_separator][/vc_column][/vc_row][vc_row][vc_column width=&#8221;1/4&#8243;][vc_single_image image=&#8221;4783&#8243;][/vc_column][vc_column width=&#8221;3/4&#8243;][vc_column_text]
<h3>Tren de Sombras (1997)</h3>
<h6>Por Valéria Beatriz Araujo</h6>
<p>No segundo semestre de 2023, a Comissão de Biblioteca da Seção Sul teve a atividade Conexão Psicanálise e Cinema com a presença ímpar de Marcela Antelo (AME/EBP-BA/AMP), que apresentou um filme inclassificável. Tren de Sombras, El espectro de Le Thuit, filme de José Luis Guerín (1977), dialoga com as imagens do filme de Gerard Fleury (Portrait de Famille), feito num verão nos anos 30, cujas cenas familiares “vem a rememorar a infância do cinema”, nas palavras do Guerín.[/vc_column_text][vc_btn title=&#8221;Leia+&#8221; size=&#8221;xs&#8221; link=&#8221;url:https%3A%2F%2Febp.org.br%2Fsul%2Ftren-de-sombras-1997%2F|title:EDITORIAL%20Boletim%20Modos%20de%20Usar%20%2301&#8243;][/vc_column][/vc_row][vc_row][vc_column][vc_separator][/vc_column][/vc_row][vc_row][vc_column width=&#8221;1/4&#8243;][vc_single_image image=&#8221;4782&#8243;][/vc_column][vc_column width=&#8221;3/4&#8243;][vc_column_text]
<h3>O cartel como “máquina de guerra” e a formação do analista</h3>
<h6>Por Mauro Agosti</h6>
<p>A atual Diretoria de Cartéis e Intercâmbio da EBP Seção Sul elegeu como tema de trabalho “o cartel como forma de resistência ao mal-estar na cultura e a formação do analista”. A partir deste ponto várias questões nos surgiram, dentre elas: “a que tipo de mal-estar um cartel pode vir a fazer resistência?”. A fim de trabalhar esta questão convidamos Iordan Gurgel (EBP-BA)&#8230;[/vc_column_text][vc_btn title=&#8221;Leia+&#8221; size=&#8221;xs&#8221; link=&#8221;url:https%3A%2F%2Febp.org.br%2Fsul%2Fo-cartel-como-maquina-de-guerra-e-a-formacao-do-analista%2F|title:EDITORIAL%20Boletim%20Modos%20de%20Usar%20%2301&#8243;][/vc_column][/vc_row][vc_row][vc_column][vc_separator][/vc_column][/vc_row][vc_row][vc_column width=&#8221;1/4&#8243;][vc_single_image image=&#8221;4781&#8243;][/vc_column][vc_column width=&#8221;3/4&#8243;][vc_column_text]
<h3>Resenha do livro Laca Chinês</h3>
<h6>Por Paula Nocquet</h6>
<p>O livro Lacan Chinês de Cleyton Andrade surpreende pela sua originalidade ao passo que permite compreender o que possibilita a Jacques Lacan pensar no ato de leitura em uma experiência de análise. Sabemos que, dentre as faculdades atribuídas ao analista, uma delas é saber ler. Não se trata apenas de saber ouvir, mas de saber ler o inconsciente, estamos portanto em termos de escritura. Mas, como pensar a separação entre fala e escrita?[/vc_column_text][vc_btn title=&#8221;Leia+&#8221; size=&#8221;xs&#8221; link=&#8221;url:https%3A%2F%2Febp.org.br%2Fsul%2Fresenha-livro-lacan-chines%2F|title:EDITORIAL%20Boletim%20Modos%20de%20Usar%20%2301&#8243;][/vc_column][/vc_row][vc_row][vc_column][vc_separator][/vc_column][/vc_row][vc_row][vc_column width=&#8221;1/4&#8243;][vc_single_image image=&#8221;4780&#8243;][/vc_column][vc_column width=&#8221;3/4&#8243;][vc_column_text]
<h3>Seminário por Conta e Risco</h3>
<h6>Por Zelma Galesi (EBP/AMP)</h6>
<p>No ano de 2023 dimensionamos uma das temáticas candentes da contemporaneidade: &#8220;Os afetos negativos na cultura: na família, na escola e nas ruas: Ódio, violência, racismo e segregação.” Situamos o mal-estar na cultura e os sintomas atuais sob os quais os sujeitos estão submetidos, incluindo as crianças. A contingência da cultura advém da fragilização no ordenamento do simbólico em que o Grande Outro e o Ideal do eu se apagam progressivamente em favor do superego.[/vc_column_text][vc_btn title=&#8221;Leia+&#8221; size=&#8221;xs&#8221; link=&#8221;url:https%3A%2F%2Febp.org.br%2Fsul%2Fseminario-por-conta-e-risco-2%2F|title:EDITORIAL%20Boletim%20Modos%20de%20Usar%20%2301&#8243;][/vc_column][/vc_row][vc_row][vc_column][vc_separator][/vc_column][/vc_row][vc_row][vc_column width=&#8221;1/4&#8243;][vc_single_image image=&#8221;4779&#8243;][/vc_column][vc_column width=&#8221;3/4&#8243;][vc_column_text]
<h3>Seminário por conta e risco<br />
Reviramentos topológicos e política do sintoma na clínica lacaniana. Leituras dos Seminário 24 e 25 de Lacan</h3>
<h6>Por Eneida Medeiros (EBP/AMP), Gustavo Ramos (EBP/AMP) e Liège Goulart (EBP/AMP)</h6>
<p>O primeiro encontro do seminário foi todo dedicado a trabalhar o título do Seminário XXIV e sua quase impossibilidade de tradução, em função da variedade de homofonias e equívocos inventados por Lacan. Uma proeza poética. &#8230;[/vc_column_text][vc_btn title=&#8221;Leia+&#8221; size=&#8221;xs&#8221; link=&#8221;url:https%3A%2F%2Febp.org.br%2Fsul%2Fseminario-por-conta-e-risco%2F|title:EDITORIAL%20Boletim%20Modos%20de%20Usar%20%2301&#8243;][/vc_column][/vc_row][vc_row][vc_column][vc_separator][/vc_column][/vc_row][vc_row][vc_column width=&#8221;1/4&#8243;][vc_single_image image=&#8221;4778&#8243;][/vc_column][vc_column width=&#8221;3/4&#8243;][vc_column_text]
<h3>Nota sobre a artista Giovanna Lima</h3>
<h6>Por Andrea Tochetto</h6>
<p>Com a assinatura de G.L. a artista Giovanna Lima transforma muros e paredes em papel para desenhar sua poesia.</p>
<p>Com versos como: “Vandalismo é não falar de amor” e “arquitetei universos só com minha paranoia”, G.L. deixa arte urbana em paredes e muros da cidade que escolhe sempre que uma inspiração a invade. Escritora, jornalista, pixadora e dona do Bek’s Bar (em Curitiba), a artista diz que a “arte é o lugar de explodir nossas pulsões existenciais”.[/vc_column_text][vc_btn title=&#8221;Leia+&#8221; size=&#8221;xs&#8221; link=&#8221;url:https%3A%2F%2Febp.org.br%2Fsul%2Fnota-sobre-a-artista-giovanna-lima%2F|title:EDITORIAL%20Boletim%20Modos%20de%20Usar%20%2301&#8243;][/vc_column][/vc_row][vc_row][vc_column][vc_separator][/vc_column][/vc_row][vc_row css=&#8221;.vc_custom_1629889707604{background-color: #777777 !important;}&#8221;][vc_column][vc_single_image image=&#8221;4306&#8243; alignment=&#8221;center&#8221;][vc_column_text]
<h6 style="text-align: center;"><span style="color: #ffffff;">Modos de Usar &#8211; Boletim Eletrônico da EBP Seção Sul</span></h6>
<h6 style="text-align: center;"><span style="color: #ffffff;">Comissão de Edição: Teresa Pavone (EBP/AMP-diretora de Biblioteca da Seção Sul),</span><br />
<span style="color: #ffffff;">Gustavo Ramos (EBP/AMP), Andrea Tochetto, Diego Cervelin, Juan Cruz Galigniana, Licene Garcia, Valéria Beatriz Pimentel de Araújo e Paula Lermen.</span></h6>
<h6 style="text-align: center;"><span style="color: #ffffff;">Editoração do Boletim e Revisão dos textos: Juan Cruz Galigniana, Licene Garcia e</span><br />
<span style="color: #ffffff;">Paula Lermen.</span></h6>
<h6 style="text-align: center;"><span style="color: #ffffff;">Design: Bruno Senna</span></h6>
[/vc_column_text][/vc_column][/vc_row]
</section>

<p>[vc_row][vc_column][vc_single_image image=&#8221;4308&#8243; alignment=&#8221;center&#8221;][vc_column_text] N. 05 &#8211; Março 2024 [/vc_column_text][/vc_column][/vc_row][vc_row][vc_column width=&#8221;1/4&#8243;][vc_single_image image=&#8221;4777&#8243;][/vc_column][vc_column width=&#8221;3/4&#8243;][vc_column_text] EDITORIAL Teresa Pavone Diretora de Biblioteca da EBP- Seção Sul Na Escola de Lacan, procede-se pela imersão do sujeito em um meio que agita a falta de saber, e é o que mais importa. (Miller, 2001). Modos de Usar é um Boletim que&hellip;</p>
