{"id":3839,"date":"2023-05-22T17:33:08","date_gmt":"2023-05-22T20:33:08","guid":{"rendered":"https:\/\/ebp.org.br\/sul\/?page_id=3839"},"modified":"2023-09-26T15:17:35","modified_gmt":"2023-09-26T18:17:35","slug":"4a-jornada-da-ebp-secao-sul-louco-motiva-a-cada-um-seu-acento-atividades-preparatorias","status":"publish","type":"page","link":"https:\/\/ebp.org.br\/sul\/eventos\/jornadas\/4a-jornada-da-ebp-secao-sul-louco-motiva-a-cada-um-seu-acento\/4a-jornada-da-ebp-secao-sul-louco-motiva-a-cada-um-seu-acento-atividades-preparatorias\/","title":{"rendered":"4\u00aa Jornada da EBP \u2013 Se\u00e7\u00e3o Sul &#8211; Louco-motiva: a cada um seu acento &#8211; Atividades Preparat\u00f3rias"},"content":{"rendered":"<section class=\"wpb-content-wrapper\">[vc_row][vc_column][vc_single_image image=&#8221;4421&#8243;][\/vc_column][\/vc_row][vc_row][vc_column][vc_column_text]\n<h3><span style=\"color: #800000;\">Atividades Preparat\u00f3rias<\/span><\/h3>\n[\/vc_column_text][\/vc_column][\/vc_row][vc_row][vc_column width=&#8221;1\/2&#8243;][vc_single_image image=&#8221;4420&#8243;][\/vc_column][vc_column width=&#8221;1\/2&#8243;][vc_single_image image=&#8221;4572&#8243;][\/vc_column][\/vc_row]\n<\/section>","protected":false},"excerpt":{"rendered":"<p>[vc_row][vc_column][vc_single_image image=&#8221;4421&#8243;][\/vc_column][\/vc_row][vc_row][vc_column][vc_column_text] Atividades Preparat\u00f3rias [\/vc_column_text][\/vc_column][\/vc_row][vc_row][vc_column width=&#8221;1\/2&#8243;][vc_single_image image=&#8221;4420&#8243;][\/vc_column][vc_column width=&#8221;1\/2&#8243;][vc_single_image image=&#8221;4572&#8243;][\/vc_column][\/vc_row]<\/p>\n","protected":false},"author":1,"featured_media":0,"parent":3835,"menu_order":0,"comment_status":"closed","ping_status":"closed","template":"","meta":{"footnotes":""},"class_list":["post-3839","page","type-page","status-publish","hentry","entry","no-media"],"_links":{"self":[{"href":"https:\/\/ebp.org.br\/sul\/wp-json\/wp\/v2\/pages\/3839","targetHints":{"allow":["GET"]}}],"collection":[{"href":"https:\/\/ebp.org.br\/sul\/wp-json\/wp\/v2\/pages"}],"about":[{"href":"https:\/\/ebp.org.br\/sul\/wp-json\/wp\/v2\/types\/page"}],"author":[{"embeddable":true,"href":"https:\/\/ebp.org.br\/sul\/wp-json\/wp\/v2\/users\/1"}],"replies":[{"embeddable":true,"href":"https:\/\/ebp.org.br\/sul\/wp-json\/wp\/v2\/comments?post=3839"}],"version-history":[{"count":3,"href":"https:\/\/ebp.org.br\/sul\/wp-json\/wp\/v2\/pages\/3839\/revisions"}],"predecessor-version":[{"id":4593,"href":"https:\/\/ebp.org.br\/sul\/wp-json\/wp\/v2\/pages\/3839\/revisions\/4593"}],"up":[{"embeddable":true,"href":"https:\/\/ebp.org.br\/sul\/wp-json\/wp\/v2\/pages\/3835"}],"wp:attachment":[{"href":"https:\/\/ebp.org.br\/sul\/wp-json\/wp\/v2\/media?parent=3839"}],"curies":[{"name":"wp","href":"https:\/\/api.w.org\/{rel}","templated":true}]}}

4ª Jornada da EBP – Seção Sul &#8211; Louco-motiva: a cada um seu acento &#8211; Atividades Preparatórias

<section class="wpb-content-wrapper">[vc_row][vc_column][vc_single_image image=&#8221;4421&#8243;][/vc_column][/vc_row][vc_row][vc_column][vc_column_text]
<h3><span style="color: #800000;">Atividades Preparatórias</span></h3>
[/vc_column_text][/vc_column][/vc_row][vc_row][vc_column width=&#8221;1/2&#8243;][vc_single_image image=&#8221;4420&#8243;][/vc_column][vc_column width=&#8221;1/2&#8243;][vc_single_image image=&#8221;4572&#8243;][/vc_column][/vc_row]
</section>

<p>[vc_row][vc_column][vc_single_image image=&#8221;4421&#8243;][/vc_column][/vc_row][vc_row][vc_column][vc_column_text] Atividades Preparatórias [/vc_column_text][/vc_column][/vc_row][vc_row][vc_column width=&#8221;1/2&#8243;][vc_single_image image=&#8221;4420&#8243;][/vc_column][vc_column width=&#8221;1/2&#8243;][vc_single_image image=&#8221;4572&#8243;][/vc_column][/vc_row]</p>
