{"id":3776,"date":"2022-10-17T17:33:11","date_gmt":"2022-10-17T20:33:11","guid":{"rendered":"https:\/\/ebp.org.br\/sul\/?page_id=3776"},"modified":"2022-10-17T17:33:11","modified_gmt":"2022-10-17T20:33:11","slug":"3a-jornada-da-ebp-secao-sul-a-escuta-analitica-programa","status":"publish","type":"page","link":"https:\/\/ebp.org.br\/sul\/eventos\/jornadas\/3a-jornada-ebp-secao-sul-a-escuta-analitica\/3a-jornada-da-ebp-secao-sul-a-escuta-analitica-programa\/","title":{"rendered":"3\u00aa Jornada da EBP \u2013 Se\u00e7\u00e3o Sul &#8211; A Escuta Anal\u00edtica &#8211; Programa"},"content":{"rendered":"<section class=\"wpb-content-wrapper\">[vc_row][vc_column][vc_single_image image=&#8221;3495&#8243; img_size=&#8221;full&#8221;][vc_column_text]\n<h2><span style=\"color: #993300;\"><strong>PROGRAMA DA 3\u00aa JORNADA DA EBP SE\u00c7\u00c3O SUL A ESCUTA ANAL\u00cdTICA<\/strong><\/span><\/h2>\n<h3><span style=\"color: #993300;\"><strong>SEXTA-FEIRA 21\/10<\/strong><\/span><\/h3>\n<p><span style=\"color: #993300;\">14 h &#8211; <strong>Credenciamento<\/strong><\/span><\/p>\n<p><span style=\"color: #993300;\">14h30 &#8211; <\/span><strong><span style=\"color: #993300;\">Abertura<\/span> <\/strong><\/p>\n<ul>\n<li><em>Louise Lhullier<\/em> (EBP\/AMP) Diretora da EBP Se\u00e7\u00e3o Sul<\/li>\n<li><em>Mariana Zelis<\/em> (EBP\/AMP) Coordenadora da 3\u00aa Jornada da EBP Se\u00e7\u00e3o SUL<\/li>\n<\/ul>\n<p><span style=\"color: #993300;\">15h \u2013\u00a0 1\u00aa Mesa <strong>A escuta anal\u00edtica e a leitura<\/strong><\/span><\/p>\n<ul>\n<li>\u201cDevasta\u00e7\u00e3o feminina: da escuta ao sil\u00eancio\u201d &#8211; <em>C\u00e9lia Ferreira Carta Winter <\/em>(EBP\/AMP)<\/li>\n<li>\u201cLer com m\u00e3os de cal\u00edgrafo\u201d &#8211; <em>Diego Cervelin<\/em><\/li>\n<li>\u201cDe fala e escrito, de escuta e leitura\u201d &#8211; <em>Jussara Jovita Souza da Rosa <\/em>(EBP\/AMP)<\/li>\n<\/ul>\n<p style=\"padding-left: 80px;\">Coordena: <em>Eneida Medeiros<\/em> (EBP\/AMP)<\/p>\n<p><span style=\"color: #993300;\">16h30 \u2013 2\u00aa Mesa \u00a0<strong>A escuta anal\u00edtica e o inconsciente<\/strong><\/span><\/p>\n<ul>\n<li><strong>\u00a0<\/strong>\u201cUm caminho para Santiago\u201d &#8211; <em>Marcia Stival <\/em>(EBP\/AMP)<\/li>\n<li>\u201cA escuta Outra\u201d &#8211; <em>Gresiela Nunes da Rosa<\/em><\/li>\n<li>\u201cA arte de bem ouvir e o acontecimento imprevisto\u201d &#8211; <em>Cleudes Maria Slongo <\/em>(EBP\/AMP)<\/li>\n<\/ul>\n<p style=\"padding-left: 80px;\">Coordena: <em>Teresa Pavone<\/em> (EBP\/AMP)<\/p>\n<p><span style=\"color: #993300;\">18h \u2013 <strong>Intervalo<\/strong><\/span><\/p>\n<p><span style=\"color: #993300;\">18h30 <strong>&#8211; Primeira confer\u00eancia <\/strong>(on line)<\/span><\/p>\n<ul>\n<li>\u201cFantasma &#8211; letra e escuta\u201d<em>\u00a0 Patricio Alvarez Bay\u00f3n<\/em> (AME, EOL\/AMP)<\/li>\n<\/ul>\n<p style=\"padding-left: 80px;\">Coordena: <em>Leonardo Scofield<\/em> (EBP\/AMP)<\/p>\n<p><span style=\"color: #993300;\">20h &#8211; <strong>Brinde e apresenta\u00e7\u00e3o musical<\/strong>: <em>\u201cSoulNosDuo<\/em>\u201d<\/span><\/p>\n<hr \/>\n<h3><span style=\"color: #993300;\"><strong>S\u00c1BADO 22\/10<\/strong><\/span><\/h3>\n<p><span style=\"color: #993300;\"><strong>\u00a0<\/strong>9h-\u00a0 3\u00aa Mesa \u00a0<\/span><strong><span style=\"color: #993300;\">A escuta anal\u00edtica e o consentimento<\/span> <\/strong><\/p>\n<ul>\n<li>\u00a0\u201cSubjetividades contempor\u00e2neas e escuta anal\u00edtica\u201d &#8211; <em>Oscar Reymundo <\/em>(EBP\/AMP)<\/li>\n<li>\u201cEscuta balizada\u201d &#8211; <em>Gilberto Rudeck da Fonseca <\/em>(EBP\/AMP)<\/li>\n<li>\u201cDo on-line ao presencial: o que se escuta analiticamente?\u201d <em>Carlos Sapelli<\/em><\/li>\n<\/ul>\n<p style=\"padding-left: 80px;\"><em>\u00a0<\/em>Coordena: <em>Nancy Greca Carneiro<\/em> (EBP\/AMP)<\/p>\n<p><span style=\"color: #993300;\">10.30h \u2013 <strong>Entrevista <\/strong>(on line)<strong>: <\/strong><strong>Escrever de ouvido <\/strong>com <em>Mar\u00edlia Librandi<\/em> \u00a0(Professora e escritora. Autora de escrever de ouvido: Clarice Lispector e os romances\u00a0da\u00a0escuta)<\/span><\/p>\n<p style=\"padding-left: 80px;\">Coordena: <em>Fl\u00e1via C\u00eara<\/em> (EBP\/AMP)<\/p>\n<p><span style=\"color: #993300;\">12h &#8211; <strong>Almo\u00e7o<\/strong><\/span><\/p>\n<p><span style=\"color: #993300;\">14h-\u00a0 4\u00aa Mesa \u00a0<strong>A escuta anal\u00edtica, a fala e a interpreta\u00e7\u00e3o<\/strong><\/span><\/p>\n<ul>\n<li>\u201cPontua\u00e7\u00f5es sobre a interpreta\u00e7\u00e3o jaculat\u00f3ria\u201d &#8211; <em>Silvia Ghizzo<\/em><\/li>\n<li>\u201cA escuta entre a evid\u00eancia e a interpreta\u00e7\u00e3o\u201d &#8211; <em>Luis Francisco Camargo <\/em>(EBP\/AMP)<\/li>\n<li>\u201cA for\u00e7a pol\u00edtica da psican\u00e1lise: ecos da cl\u00ednica na cidade\u201d &#8211; <em>Sandra Cristina da Silveira, William Hamilton Leiria, Julian Silvestrin<\/em><\/li>\n<\/ul>\n<p style=\"padding-left: 80px;\">Coordena: <em>Adriana Rodrigues<\/em> (EBP\/AMP)<\/p>\n<p><span style=\"color: #993300;\">15h30 &#8211; <strong>Segunda confer\u00eancia<\/strong> (on line)<\/span><\/p>\n<ul>\n<li>\u00a0\u201cS\u00edntoma &#8211; letra e escuta\u201d \u00a0<em>Patricio Alvarez Bay\u00f3n<\/em> (AME, EOL\/AMP)<\/li>\n<\/ul>\n<p style=\"padding-left: 80px;\">\u00a0Coordena: <em>Maria Teresa Wendhausen<\/em> ( EBP\/AMP)<\/p>\n<p><span style=\"color: #993300;\">17h &#8211; <strong>Coffee Break<\/strong><\/span><\/p>\n<p><strong><span style=\"color: #993300;\">17h30 &#8211; Mesa \u201cO AE e o ensino\u201d<\/span><\/strong><span style=\"color: #993300;\"> (Presencial)<\/span><\/p>\n<ul>\n<li>\u201cA escuta entre um ouvido e Outro\u201d: S\u00e9rgio de Mattos (EBP\/AMP AE 2020-2023)<\/li>\n<\/ul>\n<p style=\"padding-left: 80px;\">Coordena<em>: Nohem\u00ed Brown<\/em> (EBP\/AMP)<\/p>\n<p><span style=\"color: #993300;\">19h \u2013 <strong>Encerramento<\/strong><\/span><\/p>\n<p><em>Oscar Reymundo<\/em> (EBP\/AMP) Diretor de cart\u00e9is e intercambio<\/p>\n<p><span style=\"color: #993300;\"><strong>V\u00eddeo de encerramento<\/strong><\/span>[\/vc_column_text][\/vc_column][\/vc_row]\n<\/section>","protected":false},"excerpt":{"rendered":"<p>[vc_row][vc_column][vc_single_image image=&#8221;3495&#8243; img_size=&#8221;full&#8221;][vc_column_text] PROGRAMA DA 3\u00aa JORNADA DA EBP SE\u00c7\u00c3O SUL A ESCUTA ANAL\u00cdTICA SEXTA-FEIRA 21\/10 14 h &#8211; Credenciamento 14h30 &#8211; Abertura Louise Lhullier (EBP\/AMP) Diretora da EBP Se\u00e7\u00e3o Sul Mariana Zelis (EBP\/AMP) Coordenadora da 3\u00aa Jornada da EBP Se\u00e7\u00e3o SUL 15h \u2013\u00a0 1\u00aa Mesa A escuta anal\u00edtica e a leitura \u201cDevasta\u00e7\u00e3o feminina: da&hellip;<\/p>\n","protected":false},"author":1,"featured_media":0,"parent":3465,"menu_order":0,"comment_status":"closed","ping_status":"closed","template":"","meta":{"footnotes":""},"class_list":["post-3776","page","type-page","status-publish","hentry","entry","no-media"],"_links":{"self":[{"href":"https:\/\/ebp.org.br\/sul\/wp-json\/wp\/v2\/pages\/3776","targetHints":{"allow":["GET"]}}],"collection":[{"href":"https:\/\/ebp.org.br\/sul\/wp-json\/wp\/v2\/pages"}],"about":[{"href":"https:\/\/ebp.org.br\/sul\/wp-json\/wp\/v2\/types\/page"}],"author":[{"embeddable":true,"href":"https:\/\/ebp.org.br\/sul\/wp-json\/wp\/v2\/users\/1"}],"replies":[{"embeddable":true,"href":"https:\/\/ebp.org.br\/sul\/wp-json\/wp\/v2\/comments?post=3776"}],"version-history":[{"count":0,"href":"https:\/\/ebp.org.br\/sul\/wp-json\/wp\/v2\/pages\/3776\/revisions"}],"up":[{"embeddable":true,"href":"https:\/\/ebp.org.br\/sul\/wp-json\/wp\/v2\/pages\/3465"}],"wp:attachment":[{"href":"https:\/\/ebp.org.br\/sul\/wp-json\/wp\/v2\/media?parent=3776"}],"curies":[{"name":"wp","href":"https:\/\/api.w.org\/{rel}","templated":true}]}}