{"id":3551,"date":"2022-06-18T09:21:37","date_gmt":"2022-06-18T12:21:37","guid":{"rendered":"https:\/\/ebp.org.br\/sul\/?page_id=3551"},"modified":"2022-06-18T09:21:37","modified_gmt":"2022-06-18T12:21:37","slug":"eixos-tematicos","status":"publish","type":"page","link":"https:\/\/ebp.org.br\/sul\/eventos\/jornadas\/3a-jornada-ebp-secao-sul-a-escuta-analitica\/eixos-tematicos\/","title":{"rendered":"3\u00aa Jornada da EBP \u2013 Se\u00e7\u00e3o Sul &#8211; A Escuta Anal\u00edtica &#8211; Eixos Tem\u00e1ticos"},"content":{"rendered":"<section class=\"wpb-content-wrapper\">[vc_row][vc_column][vc_single_image image=&#8221;3495&#8243; img_size=&#8221;full&#8221;][vc_column_text]<span style=\"color: #993300;\"><strong><em>Eixo 1 &#8211; Do Sujeito ao Falasser: o problema de Lacan<\/em><\/strong>\u00a0\u00a0\u00a0\u00a0\u00a0\u00a0\u00a0\u00a0\u00a0\u00a0\u00a0\u00a0\u00a0\u00a0\u00a0\u00a0\u00a0\u00a0\u00a0\u00a0\u00a0\u00a0\u00a0\u00a0\u00a0\u00a0\u00a0\u00a0\u00a0\u00a0 \u00a0\u00a0\u00a0\u00a0\u00a0\u00a0\u00a0\u00a0\u00a0\u00a0\u00a0\u00a0\u00a0\u00a0\u00a0\u00a0\u00a0\u00a0\u00a0\u00a0\u00a0\u00a0\u00a0\u00a0<\/span><\/p>\n<h6>C\u00e9lia Ferreira C.Winter (EBP\/AMP)<\/h6>\n<p style=\"text-align: justify;\">Com Freud definimos o inconsciente, \u201cisso fala\u201d! A escuta seria ent\u00e3o o encaminhamento l\u00f3gico para acess\u00e1-lo? Freud inaugura a associa\u00e7\u00e3o livre e vai se deparando com um \u201cresto que est\u00e1 nas origens do sujeito, o acontecimento origin\u00e1rio permanente, que se reitera sem cessar\u201d.(<\/p>\n[\/vc_column_text][vc_btn title=&#8221;Leia+&#8221; link=&#8221;url:https%3A%2F%2Febp.org.br%2Fsul%2Feventos%2Fjornadas%2F3a-jornada-ebp-secao-sul-a-escuta-analitica%2Feixo-1%2F|title:3%C2%AA%20Jornada%20da%20EBP%20%E2%80%93%20Se%C3%A7%C3%A3o%20Sul%20%E2%80%93%20A%20Escuta%20Anal%C3%ADtica%20%E2%80%93%20Eixo%201&#8243;][vc_separator color=&#8221;juicy_pink&#8221; border_width=&#8221;3&#8243;][vc_column_text]<em><span style=\"color: #993300;\"><strong>Eixo 2 \u2013 Uma pontua\u00e7\u00e3o sem texto<\/strong><\/span><\/em><\/p>\n<h6>Cinthia Busato (EBP\/AMP)<\/h6>\n<p>Freud alerta para o perigo de selecionar o material da fala do analisante. O analista n\u00e3o seleciona, ele recolhe o que se repete via significante, desvela a fantasia que vai sendo constru\u00edda e testemunha o processo anal\u00edtico&#8230;[\/vc_column_text][vc_btn title=&#8221;Leia+&#8221; link=&#8221;url:https%3A%2F%2Febp.org.br%2Fsul%2Feventos%2Fjornadas%2F3a-jornada-ebp-secao-sul-a-escuta-analitica%2Feixo2%2F|title:3%C2%AA%20Jornada%20da%20EBP%20%E2%80%93%20Se%C3%A7%C3%A3o%20Sul%20%E2%80%93%20A%20Escuta%20Anal%C3%ADtica%20%E2%80%93%20Eixo%201&#8243;][vc_separator color=&#8221;juicy_pink&#8221; border_width=&#8221;3&#8243;][vc_column_text]<em><strong><span style=\"color: #993300;\">Eixo 3 &#8211; Ecos dos corpos, ecos do Outro<\/span><\/strong><\/em><\/p>\n<h6>F\u00e1via C\u00eara (EBP\/AMP)<\/h6>\n<p>Para estar \u00e0 altura da \u00e9poca, um analista deve se contar, contar seu fazer no pr\u00f3prio presente, como constitu\u00eddo e tamb\u00e9m como constituinte da \u00e9poca. A psican\u00e1lise muda, \u00e9 um fato, diz Miller. E a escuta anal\u00edtica, muda?[\/vc_column_text][vc_btn title=&#8221;Leia+&#8221; link=&#8221;url:https%3A%2F%2Febp.org.br%2Fsul%2Feventos%2Fjornadas%2F3a-jornada-ebp-secao-sul-a-escuta-analitica%2F3a-jornada-da-ebp-secao-sul-a-escuta-analitica-eixo-3%2F|title:3%C2%AA%20Jornada%20da%20EBP%20%E2%80%93%20Se%C3%A7%C3%A3o%20Sul%20%E2%80%93%20A%20Escuta%20Anal%C3%ADtica%20%E2%80%93%20Eixo%201&#8243;][\/vc_column][\/vc_row]\n<\/section>","protected":false},"excerpt":{"rendered":"<p>[vc_row][vc_column][vc_single_image image=&#8221;3495&#8243; img_size=&#8221;full&#8221;][vc_column_text]Eixo 1 &#8211; Do Sujeito ao Falasser: o problema de Lacan\u00a0\u00a0\u00a0\u00a0\u00a0\u00a0\u00a0\u00a0\u00a0\u00a0\u00a0\u00a0\u00a0\u00a0\u00a0\u00a0\u00a0\u00a0\u00a0\u00a0\u00a0\u00a0\u00a0\u00a0\u00a0\u00a0\u00a0\u00a0\u00a0\u00a0 \u00a0\u00a0\u00a0\u00a0\u00a0\u00a0\u00a0\u00a0\u00a0\u00a0\u00a0\u00a0\u00a0\u00a0\u00a0\u00a0\u00a0\u00a0\u00a0\u00a0\u00a0\u00a0\u00a0\u00a0 C\u00e9lia Ferreira C.Winter (EBP\/AMP) Com Freud definimos o inconsciente, \u201cisso fala\u201d! A escuta seria ent\u00e3o o encaminhamento l\u00f3gico para acess\u00e1-lo? Freud inaugura a associa\u00e7\u00e3o livre e vai se deparando com um \u201cresto que est\u00e1 nas origens do sujeito, o acontecimento origin\u00e1rio&hellip;<\/p>\n","protected":false},"author":1,"featured_media":0,"parent":3465,"menu_order":0,"comment_status":"closed","ping_status":"closed","template":"","meta":{"footnotes":""},"class_list":["post-3551","page","type-page","status-publish","hentry","entry","no-media"],"_links":{"self":[{"href":"https:\/\/ebp.org.br\/sul\/wp-json\/wp\/v2\/pages\/3551","targetHints":{"allow":["GET"]}}],"collection":[{"href":"https:\/\/ebp.org.br\/sul\/wp-json\/wp\/v2\/pages"}],"about":[{"href":"https:\/\/ebp.org.br\/sul\/wp-json\/wp\/v2\/types\/page"}],"author":[{"embeddable":true,"href":"https:\/\/ebp.org.br\/sul\/wp-json\/wp\/v2\/users\/1"}],"replies":[{"embeddable":true,"href":"https:\/\/ebp.org.br\/sul\/wp-json\/wp\/v2\/comments?post=3551"}],"version-history":[{"count":0,"href":"https:\/\/ebp.org.br\/sul\/wp-json\/wp\/v2\/pages\/3551\/revisions"}],"up":[{"embeddable":true,"href":"https:\/\/ebp.org.br\/sul\/wp-json\/wp\/v2\/pages\/3465"}],"wp:attachment":[{"href":"https:\/\/ebp.org.br\/sul\/wp-json\/wp\/v2\/media?parent=3551"}],"curies":[{"name":"wp","href":"https:\/\/api.w.org\/{rel}","templated":true}]}}