{"id":3443,"date":"2021-12-22T17:06:13","date_gmt":"2021-12-22T20:06:13","guid":{"rendered":"https:\/\/ebp.org.br\/sul\/?page_id=3443"},"modified":"2023-09-26T08:28:37","modified_gmt":"2023-09-26T11:28:37","slug":"boletim-modos-de-usar-02","status":"publish","type":"page","link":"https:\/\/ebp.org.br\/sul\/biblioteca\/publicacoes\/boletim-modos-de-usar\/boletim-modos-de-usar-02\/","title":{"rendered":"Boletim Modos de Usar #02"},"content":{"rendered":"<section class=\"wpb-content-wrapper\">[vc_row][vc_column][vc_single_image image=&#8221;4308&#8243; alignment=&#8221;center&#8221;][vc_column_text]\n<h6 style=\"text-align: center;\">N. 02 &#8211; Agosto 2021<\/h6>\n[\/vc_column_text][\/vc_column][\/vc_row][vc_row][vc_column width=&#8221;1\/4&#8243;][vc_single_image image=&#8221;4353&#8243;][\/vc_column][vc_column width=&#8221;3\/4&#8243;][vc_column_text]\n<h3>EDITORIAL<\/h3>\n<h6>Por Teresa Pavone (EBP\/AMP) e Mariana Zelis (EBP\/AMP)<\/h6>\n<p>Esta \u00e9 uma edi\u00e7\u00e3o especial do Boletim Modos de Usar da Se\u00e7\u00e3o Sul por se tratar da publica\u00e7\u00e3o de tr\u00eas excelentes textos discutidos em uma conversa\u00e7\u00e3o preparat\u00f3ria para o X ENAPOL na Noite de Biblioteca O Amor \u00e9 um Seixo Rindo ao Sol na Se\u00e7\u00e3o Sul. Essa noite de trabalho antecedeu o ENAPOL, ocorrido nos dias 09 e 10 de outubro de 2021 sob o tema: O Novo no Amor \u2013 Modalidades contempor\u00e2neas dos la\u00e7os.[\/vc_column_text][vc_btn title=&#8221;Leia+&#8221; size=&#8221;xs&#8221; link=&#8221;url:https%3A%2F%2Febp.org.br%2Fsul%2Feditorial-boletim-modos-de-usar-n-2%2F|title:EDITORIAL%20Boletim%20Modos%20de%20Usar%20%2301&#8243;][\/vc_column][\/vc_row][vc_row][vc_column][vc_separator][\/vc_column][\/vc_row][vc_row][vc_column width=&#8221;1\/4&#8243;][vc_single_image image=&#8221;4354&#8243;][\/vc_column][vc_column width=&#8221;3\/4&#8243;][vc_column_text]\n<h3>Para um come\u00e7o de conversa&#8230; sobre as loucuras de amor<\/h3>\n<h6>Por Diego Cervelin<\/h6>\n<p>Vou apresentar este texto em torno de alguns aspectos, algumas quest\u00f5es que foram surgindo no decorrer das reuni\u00f5es do nosso GT sobre \u201cAs loucuras de amor\u201d. Para isso, tamb\u00e9m vou me remeter \u00e0s observa\u00e7\u00f5es feitas pelo Oscar Ventura no texto \u201cO Amor. sempre Outro\u201d&#8230;[\/vc_column_text][vc_btn title=&#8221;Leia+&#8221; size=&#8221;xs&#8221; link=&#8221;url:https%3A%2F%2Febp.org.br%2Fsul%2Fpara-um-comeco-de-conversa-sobre-as-loucuras-de-amor%2F|title:EDITORIAL%20Boletim%20Modos%20de%20Usar%20%2301&#8243;][\/vc_column][\/vc_row][vc_row][vc_column][vc_separator][\/vc_column][\/vc_row][vc_row][vc_column width=&#8221;1\/4&#8243;][vc_single_image image=&#8221;4355&#8243;][\/vc_column][vc_column width=&#8221;3\/4&#8243;][vc_column_text]\n<h3>Ex\u00edlio, saber e amor: um la\u00e7o<\/h3>\n<h6>Por Licene Garcia<\/h6>\n<p>O que me proponho a falar aqui com voc\u00eas hoje, \u00e9 a partir dos ecos que ficaram da experi\u00eancia de fazer parte da Conversa\u00e7\u00e3o Preparat\u00f3ria para o X ENAPOL, sob a rubrica \u201cO amor e o ex\u00edlio\u201d, com a coordena\u00e7\u00e3o de Maria Silvia Hanna e Maria Cecilia Ferretti.[\/vc_column_text][vc_btn title=&#8221;Leia+&#8221; size=&#8221;xs&#8221; link=&#8221;url:https%3A%2F%2Febp.org.br%2Fsul%2Fexilio-saber-e-amor-um-laco%2F|title:EDITORIAL%20Boletim%20Modos%20de%20Usar%20%2301&#8243;][\/vc_column][\/vc_row][vc_row][vc_column][vc_separator][\/vc_column][\/vc_row][vc_row][vc_column width=&#8221;1\/4&#8243;][vc_single_image image=&#8221;4356&#8243;][\/vc_column][vc_column width=&#8221;3\/4&#8243;][vc_column_text]\n<h3>Circula\u00e7\u00f5es do amor nas escolhas sexuais bin\u00e1rias e n\u00e3o bin\u00e1rias<\/h3>\n<h6>Por Gustavo Ramos da Silva<\/h6>\n<p>Antes de tudo eu quero agradecer o convite de Teresa Pavone, e meus colegas aqui hoje, Diego e Licene, e Ondina. Vou falar um pouquinho do GT que participei para o X Enapol. O tema foi: &#8220;circula\u00e7\u00f5es do amor nas escolhas sexuais bin\u00e1rias e n\u00e3o bin\u00e1rias&#8221;&#8230;[\/vc_column_text][vc_btn title=&#8221;Leia+&#8221; size=&#8221;xs&#8221; link=&#8221;url:https%3A%2F%2Febp.org.br%2Fsul%2Fcirculacoes-do-amor-nas-escolhas-sexuais-binarias-e-nao-binarias%2F|title:EDITORIAL%20Boletim%20Modos%20de%20Usar%20%2301&#8243;][\/vc_column][\/vc_row][vc_row][vc_column][vc_separator][\/vc_column][\/vc_row][vc_row css=&#8221;.vc_custom_1629889707604{background-color: #777777 !important;}&#8221;][vc_column][vc_single_image image=&#8221;4306&#8243; alignment=&#8221;center&#8221;][vc_column_text]\n<h6 style=\"text-align: center;\"><em><strong>Modos de Usar<\/strong><\/em><strong>\u00a0&#8211;\u00a0<\/strong><strong>Boletim Eletr\u00f4nico da EBP Se\u00e7\u00e3o Sul<\/strong><br \/>\n<strong><br \/>\n<\/strong><strong>Comiss\u00e3o de Edi\u00e7\u00e3o<\/strong>: Equipe da Biblioteca da EBP-Se\u00e7\u00e3o Sul, de refer\u00eancias bibliogr\u00e1ficas<br \/>\ne do Boletim: Teresa Pavone, Licene Garcia, Fl\u00e1via Cera e Gustavo Ramos.<br \/>\n<strong><br \/>\nDesign e Editora\u00e7\u00e3o<\/strong>: Bruno Senna.<\/h6>\n[\/vc_column_text][\/vc_column][\/vc_row]\n<\/section>","protected":false},"excerpt":{"rendered":"<p>[vc_row][vc_column][vc_single_image image=&#8221;4308&#8243; alignment=&#8221;center&#8221;][vc_column_text] N. 02 &#8211; Agosto 2021 [\/vc_column_text][\/vc_column][\/vc_row][vc_row][vc_column width=&#8221;1\/4&#8243;][vc_single_image image=&#8221;4353&#8243;][\/vc_column][vc_column width=&#8221;3\/4&#8243;][vc_column_text] EDITORIAL Por Teresa Pavone (EBP\/AMP) e Mariana Zelis (EBP\/AMP) Esta \u00e9 uma edi\u00e7\u00e3o especial do Boletim Modos de Usar da Se\u00e7\u00e3o Sul por se tratar da publica\u00e7\u00e3o de tr\u00eas excelentes textos discutidos em uma conversa\u00e7\u00e3o preparat\u00f3ria para o X ENAPOL na Noite de&hellip;<\/p>\n","protected":false},"author":1,"featured_media":0,"parent":3243,"menu_order":0,"comment_status":"closed","ping_status":"closed","template":"","meta":{"footnotes":""},"class_list":["post-3443","page","type-page","status-publish","hentry","entry","no-media"],"_links":{"self":[{"href":"https:\/\/ebp.org.br\/sul\/wp-json\/wp\/v2\/pages\/3443","targetHints":{"allow":["GET"]}}],"collection":[{"href":"https:\/\/ebp.org.br\/sul\/wp-json\/wp\/v2\/pages"}],"about":[{"href":"https:\/\/ebp.org.br\/sul\/wp-json\/wp\/v2\/types\/page"}],"author":[{"embeddable":true,"href":"https:\/\/ebp.org.br\/sul\/wp-json\/wp\/v2\/users\/1"}],"replies":[{"embeddable":true,"href":"https:\/\/ebp.org.br\/sul\/wp-json\/wp\/v2\/comments?post=3443"}],"version-history":[{"count":2,"href":"https:\/\/ebp.org.br\/sul\/wp-json\/wp\/v2\/pages\/3443\/revisions"}],"predecessor-version":[{"id":4553,"href":"https:\/\/ebp.org.br\/sul\/wp-json\/wp\/v2\/pages\/3443\/revisions\/4553"}],"up":[{"embeddable":true,"href":"https:\/\/ebp.org.br\/sul\/wp-json\/wp\/v2\/pages\/3243"}],"wp:attachment":[{"href":"https:\/\/ebp.org.br\/sul\/wp-json\/wp\/v2\/media?parent=3443"}],"curies":[{"name":"wp","href":"https:\/\/api.w.org\/{rel}","templated":true}]}}