{"id":3197,"date":"2021-08-16T15:15:18","date_gmt":"2021-08-16T18:15:18","guid":{"rendered":"https:\/\/ebp.org.br\/sul\/?page_id=3197"},"modified":"2021-08-16T15:15:18","modified_gmt":"2021-08-16T18:15:18","slug":"boletim-bricolagens-04","status":"publish","type":"page","link":"https:\/\/ebp.org.br\/sul\/eventos\/jornadas\/2a-jornada-da-secao-sul-falar-sobre-o-que-nao-existe-do-gozo-do-sentido-as-bricolagens-possiveis\/boletim-bricolagens-2a-jornada-da-secao-sul\/boletim-bricolagens-04\/","title":{"rendered":"Boletim Bricolagens #04"},"content":{"rendered":"<section class=\"wpb-content-wrapper\">[vc_row][vc_column width=&#8221;1\/6&#8243;][\/vc_column][vc_column width=&#8221;2\/3&#8243;][vc_column_text]\n<p style=\"text-align: center;\"><img loading=\"lazy\" decoding=\"async\" class=\"aligncenter wp-image-3080 size-full\" src=\"https:\/\/ebp.org.br\/sul\/wp-content\/uploads\/2021\/07\/estrut_boletim-04.png\" alt=\"\" width=\"701\" height=\"231\" \/><\/p>\n[\/vc_column_text][vc_column_text]\n<h6 style=\"text-align: center;\">#04 &#8211; Agosto 2021<\/h6>\n[\/vc_column_text][vc_separator][vc_column_text]\n<h6 style=\"text-align: right;\">Adriana Rodrigues<\/h6>\n<p>Nesta quarta edi\u00e7\u00e3o do Bricolagens damos in\u00edcio a apresenta\u00e7\u00e3o e discuss\u00e3o sobre os eixos de trabalho da 2\u00aa Jornada da EBP Se\u00e7\u00e3o Sul \u2013 \u201cFalar sobre o que n\u00e3o existe. Do gozo do sentido \u00e0s bricolagens poss\u00edveis\u201d. Ser\u00e3o 4 eixos orientadores com os seguintes temas:<\/p>\n<p>Eixo 1 \u2013 Bricolagens: o fazer singular com os restos ao longo de uma an\u00e1lise?<br \/>\nEixo 2 \u2013\u00a0A verdade n\u00e3o existe. Qual lugar para a democracia?<br \/>\nEixo 3 \u2013 Subjetividades contempor\u00e2neas: o real do gozo e a trama dos discursos<br \/>\nEixo 4 \u2013 Qual o estatuto do que faz falar?<\/p>\n<p>Neste Boletim voc\u00eas poder\u00e3o ler e escutar os autores que desenvolveram os argumentos dos eixos 1 e 4, Li\u00e8ge Goulart e Gilberto Rudek da Fonseca, respectivamente.<\/p>\n<p>A discuss\u00e3o sobre estes eixos continua na coluna Rebotalhos com os coment\u00e1rios de Maria Teresa Wendhausen e Val\u00e9ria Beatriz Ara\u00fajo, que destacam pontos fundamentais dos textos de cada eixo, abrindo para novas quest\u00f5es que por si s\u00f3 j\u00e1 materializam os primeiros efeitos de trabalho a partir dos eixos da Jornada.[\/vc_column_text][vc_btn title=&#8221;Leia+&#8221; color=&#8221;default&#8221; link=&#8221;url:https%3A%2F%2Febp.org.br%2Fsul%2Feditorial-bricolagens-04%2F|title:Argumento%20%E2%80%93%202%C2%AA%20Jornada%20da%20Se%C3%A7%C3%A3o%20Sul&#8221;][vc_column_text]\n<p style=\"text-align: center;\"><img loading=\"lazy\" decoding=\"async\" class=\"aligncenter size-full wp-image-3187\" src=\"https:\/\/ebp.org.br\/sul\/wp-content\/uploads\/2021\/08\/bricolagens004_001.png\" alt=\"\" width=\"500\" height=\"500\" \/><\/p>\n[\/vc_column_text][vc_separator][vc_column_text]\n<h3><span style=\"color: #993300;\">APRESENTA\u00c7\u00c3O DOS EIXOS DE TRABALHO<\/span><\/h3>\n<p><strong>Eixo 1 \u2013 Bricolagens: o fazer singular com os restos ao longo de uma an\u00e1lise?<\/strong><\/p>\n<h6 style=\"text-align: right;\">Li\u00e8ge Goulart (EBP\/AMP)<\/h6>\n<p>Do que se trata, em psican\u00e1lise, quando falamos em \u201crestos\u201d? S\u00e3o restos de um discurso, aquilo que cai de um discurso? S\u00e3o significantes amo, os S1, tra\u00e7os que desenham o corpo falante e, por isso mesmo, marcam as bordas de seu gozo? S\u00e3o o que sobra das identifica\u00e7\u00f5es primeiras? S\u00e3o os efeitos de uma leitura outra? Estamos sempre \u00e0s voltas com seu estatuto temporal e espacial, sua mat\u00e9ria e seus destinos. Os restos s\u00e3o produzidos, estavam sempre ali&#8230;[\/vc_column_text][vc_btn title=&#8221;Leia+&#8221; color=&#8221;default&#8221; link=&#8221;url:https%3A%2F%2Febp.org.br%2Fsul%2Feventos%2Fjornadas%2F2a-jornada-da-secao-sul-falar-sobre-o-que-nao-existe-do-gozo-do-sentido-as-bricolagens-possiveis%2Feixos-de-trabalho-2a-jornada-da-secao-sul%2Feixo-1-bricolagens-o-fazer-singular-com-os-restos-ao-longo-de-uma-analise%2F&#8221;][vc_column_text]\n<p style=\"text-align: center;\"><a href=\"https:\/\/youtu.be\/jgeD7Mdau3o\"><img loading=\"lazy\" decoding=\"async\" class=\"aligncenter wp-image-3188 size-full\" src=\"https:\/\/ebp.org.br\/sul\/wp-content\/uploads\/2021\/08\/gravacao001.png\" alt=\"\" width=\"500\" height=\"230\" \/><\/a><\/p>\n[\/vc_column_text][vc_separator][vc_column_text]\n<h3><span style=\"color: #993300;\">REBOTALHOS QUATRO<\/span><\/h3>\n<p><strong>Coment\u00e1rio do Eixo 1: Bricolagens: o fazer singular com os restos ao longo de uma an\u00e1lise?<\/strong><\/p>\n<h6 style=\"text-align: right;\">Por Maria Teresa Wendhausen (EBP\/AMP)<\/h6>\n<p>Um ponto do eixo apresentado pela Li\u00e8ge que destaco, dentre tantos outros tamb\u00e9m fundamentais, se refere a uma quest\u00e3o que ela mesma elucida, na conversa\u00e7\u00e3o, a respeito da diferen\u00e7a entre S1 e H\u00e1 Um, quest\u00e3o essa que, como assinalou a coordenadora da atividade, j\u00e1 tinha sido colocada pela autora, por ocasi\u00e3o da apresenta\u00e7\u00e3o da Jornada.<\/p>\n<p>Em sua fala afirma a diferen\u00e7a entre S1 e H\u00e1 Um. Esclarece do que se tratam os S1, que \u201cs\u00e3o os significantes do discurso amo, do discurso do mestre, discurso do inconsciente, que regem a vida de um sujeito\u201d. Mas, assinala que, a seu ver, n\u00e3o basta numa an\u00e1lise isolar estes significantes. \u201c&#8230;Eles precisam ser lidos como letra. O H\u00e1 Um seria esse S1 lido como letra, ser de gozo&#8230;\u201d.<\/p>\n<p>Interessante destacar aqui a diferen\u00e7a que ela tamb\u00e9m introduz entre significante e letra.<\/p>\n<p>A partir destas elabora\u00e7\u00f5es t\u00e3o precisas que a Li\u00e8ge nos traz e que permitem seguir pensando sobre o percurso de uma an\u00e1lise e seu final,a quest\u00e3o que se coloca para mim \u00e9 qual a rela\u00e7\u00e3o da interpreta\u00e7\u00e3o com \u201co saber ler\u201d e de que modo ela opera para que os significantes isolados possam ser lidos como letra?<\/p>\n<p>Espero que esta pergunta possa se unir a tantas outras que, certamente, este eixo suscitou e continuar\u00e1 suscitando para a constru\u00e7\u00e3o da 2\u00aa Jornada da EBP-Sul.<\/p>\n<p>&#8212;&#8212;&#8212;-<\/p>\n<p><strong>Eixo 4 &#8211; Qual o estatuto do que faz falar?<\/strong><\/p>\n<h6 style=\"text-align: right;\">Gilberto Rudeck da Fonseca (EBP\/AMP)<\/h6>\n<p>Lacan, ao comentar o t\u00edtulo do seu Semin\u00e1rio livro 19\u00a0\u2013 \u2026 ou pior \u2013 , afirma que os tr\u00eas pontos do t\u00edtulo servem para \u201ccriar um lugar vazio\u201d e ao enfatizar \u201ca import\u00e2ncia desse lugar vazio\u201d, ressalta que \u201cessa \u00e9 a \u00fanica maneira de dizer alguma coisa com a ajuda da linguagem\u201d. E acrescenta que \u201co vazio \u00e9 a \u00fanica maneira de agarrar algo com a linguagem\u201d e permite, \u201cjustamente, penetrar na natureza desta \u00faltima\u201d.[\/vc_column_text][vc_btn title=&#8221;Leia+&#8221; color=&#8221;default&#8221; link=&#8221;url:https%3A%2F%2Febp.org.br%2Fsul%2Fcomentario-do-conto%2F|title:Coment%C3%A1rio%20do%20conto&#8221;][vc_column_text]<a href=\"https:\/\/youtu.be\/544j0NiSA6c\"><img loading=\"lazy\" decoding=\"async\" class=\"size-full wp-image-3189 aligncenter\" src=\"https:\/\/ebp.org.br\/sul\/wp-content\/uploads\/2021\/08\/gravacao002.png\" alt=\"\" width=\"500\" height=\"237\" \/><\/a>[\/vc_column_text][vc_separator][vc_column_text]\n<h3><span style=\"color: #993300;\">REBOTALHOS CINCO<\/span><\/h3>\n<p><strong>Coment\u00e1rio do Eixo 4: Qual o estatuto do que faz falar?<\/strong><\/p>\n<h6 style=\"text-align: right;\">Por Val\u00e9ria Beatriz Araujo<\/h6>\n<p>Gilberto nos coloca um eixo de trabalho cujo valor epist\u00eamico aponta para uma quest\u00e3o primordial: Qual o estatuto do que faz falar?\u00a0Partindo deste ponto, prop\u00f5e um percurso que destaca o vazio, a linguagem, o que existe, o que n\u00e3o existe, a ek-sist\u00eancia. \u201cPara n\u00e3o ficar no sentido, que, como todo sentido, \u00e9 uma opacidade\u201d, e, sim, para enfatizar a import\u00e2ncia do lugar vazio. Lacan nos adverte sobre isso em seu semin\u00e1rio &#8230; ou pior, t\u00edtulo este que referencia um adv\u00e9rbio \u201cdisjunto de algo que \u00e9 chamado a ocupar um lugar\u201d1, cujos tr\u00eas pontinhos em suas retic\u00eancias d\u00e3o o tom deste eixo. Esta articula\u00e7\u00e3o conceitual vem a promover o advento do falasser e demonstrar que \u201co vazio \u00e9 a \u00fanica maneira de agarrar algo com a linguagem\u201d2 , como diz Lacan, citado por Gilberto.<\/p>\n<h6>1 Lacan, Jacques, O Semin\u00e1rio, livro 19: &#8230;ou pior. Rio de Janeiro: Zahar, 2012, p. 11.<br \/>\n2 Lacan, Jacques, op.cit., p. 12.<\/h6>\n[\/vc_column_text][vc_separator][vc_column_text]\n<h3><span style=\"color: #993300;\">REFER\u00caNCIAS BIBLIOGRAFICAS<\/span><\/h3>\n<h6 style=\"text-align: right;\">Pela Comiss\u00e3o de Refer\u00eancias Bibliogr\u00e1ficas: Fernanda Baptista, Fl\u00e1via C\u00eara, Gustavo Ramos, Licene Garcia, Valesca Miranda Lopes, Teresa Pavone (coordenadora)<\/h6>\n<p><strong>LACAN, Jacques. O Semin\u00e1rio, livro 4: a rela\u00e7\u00e3o de objeto; Trad. Dulce Duque Estrada &#8211; Rio de Janeiro: Jorge Zahar Ed. 1995.<\/strong><\/p>\n<p>&#8220;O mito se apresenta, tamb\u00e9m em sua visada, com um car\u00e1ter de inesgot\u00e1vel. Para empregar um termo antigo, digamos que ele participa do car\u00e1ter de um esquema no sentido kantiano. Ele est\u00e1 muito mais pr\u00f3ximo da estrutura que de todo conte\u00fado, e se reencontra e se reaplica, no sentido mais material da palavra, sobre todas as esp\u00e9cies de dados, com essa efic\u00e1cia amb\u00edgua que o caracteriza. O mais adequado \u00e9 dizer que a esp\u00e9cie de molde oferecido pela categoria m\u00edtica \u00e9 um certo tipo de verdade na qual, por nos limitarmos ao que \u00e9 nosso campo e nossa experi\u00eancia, n\u00e3o podemos deixar de ver que se trata de uma rela\u00e7\u00e3o do homem &#8211; mas com qu\u00ea?<\/p>\n[&#8230;]\n<p>Cabe a n\u00f3s, apenas, perceber que se trata de temas da vida e da morte, da exist\u00eancia e da n\u00e3o-exist\u00eancia, do nascimento, em especial, isto \u00e9, da apari\u00e7\u00e3o daquilo que ainda n\u00e3o existe. Trata-se, pois, de temas ligados, por um lado, \u00e0 exist\u00eancia do pr\u00f3prio sujeito e aos horizontes que sua experi\u00eancia lhe traz, por outro lado, ao fato de que ele \u00e9 o sujeito de um sexo, do seu sexo natural. &#8221; (p. 259)[\/vc_column_text][vc_separator][vc_column_text]\n<h3><span style=\"color: #993300;\">FRAGMENTOS OUTROS<\/span><\/h3>\n<h6 style=\"text-align: right;\">Por Daniel Wallace<\/h6>\n<p><strong>A preocupa\u00e7\u00e3o do pai de fam\u00edlia<\/strong><br \/>\n<strong>KAFKA<\/strong><\/p>\n<p>Alguns dizem que a palavra Odradek deriva do eslavo e com base nisso procuram demonstrar a forma\u00e7\u00e3o dela. Outros por sua vez entendem que deriva do alem\u00e3o, tendo sido apenas influenciada pelo eslavo. Mas a incerteza das duas interpreta\u00e7\u00f5es permite concluir, sem d\u00favida com justi\u00e7a, que nenhuma delas procede, sobretudo porque n\u00e3o se pode descobrir atrav\u00e9s de nenhuma um sentido para a palavra.[\/vc_column_text][vc_btn title=&#8221;Leia+&#8221; color=&#8221;default&#8221; link=&#8221;url:https%3A%2F%2Febp.org.br%2Fsul%2Fa-preocupacao-do-pai-de-familia%2F|title:Coment%C3%A1rio%20do%20conto&#8221;][vc_column_text]<strong>Coment\u00e1rio do conto<\/strong><\/p>\n<h6 style=\"text-align: right;\">Por Daniel Wallace<\/h6>\n<p>Como falar daquilo que se identifica ao n\u00e3o se identificar no \u00e2mago de uma trajet\u00f3ria de vida? De que modo o sujeito poderia abordar o borro que o real inside no n\u00f3 que enla\u00e7a simb\u00f3lico e imagin\u00e1rio? Tais quest\u00f5es encontram uma interessante acolhida no conto de Franz Kafka (1999)&#8230;[\/vc_column_text][vc_btn title=&#8221;Leia+&#8221; color=&#8221;default&#8221; link=&#8221;url:https%3A%2F%2Febp.org.br%2Fsul%2Fcomentario-do-conto%2F|title:Coment%C3%A1rio%20do%20conto&#8221;][vc_separator][vc_column_text]\n<h3><span style=\"color: #993300;\">Envio de trabalhos para a 2a Jornada da EBP-SUL<\/span><\/h3>\n<p><strong>Valores para inscri\u00e7\u00e3o at\u00e9 30\/08\/21<\/strong><\/p>\n<ul>\n<li>Membros e profissionais:\u00a0R$ 130,00\n<ul>\n<li>Alunos dos cursos do ICPOL, da\u00a0APLP e alunos de gradua\u00e7\u00e3o:\u00a0R$ 80,00<\/li>\n<\/ul>\n<\/li>\n<\/ul>\n<p><strong>Valores\u00a0a partir do 01\/09\/21<\/strong><\/p>\n<ul>\n<li>Membros e profissionais\u00a0R$ 180,00\n<ul>\n<li>Alunos dos cursos do ICPOL, da\u00a0APLP e alunos de gradua\u00e7\u00e3o:\u00a0R$ 100,00<\/li>\n<\/ul>\n<\/li>\n<\/ul>\n[\/vc_column_text][vc_separator][vc_column_text]\n<h3><span style=\"color: #993300;\">ENVIE SUA PARTICIPA\u00c7\u00c3O<\/span><\/h3>\n<p>Perguntas, quest\u00f5es, breves textos (at\u00e9 1000 caracteres s\/espa\u00e7o), poemas, artes, etc.<br \/>\nAo e-mail: <a href=\"mailto:jornadaebpsul@gmail.com\">jornadaebpsul@gmail.com<\/a><br \/>\nAssunto: Divulga\u00e7\u00e3o[\/vc_column_text][\/vc_column][vc_column width=&#8221;1\/6&#8243;][\/vc_column][\/vc_row][vc_row][vc_column][vc_separator][\/vc_column][\/vc_row][vc_row css=&#8221;.vc_custom_1625920951172{background-color: #bdbdbd !important;}&#8221;][vc_column width=&#8221;1\/6&#8243;][\/vc_column][vc_column width=&#8221;2\/3&#8243;][vc_single_image image=&#8221;3066&#8243; img_size=&#8221;full&#8221; alignment=&#8221;center&#8221;][vc_column_text]\n<h6 style=\"text-align: center;\"><strong>Diretora EBP Se\u00e7\u00e3o Sul:<\/strong>\u00a0Louise Lhullier (EBP\/AMP).<br \/>\n<strong>Diretora 2\u00aa Jornada:<\/strong>\u00a0Nohem\u00ed Brown (EBP\/AMP)<br \/>\n<strong>Comiss\u00e3o do Boletim:<\/strong>\u00a0Mariana Zelis (EBP\/AMP) &#8211; coordenadora, Adriana Rodrigues (EBP\/AMP) ,<br \/>\nJuliana Rego Silva e Licene Garcia.<br \/>\n<strong>Designer:<\/strong>\u00a0<a href=\"mailto:sennabruno@gmail.com\">Bruno Senna<\/a><\/h6>\n<p><img loading=\"lazy\" decoding=\"async\" class=\"aligncenter size-full wp-image-3067\" src=\"https:\/\/ebp.org.br\/sul\/wp-content\/uploads\/2021\/07\/estrut_boletim-03.png\" alt=\"\" width=\"134\" height=\"47\" \/>[\/vc_column_text][\/vc_column][vc_column width=&#8221;1\/6&#8243;][\/vc_column][\/vc_row]\n<\/section>","protected":false},"excerpt":{"rendered":"<p>[vc_row][vc_column width=&#8221;1\/6&#8243;][\/vc_column][vc_column width=&#8221;2\/3&#8243;][vc_column_text] [\/vc_column_text][vc_column_text] #04 &#8211; Agosto 2021 [\/vc_column_text][vc_separator][vc_column_text] Adriana Rodrigues Nesta quarta edi\u00e7\u00e3o do Bricolagens damos in\u00edcio a apresenta\u00e7\u00e3o e discuss\u00e3o sobre os eixos de trabalho da 2\u00aa Jornada da EBP Se\u00e7\u00e3o Sul \u2013 \u201cFalar sobre o que n\u00e3o existe. Do gozo do sentido \u00e0s bricolagens poss\u00edveis\u201d. Ser\u00e3o 4 eixos orientadores com os seguintes&hellip;<\/p>\n","protected":false},"author":1,"featured_media":0,"parent":2987,"menu_order":0,"comment_status":"closed","ping_status":"closed","template":"","meta":{"footnotes":""},"class_list":["post-3197","page","type-page","status-publish","hentry","entry","no-media"],"_links":{"self":[{"href":"https:\/\/ebp.org.br\/sul\/wp-json\/wp\/v2\/pages\/3197","targetHints":{"allow":["GET"]}}],"collection":[{"href":"https:\/\/ebp.org.br\/sul\/wp-json\/wp\/v2\/pages"}],"about":[{"href":"https:\/\/ebp.org.br\/sul\/wp-json\/wp\/v2\/types\/page"}],"author":[{"embeddable":true,"href":"https:\/\/ebp.org.br\/sul\/wp-json\/wp\/v2\/users\/1"}],"replies":[{"embeddable":true,"href":"https:\/\/ebp.org.br\/sul\/wp-json\/wp\/v2\/comments?post=3197"}],"version-history":[{"count":0,"href":"https:\/\/ebp.org.br\/sul\/wp-json\/wp\/v2\/pages\/3197\/revisions"}],"up":[{"embeddable":true,"href":"https:\/\/ebp.org.br\/sul\/wp-json\/wp\/v2\/pages\/2987"}],"wp:attachment":[{"href":"https:\/\/ebp.org.br\/sul\/wp-json\/wp\/v2\/media?parent=3197"}],"curies":[{"name":"wp","href":"https:\/\/api.w.org\/{rel}","templated":true}]}}