{"id":3043,"date":"2021-06-30T10:12:40","date_gmt":"2021-06-30T13:12:40","guid":{"rendered":"https:\/\/ebp.org.br\/sul\/?page_id=3043"},"modified":"2025-04-08T16:36:44","modified_gmt":"2025-04-08T19:36:44","slug":"noite-da-biblioteca","status":"publish","type":"page","link":"https:\/\/ebp.org.br\/sul\/biblioteca\/noite-da-biblioteca\/","title":{"rendered":"Noites da Biblioteca"},"content":{"rendered":"<section class=\"wpb-content-wrapper\">[vc_row][vc_column][vc_column_text]\n<h3><span style=\"color: #993300;\"><strong>Noites de Biblioteca<\/strong><\/span><\/h3>\n<ul>\n<li style=\"font-weight: 400;\"><strong>Coordena\u00e7\u00e3o:<\/strong> Gustavo Ramos (EBP\/AMP) &#8211; Diretor de Biblioteca<\/li>\n<li style=\"font-weight: 400;\">Hor\u00e1rio: 20h<\/li>\n<\/ul>\n[\/vc_column_text][\/vc_column][\/vc_row][vc_row][vc_column][vc_empty_space][vc_separator color=&#8221;juicy_pink&#8221;][vc_empty_space][vc_column_text]\n<h3><span style=\"color: #993300;\">2024<\/span><\/h3>\n[\/vc_column_text][\/vc_column][\/vc_row][vc_row][vc_column width=&#8221;1\/4&#8243;][vc_single_image image=&#8221;4805&#8243; alignment=&#8221;center&#8221; onclick=&#8221;link_image&#8221;][vc_column_text]\n<p style=\"text-align: center;\">Dia 02 de maio 2024<br \/>\n<b>&#8220;Ser louco \u00e9 n\u00e3o ser louco da loucura de todo mundo&#8221;<br \/>\n<\/b>Apresenta: Ant\u00f4nio Teixeira (EBP\/AMP) Professor titular da UFMG<br \/>\nCoordena: Teresa Pavone (EBP\/AMP)<\/p>\n[\/vc_column_text][\/vc_column][vc_column width=&#8221;1\/4&#8243;][vc_single_image image=&#8221;5250&#8243; alignment=&#8221;center&#8221; onclick=&#8221;link_image&#8221;][\/vc_column][vc_column width=&#8221;1\/4&#8243;][vc_single_image image=&#8221;5251&#8243; alignment=&#8221;center&#8221; onclick=&#8221;link_image&#8221;][\/vc_column][vc_column width=&#8221;1\/4&#8243;][vc_single_image image=&#8221;5252&#8243; alignment=&#8221;center&#8221; onclick=&#8221;link_image&#8221;][\/vc_column][\/vc_row][vc_row][vc_column][vc_empty_space][vc_separator color=&#8221;juicy_pink&#8221;][vc_empty_space][vc_column_text]\n<h3><span style=\"color: #993300;\">2023<\/span><\/h3>\n[\/vc_column_text][\/vc_column][\/vc_row][vc_row][vc_column width=&#8221;1\/5&#8243;][vc_single_image image=&#8221;4419&#8243; alignment=&#8221;center&#8221; onclick=&#8221;link_image&#8221;][vc_column_text]\n<p style=\"text-align: center;\">Dia 14 de abril 2023<br \/>\n<b>&#8220;A biblioteca e sua rela\u00e7\u00e3o com a transmiss\u00e3o da Psican\u00e1lise&#8221;<br \/>\n<\/b>Convidadas: Graciela Bessa (EBP\/AMP) e Marcia Stival (EBP\/AMP)<br \/>\nCoordena\u00e7\u00e3o: Teresa Pavone (EBP\/AMP)<\/p>\n[\/vc_column_text][\/vc_column][vc_column width=&#8221;1\/5&#8243;][vc_single_image image=&#8221;4418&#8243; alignment=&#8221;center&#8221; onclick=&#8221;link_image&#8221;][vc_column_text]\n<p style=\"text-align: center;\">Dia 09 de novembro<br \/>\n<strong>A presen\u00e7a do analista: um momento candente<\/strong><br \/>\nApresenta: S\u00f4nia Vicente (AME, EBP\/AMP)<br \/>\nCoordena\u00e7\u00e3o: Teresa Pavone (EBP\/AMP)<\/p>\n[\/vc_column_text][\/vc_column][vc_column width=&#8221;1\/5&#8243;][vc_single_image image=&#8221;4403&#8243; alignment=&#8221;center&#8221; onclick=&#8221;link_image&#8221;][vc_column_text]\n<p style=\"text-align: center;\">Dia 20 de abril<br \/>\n<strong>O feminino e a posi\u00e7\u00e3o do analista<\/strong><br \/>\nConvidada: Graciela Bessa (EBP\/AMP)<br \/>\nCoordena\u00e7\u00e3o: Teresa Pavone (EBP\/AMP)<\/p>\n[\/vc_column_text][\/vc_column][vc_column width=&#8221;1\/5&#8243;][vc_single_image image=&#8221;4401&#8243; alignment=&#8221;center&#8221; onclick=&#8221;link_image&#8221;][vc_column_text]\n<p style=\"text-align: center;\">22 de junho<br \/>\n<strong>A escrita real no passe n\u00e3o \u00e9 autofic\u00e7\u00e3o<\/strong><br \/>\nApresenta: J\u00e9sus Santiago (EBP\/AMP)<br \/>\nCoordena: Teresa PAvone (EBP\/AMP)<\/p>\n[\/vc_column_text][\/vc_column][vc_column width=&#8221;1\/5&#8243;][vc_single_image image=&#8221;4402&#8243; alignment=&#8221;center&#8221; onclick=&#8221;link_image&#8221;][vc_column_text]\n<p style=\"text-align: center;\">14 de setembro<br \/>\n<strong>Um desafio contempor\u00e2neo \u00e0 psican\u00e1lise: sustentar o real para que ele sobreviva<\/strong><br \/>\nApresenta\u00e7\u00e3o: Samyra Assad (EBP\/AMP)<br \/>\nComent\u00e1rios: Lu\u00eds Francisco Esp\u00edndola Camargo (EBP\/AMP)<br \/>\nCoordena\u00e7\u00e3o: Teresa Pavone (EBP\/AMP)<\/p>\n[\/vc_column_text][\/vc_column][\/vc_row]\n<\/section>","protected":false},"excerpt":{"rendered":"<p>[vc_row][vc_column][vc_column_text] Noites de Biblioteca Coordena\u00e7\u00e3o: Gustavo Ramos (EBP\/AMP) &#8211; Diretor de Biblioteca Hor\u00e1rio: 20h [\/vc_column_text][\/vc_column][\/vc_row][vc_row][vc_column][vc_empty_space][vc_separator color=&#8221;juicy_pink&#8221;][vc_empty_space][vc_column_text] 2024 [\/vc_column_text][\/vc_column][\/vc_row][vc_row][vc_column width=&#8221;1\/4&#8243;][vc_single_image image=&#8221;4805&#8243; alignment=&#8221;center&#8221; onclick=&#8221;link_image&#8221;][vc_column_text] Dia 02 de maio 2024 &#8220;Ser louco \u00e9 n\u00e3o ser louco da loucura de todo mundo&#8221; Apresenta: Ant\u00f4nio Teixeira (EBP\/AMP) Professor titular da UFMG Coordena: Teresa Pavone (EBP\/AMP) [\/vc_column_text][\/vc_column][vc_column width=&#8221;1\/4&#8243;][vc_single_image image=&#8221;5250&#8243; alignment=&#8221;center&#8221; onclick=&#8221;link_image&#8221;][\/vc_column][vc_column&hellip;<\/p>\n","protected":false},"author":1,"featured_media":0,"parent":1532,"menu_order":0,"comment_status":"closed","ping_status":"closed","template":"","meta":{"footnotes":""},"class_list":["post-3043","page","type-page","status-publish","hentry","entry","no-media"],"_links":{"self":[{"href":"https:\/\/ebp.org.br\/sul\/wp-json\/wp\/v2\/pages\/3043","targetHints":{"allow":["GET"]}}],"collection":[{"href":"https:\/\/ebp.org.br\/sul\/wp-json\/wp\/v2\/pages"}],"about":[{"href":"https:\/\/ebp.org.br\/sul\/wp-json\/wp\/v2\/types\/page"}],"author":[{"embeddable":true,"href":"https:\/\/ebp.org.br\/sul\/wp-json\/wp\/v2\/users\/1"}],"replies":[{"embeddable":true,"href":"https:\/\/ebp.org.br\/sul\/wp-json\/wp\/v2\/comments?post=3043"}],"version-history":[{"count":5,"href":"https:\/\/ebp.org.br\/sul\/wp-json\/wp\/v2\/pages\/3043\/revisions"}],"predecessor-version":[{"id":5312,"href":"https:\/\/ebp.org.br\/sul\/wp-json\/wp\/v2\/pages\/3043\/revisions\/5312"}],"up":[{"embeddable":true,"href":"https:\/\/ebp.org.br\/sul\/wp-json\/wp\/v2\/pages\/1532"}],"wp:attachment":[{"href":"https:\/\/ebp.org.br\/sul\/wp-json\/wp\/v2\/media?parent=3043"}],"curies":[{"name":"wp","href":"https:\/\/api.w.org\/{rel}","templated":true}]}}