{"id":2690,"date":"2020-07-22T11:09:59","date_gmt":"2020-07-22T14:09:59","guid":{"rendered":"http:\/\/ebp.org.br\/sc\/?page_id=2690"},"modified":"2020-07-22T11:09:59","modified_gmt":"2020-07-22T14:09:59","slug":"1a-jornada-da-secao-sul-o-feminino-e-os-litorais-do-indizivel","status":"publish","type":"page","link":"https:\/\/ebp.org.br\/sul\/eventos\/jornadas\/1a-jornada-da-secao-sul-o-feminino-e-os-litorais-do-indizivel\/","title":{"rendered":"1\u00aa Jornada da Se\u00e7\u00e3o Sul &#8211; O feminino e os litorais do indiz\u00edvel"},"content":{"rendered":"<p><strong><span style=\"color: #993300;\"><a href=\"http:\/\/ebp.org.br\/sc\/eventos\/1a-jornada-da-secao-sul-o-feminino-e-os-litorais-do-indizivel\/argumento-i-jornada-da-ebp-secao-sul\/\">ARGUMENTO<\/a>\u00a0 \u00a0|\u00a0 \u00a0<a href=\"http:\/\/ebp.org.br\/sc\/eventos\/1a-jornada-da-secao-sul-o-feminino-e-os-litorais-do-indizivel\/eixos-de-trabalho-i-jornada-da-ebp-secao-sul\/\">EIXOS DE TRABALHO<\/a>\u00a0 \u00a0|\u00a0 \u00a0<a href=\"http:\/\/ebp.org.br\/sc\/eventos\/1a-jornada-da-secao-sul-o-feminino-e-os-litorais-do-indizivel\/referencias-i-jornada-da-ebp-secao-sul\/\">REFER\u00caNCIAS<\/a>\u00a0 \u00a0|\u00a0 \u00a0<a href=\"http:\/\/ebp.org.br\/sc\/eventos\/1a-jornada-da-secao-sul-o-feminino-e-os-litorais-do-indizivel\/inscricoes-i-jornada-da-ebp-secao-sul\/\">INSCRI\u00c7\u00d5ES<\/a>\u00a0 \u00a0|\u00a0 \u00a0<a href=\"http:\/\/ebp.org.br\/sc\/eventos\/1a-jornada-da-secao-sul-o-feminino-e-os-litorais-do-indizivel\/modos-de-usar-i-jornada-da-ebp-secao-sul\/\">MODO DE USAR<\/a><\/span><\/strong><\/p>\n<p><img loading=\"lazy\" decoding=\"async\" class=\"size-medium wp-image-2709 alignright\" src=\"http:\/\/ebp.org.br\/sc\/wp-content\/uploads\/2020\/07\/CARTAZ4-1-212x300.png\" alt=\"\" width=\"212\" height=\"300\" \/>Devido \u00e0 pandemia do coronav\u00edrus nossa primeira Jornada vai acontecer inteiramente online.<\/p>\n<p>Apesar do inconveniente de n\u00e3o podermos nos encontrar fisicamente, n\u00e3o recuamos de nos deixar atravessar por essa situa\u00e7\u00e3o inusitada e aprender com ela.<\/p>\n<p>E uma das coisas que temos aprendido \u00e9 que n\u00e3o necessariamente\u00a0 precisamos estar no mesmo espa\u00e7o f\u00edsico para haver encontro.<\/p>\n<p>Nas nossas reuni\u00f5es, semin\u00e1rios e atendimentos online estamos experimentando ao vivo que o corpo tamb\u00e9m se faz presente no virtual, que h\u00e1 encontro de corpos.<\/p>\n<p>No caso da Se\u00e7\u00e3o Sul essa tem sido uma experi\u00eancia fundamental. A dist\u00e2ncia geogr\u00e1fica, que era uma grande preocupa\u00e7\u00e3o nossa nesse desafio de fazer uma Se\u00e7\u00e3o da EBP em duas (ou mais) cidades diferentes se reconfigurou completamente depois da pandemia. Hoje n\u00e3o temos nenhuma d\u00favida de que \u00e9 perfeitamente poss\u00edvel fazer uma experi\u00eancia de Escola, mesmo estando em cidades separadas.<\/p>\n<p>\u00c9 ent\u00e3o com muito entusiasmo que convidamos todos voc\u00eas para mergulharem nessa aventura de fazer nossa 1\u00ba JORNADA DA EBP SE\u00c7\u00c3O SUL de forma online.<\/p>\n<p>Temos certeza de que ser\u00e1 uma experi\u00eancia imperd\u00edvel!<\/p>\n","protected":false},"excerpt":{"rendered":"<p>ARGUMENTO\u00a0 \u00a0|\u00a0 \u00a0EIXOS DE TRABALHO\u00a0 \u00a0|\u00a0 \u00a0REFER\u00caNCIAS\u00a0 \u00a0|\u00a0 \u00a0INSCRI\u00c7\u00d5ES\u00a0 \u00a0|\u00a0 \u00a0MODO DE USAR Devido \u00e0 pandemia do coronav\u00edrus nossa primeira Jornada vai acontecer inteiramente online. Apesar do inconveniente de n\u00e3o podermos nos encontrar fisicamente, n\u00e3o recuamos de nos deixar atravessar por essa situa\u00e7\u00e3o inusitada e aprender com ela. E uma das coisas que temos aprendido&hellip;<\/p>\n","protected":false},"author":1,"featured_media":0,"parent":1194,"menu_order":0,"comment_status":"closed","ping_status":"closed","template":"","meta":{"footnotes":""},"class_list":["post-2690","page","type-page","status-publish","hentry","entry","no-media"],"_links":{"self":[{"href":"https:\/\/ebp.org.br\/sul\/wp-json\/wp\/v2\/pages\/2690","targetHints":{"allow":["GET"]}}],"collection":[{"href":"https:\/\/ebp.org.br\/sul\/wp-json\/wp\/v2\/pages"}],"about":[{"href":"https:\/\/ebp.org.br\/sul\/wp-json\/wp\/v2\/types\/page"}],"author":[{"embeddable":true,"href":"https:\/\/ebp.org.br\/sul\/wp-json\/wp\/v2\/users\/1"}],"replies":[{"embeddable":true,"href":"https:\/\/ebp.org.br\/sul\/wp-json\/wp\/v2\/comments?post=2690"}],"version-history":[{"count":0,"href":"https:\/\/ebp.org.br\/sul\/wp-json\/wp\/v2\/pages\/2690\/revisions"}],"up":[{"embeddable":true,"href":"https:\/\/ebp.org.br\/sul\/wp-json\/wp\/v2\/pages\/1194"}],"wp:attachment":[{"href":"https:\/\/ebp.org.br\/sul\/wp-json\/wp\/v2\/media?parent=2690"}],"curies":[{"name":"wp","href":"https:\/\/api.w.org\/{rel}","templated":true}]}}