{"id":1532,"date":"2017-09-05T10:13:44","date_gmt":"2017-09-05T13:13:44","guid":{"rendered":"http:\/\/ebp.org.br\/sc\/?page_id=1532"},"modified":"2025-04-08T16:35:58","modified_gmt":"2025-04-08T19:35:58","slug":"biblioteca","status":"publish","type":"page","link":"https:\/\/ebp.org.br\/sul\/biblioteca\/","title":{"rendered":"Biblioteca"},"content":{"rendered":"<section class=\"wpb-content-wrapper\">[vc_row][vc_column][vc_column_text]Nossa Biblioteca se constr\u00f3i em movimento permanente, orientado para a forma\u00e7\u00e3o anal\u00edtica, para a transmiss\u00e3o da psican\u00e1lise em sua \u00e1rea de abrang\u00eancia e pelos princ\u00edpios que regem o funcionamento de nossa Escola, entre os quais destacamos a transfer\u00eancia de trabalho, a permuta\u00e7\u00e3o e as conex\u00f5es &#8211; com a cidade, com a \u00e9poca em que vivemos e com outros saberes.<\/p>\n<ul>\n<li>\n<p style=\"font-weight: 400;\"><strong>Diretor de Biblioteca<\/strong><br \/>\nGustavo Ramos (EBP\/AMP)<\/p>\n<\/li>\n<li style=\"font-weight: 400;\"><strong>Comiss\u00e3o de Biblioteca:<\/strong>\n<ul>\n<li style=\"font-weight: 400;\"><span style=\"color: var(--wpex-text-2);\">Ana Maria Alves de Souza<\/span><\/li>\n<li style=\"font-weight: 400;\"><span style=\"color: var(--wpex-text-2);\">Andr\u00e9a Tochetto<\/span><\/li>\n<li style=\"font-weight: 400;\"><span style=\"color: var(--wpex-text-2);\">Cauana Mestre<\/span><\/li>\n<li style=\"font-weight: 400;\"><span style=\"color: var(--wpex-text-2);\">Juan Galigniana<\/span><\/li>\n<li style=\"font-weight: 400;\"><span style=\"color: var(--wpex-text-2);\">Licene Garcia<\/span><\/li>\n<li style=\"font-weight: 400;\"><span style=\"color: var(--wpex-text-2);\">Paula Nocquet<\/span><\/li>\n<li style=\"font-weight: 400;\"><span style=\"color: var(--wpex-text-2);\">Priscila de S\u00e1 Santos<\/span><\/li>\n<li style=\"font-weight: 400;\"><span style=\"color: var(--wpex-text-2);\">Rafael Marques Longo<\/span><\/li>\n<li style=\"font-weight: 400;\"><span style=\"color: var(--wpex-text-2);\">Victor Hugo Vieira<\/span><\/li>\n<\/ul>\n<\/li>\n<\/ul>\n<ul>\n<li><strong>Bibliotec\u00e1rio respons\u00e1vel<\/strong><br \/>\nEdson Roberto Mohr<br \/>\nEmail: <b><a href=\"mailto:ebpsulbiblioteca@gmail.com\" target=\"_blank\" rel=\"noopener\">ebpsulbiblioteca@gmail.com<\/a><\/b><\/li>\n<\/ul>\n<p><a href=\"#_ftnref1\" name=\"_ftn1\"><\/a>[\/vc_column_text][\/vc_column][\/vc_row]\n<\/section>","protected":false},"excerpt":{"rendered":"<p>[vc_row][vc_column][vc_column_text]Nossa Biblioteca se constr\u00f3i em movimento permanente, orientado para a forma\u00e7\u00e3o anal\u00edtica, para a transmiss\u00e3o da psican\u00e1lise em sua \u00e1rea de abrang\u00eancia e pelos princ\u00edpios que regem o funcionamento de nossa Escola, entre os quais destacamos a transfer\u00eancia de trabalho, a permuta\u00e7\u00e3o e as conex\u00f5es &#8211; com a cidade, com a \u00e9poca em que vivemos&hellip;<\/p>\n","protected":false},"author":1,"featured_media":0,"parent":0,"menu_order":0,"comment_status":"closed","ping_status":"closed","template":"","meta":{"footnotes":""},"class_list":["post-1532","page","type-page","status-publish","hentry","entry","no-media"],"_links":{"self":[{"href":"https:\/\/ebp.org.br\/sul\/wp-json\/wp\/v2\/pages\/1532","targetHints":{"allow":["GET"]}}],"collection":[{"href":"https:\/\/ebp.org.br\/sul\/wp-json\/wp\/v2\/pages"}],"about":[{"href":"https:\/\/ebp.org.br\/sul\/wp-json\/wp\/v2\/types\/page"}],"author":[{"embeddable":true,"href":"https:\/\/ebp.org.br\/sul\/wp-json\/wp\/v2\/users\/1"}],"replies":[{"embeddable":true,"href":"https:\/\/ebp.org.br\/sul\/wp-json\/wp\/v2\/comments?post=1532"}],"version-history":[{"count":3,"href":"https:\/\/ebp.org.br\/sul\/wp-json\/wp\/v2\/pages\/1532\/revisions"}],"predecessor-version":[{"id":5311,"href":"https:\/\/ebp.org.br\/sul\/wp-json\/wp\/v2\/pages\/1532\/revisions\/5311"}],"wp:attachment":[{"href":"https:\/\/ebp.org.br\/sul\/wp-json\/wp\/v2\/media?parent=1532"}],"curies":[{"name":"wp","href":"https:\/\/api.w.org\/{rel}","templated":true}]}}

<section class="wpb-content-wrapper">[vc_row][vc_column][vc_column_text]Nossa Biblioteca se constrói em movimento permanente, orientado para a formação analítica, para a transmissão da psicanálise em sua área de abrangência e pelos princípios que regem o funcionamento de nossa Escola, entre os quais destacamos a transferência de trabalho, a permutação e as conexões &#8211; com a cidade, com a época em que vivemos e com outros saberes.</p>
<ul>
<li>
<p style="font-weight: 400;"><strong>Diretor de Biblioteca</strong><br />
Gustavo Ramos (EBP/AMP)</p>
</li>
<li style="font-weight: 400;"><strong>Comissão de Biblioteca:</strong>
<ul>
<li style="font-weight: 400;"><span style="color: var(--wpex-text-2);">Ana Maria Alves de Souza</span></li>
<li style="font-weight: 400;"><span style="color: var(--wpex-text-2);">Andréa Tochetto</span></li>
<li style="font-weight: 400;"><span style="color: var(--wpex-text-2);">Cauana Mestre</span></li>
<li style="font-weight: 400;"><span style="color: var(--wpex-text-2);">Juan Galigniana</span></li>
<li style="font-weight: 400;"><span style="color: var(--wpex-text-2);">Licene Garcia</span></li>
<li style="font-weight: 400;"><span style="color: var(--wpex-text-2);">Paula Nocquet</span></li>
<li style="font-weight: 400;"><span style="color: var(--wpex-text-2);">Priscila de Sá Santos</span></li>
<li style="font-weight: 400;"><span style="color: var(--wpex-text-2);">Rafael Marques Longo</span></li>
<li style="font-weight: 400;"><span style="color: var(--wpex-text-2);">Victor Hugo Vieira</span></li>
</ul>
</li>
</ul>
<ul>
<li><strong>Bibliotecário responsável</strong><br />
Edson Roberto Mohr<br />
Email: <b><a href="mailto:ebpsulbiblioteca@gmail.com" target="_blank" rel="noopener">ebpsulbiblioteca@gmail.com</a></b></li>
</ul>
<p><a href="#_ftnref1" name="_ftn1"></a>[/vc_column_text][/vc_column][/vc_row]
</section>

<p>[vc_row][vc_column][vc_column_text]Nossa Biblioteca se constrói em movimento permanente, orientado para a formação analítica, para a transmissão da psicanálise em sua área de abrangência e pelos princípios que regem o funcionamento de nossa Escola, entre os quais destacamos a transferência de trabalho, a permutação e as conexões &#8211; com a cidade, com a época em que vivemos&hellip;</p>
