{"id":5585,"date":"2021-06-04T11:31:40","date_gmt":"2021-06-04T14:31:40","guid":{"rendered":"https:\/\/ebp.org.br\/sp\/?page_id=5585"},"modified":"2021-06-04T11:31:40","modified_gmt":"2021-06-04T14:31:40","slug":"carta-de-sao-paulo-ano-25-no1-2018","status":"publish","type":"page","link":"https:\/\/ebp.org.br\/sp\/biblioteca\/publicacoes\/carta-sp-impressa\/carta-de-sao-paulo-ano-25-no1-2018\/","title":{"rendered":"Carta de S\u00e3o Paulo Ano 25 \u2013 n\u00ba1 \u2013 2018"},"content":{"rendered":"<section class=\"wpb-content-wrapper\">[vc_row][vc_column][eikra-vc-text-title style=&#8221;style2&#8243; title=&#8221;Carta de S\u00e3o Paulo Impressa&#8221;]\n<h3><span style=\"color: #993300;\">Ano 25 \u2013 n\u00ba1 \u2013 2018<\/span><\/h3>\n[\/eikra-vc-text-title][vc_separator][\/vc_column][\/vc_row][vc_row][vc_column width=&#8221;1\/2&#8243;][vc_single_image image=&#8221;3151&#8243; img_size=&#8221;full&#8221; onclick=&#8221;custom_link&#8221; link=&#8221;http:\/\/ebp.org.br\/sp\/wp-content\/uploads\/2018\/04\/carta-16-no-1-2009.pdf&#8221;][\/vc_column][vc_column width=&#8221;1\/2&#8243;][vc_column_text]<strong>8 &#8211; EDITORIAL<\/strong> &#8211; Daniela de Camargo Barros Affonso.<\/p>\n<p><strong>PAI-VERS\u00d5ES<\/strong><br \/>\n11 &#8211; Argumentos das VII Jornadas da EBP- SP -Pai-vers\u00f5es &#8211; Sandra Arruda Grostein e Carmen Silvia Cervelatti.<br \/>\n16 &#8211; Abertura das VII Jornadas &#8211; Angelina Harari.<br \/>\n20 &#8211; O pai, um imposs\u00edvel de suportar &#8211; Pierre Naveau.<\/p>\n<p><strong>SERVIR-SE DO PAI<\/strong><br \/>\n31 &#8211; Prescindir do pai com a condi\u00e7\u00e3o de servir-se dele &#8211; Luiz Fernando Carrijo da Cunha.<br \/>\n42 &#8211; Pai: exemplo de transgress\u00e3o &#8211; Renato Andrade.<br \/>\n46 &#8211; Revisitando o conceito de pervers\u00e3o &#8211; Gustavo Oliveira Menezes.<\/p>\n<p><strong>PAI: DO UNIVERSAL AO SINGULAR.<\/strong><br \/>\n55 &#8211; Pluraliza\u00e7\u00e3o &#8211; Luis Tudanca.<br \/>\n60 &#8211; Duas vers\u00f5es do gozo &#8211; Eduardo Su\u00e1rez.<br \/>\n65 &#8211; Os Nomes-do-Pai e as identifica\u00e7\u00f5es do sujeito &#8211; Maria Cec\u00edlia Galletti Ferretti.<br \/>\n69 &#8211; Da transfer\u00eancia fez-se um nome &#8211; Carmen Silvia Cervelatti.<\/p>\n<p><strong>DO DECL\u00cdNIO DO PAI<\/strong><br \/>\n79 &#8211; Vest\u00edgios da evapora\u00e7\u00e3o do pai &#8211; Patr\u00edcia Badari.<br \/>\n86 &#8211; A droga do toxic\u00f4mano &#8211; J\u00e9sus Santiago.<br \/>\n107 &#8211; A segrega\u00e7\u00e3o em tempos de hiperconex\u00e3o e\u00a0 decl\u00ednio do pai &#8211; Antonio Peixoto Alberto de Almeida.<br \/>\n112 &#8211; P\u00e8re-version: a fun\u00e7\u00e3o paterna na era de Outro algor\u00edtmico -J\u00falio C\u00e9sar Lemes de Castro.<\/p>\n<p><strong>PAI IMAGIN\u00c1RIO, SIMB\u00d3LICO E REAL<\/strong><br \/>\n118 &#8211; O pai imagin\u00e1rio &#8211; Daniela de Camargo Barros Affonso.<br \/>\n126 &#8211; O pai no simb\u00f3lico &#8211; Silvia Sato.<br \/>\n133 &#8211; Pai real &#8211; Maria Helena Barbosa.<\/p>\n<p><strong>ENSINO DO PASSE<\/strong><br \/>\n143 &#8211; Quando se estraga a fun\u00e7\u00e3o paterna &#8211; Maria Josefina Sota Fuentes.<br \/>\n153 &#8211; Coment\u00e1rio do passe de Maria Josefina Sota Fuentes &#8211; Elisa Alvarenga.<br \/>\n159 &#8211; 1,2,3 e\u2026 (em andamento molto vivace) &#8211; S\u00e9rgio Laia.<br \/>\n169 &#8211; Coment\u00e1rio do passe de S\u00e9rgio Laia &#8211; Elisa Alvarenga.<\/p>\n<p><strong>DO AMOR E DO SEXO<\/strong><br \/>\n175 &#8211; O homem que queria ser normal &#8211; Christiane Alberti.[\/vc_column_text][\/vc_column][\/vc_row]\n<\/section>","protected":false},"excerpt":{"rendered":"<p>[vc_row][vc_column][eikra-vc-text-title style=&#8221;style2&#8243; title=&#8221;Carta de S\u00e3o Paulo Impressa&#8221;] Ano 25 \u2013 n\u00ba1 \u2013 2018 [\/eikra-vc-text-title][vc_separator][\/vc_column][\/vc_row][vc_row][vc_column width=&#8221;1\/2&#8243;][vc_single_image image=&#8221;3151&#8243; img_size=&#8221;full&#8221; onclick=&#8221;custom_link&#8221; link=&#8221;http:\/\/ebp.org.br\/sp\/wp-content\/uploads\/2018\/04\/carta-16-no-1-2009.pdf&#8221;][\/vc_column][vc_column width=&#8221;1\/2&#8243;][vc_column_text]8 &#8211; EDITORIAL &#8211; Daniela de Camargo Barros Affonso. PAI-VERS\u00d5ES 11 &#8211; Argumentos das VII Jornadas da EBP- SP -Pai-vers\u00f5es &#8211; Sandra Arruda Grostein e Carmen Silvia Cervelatti. 16 &#8211; Abertura das VII Jornadas &#8211; Angelina&hellip;<\/p>\n","protected":false},"author":1,"featured_media":0,"parent":2743,"menu_order":0,"comment_status":"closed","ping_status":"closed","template":"","meta":{"footnotes":""},"class_list":["post-5585","page","type-page","status-publish","hentry","entry","no-media"],"aioseo_notices":[],"_links":{"self":[{"href":"https:\/\/ebp.org.br\/sp\/wp-json\/wp\/v2\/pages\/5585","targetHints":{"allow":["GET"]}}],"collection":[{"href":"https:\/\/ebp.org.br\/sp\/wp-json\/wp\/v2\/pages"}],"about":[{"href":"https:\/\/ebp.org.br\/sp\/wp-json\/wp\/v2\/types\/page"}],"author":[{"embeddable":true,"href":"https:\/\/ebp.org.br\/sp\/wp-json\/wp\/v2\/users\/1"}],"replies":[{"embeddable":true,"href":"https:\/\/ebp.org.br\/sp\/wp-json\/wp\/v2\/comments?post=5585"}],"version-history":[{"count":0,"href":"https:\/\/ebp.org.br\/sp\/wp-json\/wp\/v2\/pages\/5585\/revisions"}],"up":[{"embeddable":true,"href":"https:\/\/ebp.org.br\/sp\/wp-json\/wp\/v2\/pages\/2743"}],"wp:attachment":[{"href":"https:\/\/ebp.org.br\/sp\/wp-json\/wp\/v2\/media?parent=5585"}],"curies":[{"name":"wp","href":"https:\/\/api.w.org\/{rel}","templated":true}]}}

Carta de São Paulo Ano 25 – nº1 – 2018

<section class="wpb-content-wrapper">[vc_row][vc_column][eikra-vc-text-title style=&#8221;style2&#8243; title=&#8221;Carta de São Paulo Impressa&#8221;]
<h3><span style="color: #993300;">Ano 25 – nº1 – 2018</span></h3>
[/eikra-vc-text-title][vc_separator][/vc_column][/vc_row][vc_row][vc_column width=&#8221;1/2&#8243;][vc_single_image image=&#8221;3151&#8243; img_size=&#8221;full&#8221; onclick=&#8221;custom_link&#8221; link=&#8221;http://ebp.org.br/sp/wp-content/uploads/2018/04/carta-16-no-1-2009.pdf&#8221;][/vc_column][vc_column width=&#8221;1/2&#8243;][vc_column_text]<strong>8 &#8211; EDITORIAL</strong> &#8211; Daniela de Camargo Barros Affonso.</p>
<p><strong>PAI-VERSÕES</strong><br />
11 &#8211; Argumentos das VII Jornadas da EBP- SP -Pai-versões &#8211; Sandra Arruda Grostein e Carmen Silvia Cervelatti.<br />
16 &#8211; Abertura das VII Jornadas &#8211; Angelina Harari.<br />
20 &#8211; O pai, um impossível de suportar &#8211; Pierre Naveau.</p>
<p><strong>SERVIR-SE DO PAI</strong><br />
31 &#8211; Prescindir do pai com a condição de servir-se dele &#8211; Luiz Fernando Carrijo da Cunha.<br />
42 &#8211; Pai: exemplo de transgressão &#8211; Renato Andrade.<br />
46 &#8211; Revisitando o conceito de perversão &#8211; Gustavo Oliveira Menezes.</p>
<p><strong>PAI: DO UNIVERSAL AO SINGULAR.</strong><br />
55 &#8211; Pluralização &#8211; Luis Tudanca.<br />
60 &#8211; Duas versões do gozo &#8211; Eduardo Suárez.<br />
65 &#8211; Os Nomes-do-Pai e as identificações do sujeito &#8211; Maria Cecília Galletti Ferretti.<br />
69 &#8211; Da transferência fez-se um nome &#8211; Carmen Silvia Cervelatti.</p>
<p><strong>DO DECLÍNIO DO PAI</strong><br />
79 &#8211; Vestígios da evaporação do pai &#8211; Patrícia Badari.<br />
86 &#8211; A droga do toxicômano &#8211; Jésus Santiago.<br />
107 &#8211; A segregação em tempos de hiperconexão e  declínio do pai &#8211; Antonio Peixoto Alberto de Almeida.<br />
112 &#8211; Père-version: a função paterna na era de Outro algorítmico -Júlio César Lemes de Castro.</p>
<p><strong>PAI IMAGINÁRIO, SIMBÓLICO E REAL</strong><br />
118 &#8211; O pai imaginário &#8211; Daniela de Camargo Barros Affonso.<br />
126 &#8211; O pai no simbólico &#8211; Silvia Sato.<br />
133 &#8211; Pai real &#8211; Maria Helena Barbosa.</p>
<p><strong>ENSINO DO PASSE</strong><br />
143 &#8211; Quando se estraga a função paterna &#8211; Maria Josefina Sota Fuentes.<br />
153 &#8211; Comentário do passe de Maria Josefina Sota Fuentes &#8211; Elisa Alvarenga.<br />
159 &#8211; 1,2,3 e… (em andamento molto vivace) &#8211; Sérgio Laia.<br />
169 &#8211; Comentário do passe de Sérgio Laia &#8211; Elisa Alvarenga.</p>
<p><strong>DO AMOR E DO SEXO</strong><br />
175 &#8211; O homem que queria ser normal &#8211; Christiane Alberti.[/vc_column_text][/vc_column][/vc_row]
</section>

<p>[vc_row][vc_column][eikra-vc-text-title style=&#8221;style2&#8243; title=&#8221;Carta de São Paulo Impressa&#8221;] Ano 25 – nº1 – 2018 [/eikra-vc-text-title][vc_separator][/vc_column][/vc_row][vc_row][vc_column width=&#8221;1/2&#8243;][vc_single_image image=&#8221;3151&#8243; img_size=&#8221;full&#8221; onclick=&#8221;custom_link&#8221; link=&#8221;http://ebp.org.br/sp/wp-content/uploads/2018/04/carta-16-no-1-2009.pdf&#8221;][/vc_column][vc_column width=&#8221;1/2&#8243;][vc_column_text]8 &#8211; EDITORIAL &#8211; Daniela de Camargo Barros Affonso. PAI-VERSÕES 11 &#8211; Argumentos das VII Jornadas da EBP- SP -Pai-versões &#8211; Sandra Arruda Grostein e Carmen Silvia Cervelatti. 16 &#8211; Abertura das VII Jornadas &#8211; Angelina&hellip;</p>
