{"id":10102,"date":"2026-04-01T06:29:41","date_gmt":"2026-04-01T09:29:41","guid":{"rendered":"https:\/\/ebp.org.br\/sp\/?post_type=mec-events&#038;p=10102"},"modified":"2026-04-01T06:29:41","modified_gmt":"2026-04-01T09:29:41","slug":"atividade-da-diretoria-da-ebp-secao-sao-paulo-lancamento-das-xiv-jornadas-da-ebp-secao-sao-paulo","status":"publish","type":"mec-events","link":"https:\/\/ebp.org.br\/sp\/events\/atividade-da-diretoria-da-ebp-secao-sao-paulo-lancamento-das-xiv-jornadas-da-ebp-secao-sao-paulo\/","title":{"rendered":"Atividade da Diretoria da EBP \u2013 Se\u00e7\u00e3o S\u00e3o Paulo &#8211; Lan\u00e7amento das XIV Jornadas da EBP \u2013 Se\u00e7\u00e3o S\u00e3o Paulo"},"content":{"rendered":"<p><strong>Apresentam:<\/strong> Camila Popadiuk \u2013 Membro da EBP\/AMP, Maria do Carmo Dias Batista \u2013 AME da EBP\/AMP, \u00a0Veridiana\u00a0Marucio \u2013 Membro da EBP\/AMP<\/p>\n<p><strong>Coordena:<\/strong> Alessandra Sartorello Pecego \u2013 Membro da EBP\/AMP<\/p>\n","protected":false},"excerpt":{"rendered":"<p>Apresentam: Camila Popadiuk \u2013 Membro da EBP\/AMP, Maria do Carmo Dias Batista \u2013 AME da EBP\/AMP, \u00a0Veridiana\u00a0Marucio \u2013 Membro da EBP\/AMP Coordena: Alessandra Sartorello Pecego \u2013 Membro da EBP\/AMP<\/p>\n","protected":false},"author":1,"featured_media":0,"comment_status":"closed","ping_status":"closed","template":"","tags":[],"mec_category":[],"class_list":["post-10102","mec-events","type-mec-events","status-publish","hentry","entry","no-media"],"aioseo_notices":[],"_links":{"self":[{"href":"https:\/\/ebp.org.br\/sp\/wp-json\/wp\/v2\/mec-events\/10102","targetHints":{"allow":["GET"]}}],"collection":[{"href":"https:\/\/ebp.org.br\/sp\/wp-json\/wp\/v2\/mec-events"}],"about":[{"href":"https:\/\/ebp.org.br\/sp\/wp-json\/wp\/v2\/types\/mec-events"}],"author":[{"embeddable":true,"href":"https:\/\/ebp.org.br\/sp\/wp-json\/wp\/v2\/users\/1"}],"replies":[{"embeddable":true,"href":"https:\/\/ebp.org.br\/sp\/wp-json\/wp\/v2\/comments?post=10102"}],"wp:attachment":[{"href":"https:\/\/ebp.org.br\/sp\/wp-json\/wp\/v2\/media?parent=10102"}],"wp:term":[{"taxonomy":"post_tag","embeddable":true,"href":"https:\/\/ebp.org.br\/sp\/wp-json\/wp\/v2\/tags?post=10102"},{"taxonomy":"mec_category","embeddable":true,"href":"https:\/\/ebp.org.br\/sp\/wp-json\/wp\/v2\/mec_category?post=10102"}],"curies":[{"name":"wp","href":"https:\/\/api.w.org\/{rel}","templated":true}]}}

Atividade da Diretoria da EBP – Seção São Paulo &#8211; Lançamento das XIV Jornadas da EBP – Seção São Paulo
