{"id":10101,"date":"2026-04-01T06:29:05","date_gmt":"2026-04-01T09:29:05","guid":{"rendered":"https:\/\/ebp.org.br\/sp\/?post_type=mec-events&#038;p=10101"},"modified":"2026-04-01T06:29:05","modified_gmt":"2026-04-01T09:29:05","slug":"atividade-da-diretoria-da-ebp-secao-sao-paulo-a-linguagem-come-o-real","status":"publish","type":"mec-events","link":"https:\/\/ebp.org.br\/sp\/events\/atividade-da-diretoria-da-ebp-secao-sao-paulo-a-linguagem-come-o-real\/","title":{"rendered":"Atividade da Diretoria da EBP \u2013 Se\u00e7\u00e3o S\u00e3o Paulo &#8211; A linguagem come o real"},"content":{"rendered":"<p><strong>Apresenta: <\/strong>Cl\u00e1udia Regina Santa Silva &#8211; Membro da EBP\/AMP<\/p>\n<p><strong>Debate: <\/strong>\u00c9lida Biasoli Lenci &#8211; Membro da EBP\/AMP<\/p>\n<p><strong>Coordena: <\/strong>Mirmila Alves Musse &#8211; Membro da EBP\/AMP<\/p>\n","protected":false},"excerpt":{"rendered":"<p>Apresenta: Cl\u00e1udia Regina Santa Silva &#8211; Membro da EBP\/AMP Debate: \u00c9lida Biasoli Lenci &#8211; Membro da EBP\/AMP Coordena: Mirmila Alves Musse &#8211; Membro da EBP\/AMP<\/p>\n","protected":false},"author":1,"featured_media":0,"comment_status":"closed","ping_status":"closed","template":"","tags":[],"mec_category":[],"class_list":["post-10101","mec-events","type-mec-events","status-publish","hentry","entry","no-media"],"aioseo_notices":[],"_links":{"self":[{"href":"https:\/\/ebp.org.br\/sp\/wp-json\/wp\/v2\/mec-events\/10101","targetHints":{"allow":["GET"]}}],"collection":[{"href":"https:\/\/ebp.org.br\/sp\/wp-json\/wp\/v2\/mec-events"}],"about":[{"href":"https:\/\/ebp.org.br\/sp\/wp-json\/wp\/v2\/types\/mec-events"}],"author":[{"embeddable":true,"href":"https:\/\/ebp.org.br\/sp\/wp-json\/wp\/v2\/users\/1"}],"replies":[{"embeddable":true,"href":"https:\/\/ebp.org.br\/sp\/wp-json\/wp\/v2\/comments?post=10101"}],"wp:attachment":[{"href":"https:\/\/ebp.org.br\/sp\/wp-json\/wp\/v2\/media?parent=10101"}],"wp:term":[{"taxonomy":"post_tag","embeddable":true,"href":"https:\/\/ebp.org.br\/sp\/wp-json\/wp\/v2\/tags?post=10101"},{"taxonomy":"mec_category","embeddable":true,"href":"https:\/\/ebp.org.br\/sp\/wp-json\/wp\/v2\/mec_category?post=10101"}],"curies":[{"name":"wp","href":"https:\/\/api.w.org\/{rel}","templated":true}]}}

Atividade da Diretoria da EBP – Seção São Paulo &#8211; A linguagem come o real

<p><strong>Apresenta: </strong>Cláudia Regina Santa Silva &#8211; Membro da EBP/AMP</p>
<p><strong>Debate: </strong>Élida Biasoli Lenci &#8211; Membro da EBP/AMP</p>
<p><strong>Coordena: </strong>Mirmila Alves Musse &#8211; Membro da EBP/AMP</p>

<p>Apresenta: Cláudia Regina Santa Silva &#8211; Membro da EBP/AMP Debate: Élida Biasoli Lenci &#8211; Membro da EBP/AMP Coordena: Mirmila Alves Musse &#8211; Membro da EBP/AMP</p>
