{"id":10100,"date":"2026-04-01T06:28:39","date_gmt":"2026-04-01T09:28:39","guid":{"rendered":"https:\/\/ebp.org.br\/sp\/?post_type=mec-events&#038;p=10100"},"modified":"2026-04-01T06:28:39","modified_gmt":"2026-04-01T09:28:39","slug":"atividade-da-diretoria-da-ebp-secao-sao-paulo-o-pai-e-um-sintoma","status":"publish","type":"mec-events","link":"https:\/\/ebp.org.br\/sp\/events\/atividade-da-diretoria-da-ebp-secao-sao-paulo-o-pai-e-um-sintoma\/","title":{"rendered":"Atividade da Diretoria da EBP \u2013 Se\u00e7\u00e3o S\u00e3o Paulo &#8211; O pai \u00e9 um sintoma"},"content":{"rendered":"<p><strong>Apresenta: <\/strong>Sandra Arruda Grostein &#8211; AME da EBP\/AMP<\/p>\n<p><strong>Debate: <\/strong>Patr\u00edcia Bichara &#8211; Membro da EBP\/AMP<\/p>\n<p><strong>Coordena: <\/strong>Jovita Carneiro de Lima &#8211; Membro da EBP\/AMP<\/p>\n","protected":false},"excerpt":{"rendered":"<p>Apresenta: Sandra Arruda Grostein &#8211; AME da EBP\/AMP Debate: Patr\u00edcia Bichara &#8211; Membro da EBP\/AMP Coordena: Jovita Carneiro de Lima &#8211; Membro da EBP\/AMP<\/p>\n","protected":false},"author":1,"featured_media":0,"comment_status":"closed","ping_status":"closed","template":"","tags":[],"mec_category":[],"class_list":["post-10100","mec-events","type-mec-events","status-publish","hentry","entry","no-media"],"aioseo_notices":[],"_links":{"self":[{"href":"https:\/\/ebp.org.br\/sp\/wp-json\/wp\/v2\/mec-events\/10100","targetHints":{"allow":["GET"]}}],"collection":[{"href":"https:\/\/ebp.org.br\/sp\/wp-json\/wp\/v2\/mec-events"}],"about":[{"href":"https:\/\/ebp.org.br\/sp\/wp-json\/wp\/v2\/types\/mec-events"}],"author":[{"embeddable":true,"href":"https:\/\/ebp.org.br\/sp\/wp-json\/wp\/v2\/users\/1"}],"replies":[{"embeddable":true,"href":"https:\/\/ebp.org.br\/sp\/wp-json\/wp\/v2\/comments?post=10100"}],"wp:attachment":[{"href":"https:\/\/ebp.org.br\/sp\/wp-json\/wp\/v2\/media?parent=10100"}],"wp:term":[{"taxonomy":"post_tag","embeddable":true,"href":"https:\/\/ebp.org.br\/sp\/wp-json\/wp\/v2\/tags?post=10100"},{"taxonomy":"mec_category","embeddable":true,"href":"https:\/\/ebp.org.br\/sp\/wp-json\/wp\/v2\/mec_category?post=10100"}],"curies":[{"name":"wp","href":"https:\/\/api.w.org\/{rel}","templated":true}]}}

Atividade da Diretoria da EBP – Seção São Paulo &#8211; O pai é um sintoma

<p><strong>Apresenta: </strong>Sandra Arruda Grostein &#8211; AME da EBP/AMP</p>
<p><strong>Debate: </strong>Patrícia Bichara &#8211; Membro da EBP/AMP</p>
<p><strong>Coordena: </strong>Jovita Carneiro de Lima &#8211; Membro da EBP/AMP</p>

<p>Apresenta: Sandra Arruda Grostein &#8211; AME da EBP/AMP Debate: Patrícia Bichara &#8211; Membro da EBP/AMP Coordena: Jovita Carneiro de Lima &#8211; Membro da EBP/AMP</p>
