{"id":13995,"date":"2025-11-24T14:46:50","date_gmt":"2025-11-24T17:46:50","guid":{"rendered":"https:\/\/ebp.org.br\/slo\/?page_id=13995"},"modified":"2025-11-24T14:46:50","modified_gmt":"2025-11-24T17:46:50","slug":"coletanea-no9","status":"publish","type":"page","link":"https:\/\/ebp.org.br\/slo\/jornadas\/coletanea-no9\/","title":{"rendered":"Colet\u00e2nea n\u00ba9"},"content":{"rendered":"<section class=\"wpb-content-wrapper\">[vc_row][vc_column width=&#8221;1\/2&#8243;][vc_column_text]\n<h3><span style=\"color: #800000;\">Apresenta\u00e7\u00e3o<\/span><\/h3>\n<p><span style=\"font-size: 13px;\">Por T\u00e2nia Regina Anchite Martins<\/span><br \/>\n<span style=\"font-size: 13px;\">Diretora de cart\u00e9is da EBP-LO no bi\u00eanio 2025 a 2027<\/span><br \/>\n<span style=\"font-size: 13px;\">Coorde<\/span>nadora das V Jornadas de cart\u00e9is da EBP-LO<\/p>\n<p>O cartel e a forma\u00e7\u00e3o do psicanalista foi o tema que escolhemos para estas Jornadas. Este \u00e9 o\u00a0 tema\u00a0 da confer\u00eancia de nossa convidada, Laura Rubi\u00e3o, diretora de cart\u00e9is da Escola Brasileira de Psican\u00e1lise, assim como\u00a0 foi o que orientou a\u00a0 estrat\u00e9gia de trabalho que adotamos.<\/p>\n<p>Provocar a elabora\u00e7\u00e3o \u00e9 fazer falar, circular a palavra visando o real da quest\u00e3o que cada um introduz no cartel atrav\u00e9s de seu tema de trabalho, provoca\u00e7\u00e3o que\u00a0 tenta fazer obst\u00e1culo a que o cartel se feche em um grupo.<\/p>\n<p>O produto \u00e9\u00a0 pr\u00f3prio de cada um, \u00e9 um n\u00e3o \u00e0 aglutina\u00e7\u00e3o que a transfer\u00eancia, inclusive a de trabalho, provocaria. Por mais que o coletivo trabalhe no cartel, \u00e9 interessante notar como o pr\u00f3prio faz manifestar, algumas vezes, \u00e9 claro, e n\u00e3o s\u00e3o muitas, o singular que recorta o tema do cartel e extrai um produto.<\/p>\n<p>Um cartel \u00e9 uma experi\u00eancia, e cada cartel \u00e9 uma.<\/p>\n<p>Em 1964,\u00a0 no Ato de funda\u00e7\u00e3o\u00a0 de sua Escola, Lacan prop\u00f5e o cartel como uma das formas de assegurar o\u00a0 seu trabalho.<\/p>\n<p>\u201cOs que vierem para esta Escola se comprometer\u00e3o\u00a0 a cumprir uma tarefa sujeita a um controle interno e externo. \u00c9-lhes assegurado, em troca, que nada ser\u00e1\u00a0 poupado para que tudo o que eles fizerem de v\u00e1lido tenha a repercuss\u00e3o que merecer no lugar que convier.\u201d<a href=\"#_ftn1\" name=\"_ftnref1\"><sup>[1]<\/sup><\/a><\/p>\n<p>Pensamos que uma Jornada de cart\u00e9is \u00e9 um\u00a0 destino para o que se produz nos cart\u00e9is, e que ela testemunha a rela\u00e7\u00e3o dos cartelizantes com o trabalho de Escola. Atualmente em nossa se\u00e7\u00e3o temos 26 cart\u00e9is inscritos,\u00a0 com diferentes percursos e teremos, portanto, textos tamb\u00e9m com diferentes est\u00e1gios de elabora\u00e7\u00e3o.<\/p>\n<p>Para a realiza\u00e7\u00e3o destas Jornadas contamos com o trabalho criterioso dos Mais Uns respons\u00e1veis pela sele\u00e7\u00e3o, aos quais pedimos que primeiro recebessem os textos e que pudessem trabalh\u00e1-los com os cartelizantes que se lan\u00e7aram \u00e0 escrita.<\/p>\n<p>Coube \u00e0 comiss\u00e3o cient\u00edfica a leitura dos textos e o trabalho com eles para organizar as mesas simult\u00e2neas. Procuramos\u00a0 acolher com aten\u00e7\u00e3o cada texto que nos foi endere\u00e7ado, e eles foram agrupados em mesas sob os temas: feminino, psican\u00e1lise com crian\u00e7as, sintoma, forma\u00e7\u00e3o e desejo do analista, corpo, luto e fantasma.<\/p>\n<p>A colet\u00e2nea cuidadosamente trabalhada pela comiss\u00e3o de publica\u00e7\u00e3o nos d\u00e1 a oportunidade de reunir os produtos dos cart\u00e9is de nossa se\u00e7\u00e3o, inscritos no cat\u00e1logo de cart\u00e9is da Escola Brasileira de Psican\u00e1lise , que recolhemos nas V Jornadas de cart\u00e9is da Se\u00e7\u00e3o Leste Oeste da EBP.<\/p>\n<p>Em nossas V Jornadas contamos tamb\u00e9m com o trabalho dedicado\u00a0 das comiss\u00f5es de divulga\u00e7\u00e3o, da qual n\u00f3s pudemos ver o trabalho\u00a0 criativo e ass\u00edduo, no empenho vivo de estimular a participa\u00e7\u00e3o na Jornada, e da comiss\u00e3o de infraestrutura cujo trabalho atencioso e a prontid\u00e3o se estendem desde o in\u00edcio dos movimentos de prepara\u00e7\u00e3o das Jornadas at\u00e9 ap\u00f3s o encerramento. As comiss\u00f5es foram compostas pelos Mais Um e por\u00a0 cartelizantes de cart\u00e9is inscritos na Se\u00e7\u00e3o Leste Oeste da EBP que se prontificaram a ajudar. Desejo a todos n\u00f3s um bom proveito deste trabalho.<\/p>\n<p>&nbsp;<\/p>\n<p><span style=\"font-size: 13px;\"><a href=\"#_ftnref1\" name=\"_ftn1\"><sup>[1]<\/sup><\/a> LACAN, J. Ato de\u00a0 funda\u00e7\u00e3o. Em <em>Outros Escritos.<\/em> Rio de Janeiro, Zahar, 2003.p.229<\/span>[\/vc_column_text][\/vc_column][vc_column width=&#8221;1\/2&#8243;][vc_single_image image=&#8221;13996&#8243; onclick=&#8221;custom_link&#8221; link=&#8221;https:\/\/ebp.org.br\/slo\/wp-content\/uploads\/2024\/09\/COLETANEA.pdf&#8221;][vc_empty_space]<div class=\"theme-button-wrap textcenter wpex-clr\"><a href=\"https:\/\/ebp.org.br\/slo\/wp-content\/uploads\/2025\/11\/COLETANEA.pdf\" class=\"vcex-button theme-button large align-center inline\" style=\"padding:5px;border-radius:var(--wpex-rounded-md);\" target=\"_blank\" rel=\"noopener noreferrer\"><span class=\"vcex-button-inner theme-button-inner\">DOWNLOAD<span class=\"vcex-button-icon vcex-icon-wrap theme-button-icon-right\"><span class=\"ticon ticon-file-pdf-o\" aria-hidden=\"true\"><\/span><\/span><\/span><\/a><\/div> [\/vc_column][\/vc_row]\n<\/section>","protected":false},"excerpt":{"rendered":"<p>[vc_row][vc_column width=&#8221;1\/2&#8243;][vc_column_text] Apresenta\u00e7\u00e3o Por T\u00e2nia Regina Anchite Martins Diretora de cart\u00e9is da EBP-LO no bi\u00eanio 2025 a 2027 Coordenadora das V Jornadas de cart\u00e9is da EBP-LO O cartel e a forma\u00e7\u00e3o do psicanalista foi o tema que escolhemos para estas Jornadas. Este \u00e9 o\u00a0 tema\u00a0 da confer\u00eancia de nossa convidada, Laura Rubi\u00e3o, diretora de cart\u00e9is&hellip;<\/p>\n","protected":false},"author":1,"featured_media":0,"parent":11376,"menu_order":0,"comment_status":"closed","ping_status":"closed","template":"","meta":{"footnotes":""},"class_list":["post-13995","page","type-page","status-publish","hentry","entry","no-media"],"_links":{"self":[{"href":"https:\/\/ebp.org.br\/slo\/wp-json\/wp\/v2\/pages\/13995","targetHints":{"allow":["GET"]}}],"collection":[{"href":"https:\/\/ebp.org.br\/slo\/wp-json\/wp\/v2\/pages"}],"about":[{"href":"https:\/\/ebp.org.br\/slo\/wp-json\/wp\/v2\/types\/page"}],"author":[{"embeddable":true,"href":"https:\/\/ebp.org.br\/slo\/wp-json\/wp\/v2\/users\/1"}],"replies":[{"embeddable":true,"href":"https:\/\/ebp.org.br\/slo\/wp-json\/wp\/v2\/comments?post=13995"}],"version-history":[{"count":1,"href":"https:\/\/ebp.org.br\/slo\/wp-json\/wp\/v2\/pages\/13995\/revisions"}],"predecessor-version":[{"id":13998,"href":"https:\/\/ebp.org.br\/slo\/wp-json\/wp\/v2\/pages\/13995\/revisions\/13998"}],"up":[{"embeddable":true,"href":"https:\/\/ebp.org.br\/slo\/wp-json\/wp\/v2\/pages\/11376"}],"wp:attachment":[{"href":"https:\/\/ebp.org.br\/slo\/wp-json\/wp\/v2\/media?parent=13995"}],"curies":[{"name":"wp","href":"https:\/\/api.w.org\/{rel}","templated":true}]}}