{"id":13819,"date":"2025-06-29T09:00:43","date_gmt":"2025-06-29T12:00:43","guid":{"rendered":"https:\/\/ebp.org.br\/slo\/?page_id=13819"},"modified":"2025-06-30T11:16:42","modified_gmt":"2025-06-30T14:16:42","slug":"vi-jornadas-ebp-secao-lo-encontros-e-desencontros-parcerias-sintomaticas-boletim-desequilibrio-02","status":"publish","type":"page","link":"https:\/\/ebp.org.br\/slo\/vi-jornadas-ebp-secao-lo-encontros-e-desencontros-parcerias-sintomaticas-boletim\/vi-jornadas-ebp-secao-lo-encontros-e-desencontros-parcerias-sintomaticas-boletim-desequilibrio-02\/","title":{"rendered":"VI Jornadas EBP Se\u00e7\u00e3o-LO \u2013 Encontros e desencontros &#8211; parcerias sintom\u00e1ticas &#8211; Boletim (DES)EQUIL\u00cdBRIO #02"},"content":{"rendered":"<section class=\"wpb-content-wrapper\">[vc_row][vc_column][vc_single_image image=&#8221;13647&#8243;][vc_column_text css=&#8221;.vc_custom_1751198289309{margin-top: -30px !important;padding-top: 10px !important;padding-bottom: 10px !important;background-color: #703914 !important;}&#8221;]\n<h3 style=\"text-align: center;\"><span style=\"color: #fcea0d;\"><strong>#02<\/strong><\/span><\/h3>\n[\/vc_column_text][\/vc_column][\/vc_row][vc_row css=&#8221;.vc_custom_1744201681801{background-color: #ffffff !important;}&#8221;][vc_column][vc_column_text]\n<h3><strong>Editorial<\/strong><\/h3>\n<p>No BOLETIM\u00a0<strong>#02<\/strong>, temos algumas preciosidades. De in\u00edcio, na rubrica \u201c<strong>Textos de Orienta\u00e7\u00e3o<\/strong><em>\u201d,\u00a0<\/em>nosso membro convidado \u00e0 escrita, Iordan Gurgel (AME-EBP\/AMP) nos contempla com a p\u00e9rola\u00a0<em>\u201cA solid\u00e3o do psic\u00f3tico\u201d<\/em>. O texto foi produzido a partir do que ressoou em Iordan a partir da refer\u00eancia presente no Eixo I: \u201cV\u00ea-se, em Joyce com Nora, um encontro contingente, que coloca em jogo tudo o que marca cada falasser [&#8230;]\u201d. Uma leitura que desdobra quest\u00f5es importantes a respeito de nosso tema.<\/p>\n<p>Na sequ\u00eancia, ainda na rubrica\u00a0<strong>\u201cTextos de Orienta\u00e7\u00e3o\u201d<\/strong>, tamb\u00e9m apresentamos a\u00a0<strong>parte I\u00a0<\/strong>do texto do nosso ilustre convidado internacional, Pierre Sidon (ECF\/AMP):\u00a0<em>\u201cO real \u00e9 nossa aspira\u00e7\u00e3o\u201d,\u00a0<\/em>que contemplar\u00e1 o Eixo 3. O autor retoma a defini\u00e7\u00e3o da toxicomania, articulando-a \u00e0 no\u00e7\u00e3o de aliena\u00e7\u00e3o \u2013 do gozo e da liberdade como pertencentes ao real para discutir o tratamento poss\u00edvel na cl\u00ednica com os toxic\u00f4manos: um tratamento que leva em conta o imposs\u00edvel e o real, convocando \u00e0 uma reorienta\u00e7\u00e3o quanto \u00e0 interpreta\u00e7\u00e3o anal\u00edtica.<\/p>\n<p>No convite a continuarem se equilibrando na leitura, na rubrica<strong>\u201cCorda Bamba\u201d<\/strong>\u00a0encontraremos o coment\u00e1rio de nossa cara Sandra Grostein (AME-EBP\/AMP) sobre a cita\u00e7\u00e3o extra\u00edda do Semin\u00e1rio 23 de Lacan: \u201c<em>Na medida em que h\u00e1 sinthoma, n\u00e3o h\u00e1 equival\u00eancia sexual, isto \u00e9, h\u00e1 rela\u00e7\u00e3o\u201d\u00a0<\/em>(p.198).<\/p>\n<p>Para finalizar, enfatizamos o convite \u00e0 inscri\u00e7\u00e3o em nossas VI Jornadas e lembr\u00e1-los sobre o prazo para o envio de trabalhos \u2013\u00a0<strong>05 de agosto<\/strong>, com as orienta\u00e7\u00f5es para a escrita \u2013, al\u00e9m de conferirem as indica\u00e7\u00f5es da\u00a0<em>comiss\u00e3o de acolhimento<\/em>\u00a0para hospedagem e alimenta\u00e7\u00e3o.<\/p>\n<p>Avante a leitura! Valer\u00e1 a pena se (des)equilibrar nela.<\/p>\n<p><em>Gabriel Caixeta<br \/>\nOrd\u00e1lia A Junqueira<\/em>[\/vc_column_text][vc_separator color=&#8221;orange&#8221; border_width=&#8221;2&#8243; css=&#8221;.vc_custom_1744202353604{padding-top: 40px !important;padding-bottom: 40px !important;}&#8221;][vc_single_image image=&#8221;13629&#8243;][vc_column_text]\n<h3><strong>TEXTOS DE ORIENTA\u00c7\u00c3O<\/strong><\/h3>\n<p><strong>\u201cA solid\u00e3o do psic\u00f3tico\u201d<\/strong><br \/>\n<em>IORDAN GURGEL &#8211; (AME-EBP\/AMP)<\/em><\/p>\n<p>Uma refer\u00eancia presente no argumento do Eixo I (O que dizer das parcerias nas psicoses e no autismo?)<a title=\"\" href=\"#_ftn1\" name=\"_ftnref1\"><sup>1<\/sup><\/a>\u2013\u00a0<em>\u201cV\u00ea-se, em Joyce com Nora, um encontro contingente, que coloca em jogo tudo o que marca cada falasser: o tra\u00e7o de seu ex\u00edlio da rela\u00e7\u00e3o sexual, a solid\u00e3o, o real da rela\u00e7\u00e3o sexual que n\u00e3o existe\u201d<\/em>\u00a0\u2013 deu-me o mote para trazer esta contribui\u00e7\u00e3o ao Boletim\u00a0<em>Desequil\u00edbrio<\/em>.<\/p>\n<p>Como sabemos, a solid\u00e3o \u00e9 uma condi\u00e7\u00e3o de todo sujeito que fala. Isso significa que, ao se dirigir ao Outro, h\u00e1 sempre algo que n\u00e3o se transmite, algo que n\u00e3o se compartilha completamente. Trata-se da solid\u00e3o pr\u00f3pria do sujeito falante: a linguagem \u2013 enquanto campo do Outro \u2013 nunca consegue dar conta da experi\u00eancia de gozo, daquilo que escapa \u00e0 significa\u00e7\u00e3o.<\/p>\n<p>Assim, para Lacan, o sujeito se constitui a partir da linguagem, na rela\u00e7\u00e3o com o Outro. Mas essa rela\u00e7\u00e3o jamais \u00e9 de completude: h\u00e1 sempre um furo, uma falta estrutural. E \u00e9 nessa condi\u00e7\u00e3o que a solid\u00e3o surge \u2013 n\u00e3o como um isolamento contingente, mas como efeito estrutural do fato de sermos sujeitos do inconsciente. Esta \u00e9 a condi\u00e7\u00e3o do sujeito neur\u00f3tico.<\/p>\n<p>Na psicose, por\u00e9m, a solid\u00e3o adquire outra ordem, pois h\u00e1 uma rela\u00e7\u00e3o alterada com o Outro: verifica-se a foraclus\u00e3o do Nome-do-Pai, o que implica a aus\u00eancia do significante que permitiria regular a cadeia significante a partir do Outro \u2013 n\u00e3o se estabelece a met\u00e1fora paterna capaz de operar uma normatiza\u00e7\u00e3o do gozo. Como consequ\u00eancia, sem a prote\u00e7\u00e3o do significante Nome-do-Pai, o sujeito fica exposto a uma rela\u00e7\u00e3o mais direta e intrusiva com o gozo e com a linguagem.<br \/>\nNos casos em que o Outro n\u00e3o se estabiliza, a solid\u00e3o ganha outro estatuto: n\u00e3o deve ser tomada apenas como efeito da estrutura simb\u00f3lica, mas como condi\u00e7\u00e3o de ex\u00edlio radical do la\u00e7o social, que pode se manifestar tanto pelo retraimento quanto pela erotomania, mas tamb\u00e9m pelos fen\u00f4menos elementares \u2013 enquanto tentativas de adapta\u00e7\u00e3o. Como dizia Cl\u00e9rambault, o del\u00edrio e a alucina\u00e7\u00e3o s\u00e3o companhias para o psic\u00f3tico<a title=\"\" href=\"#_ftn2\" name=\"_ftnref2\"><sup>2<\/sup><\/a>; \u00e9 o Outro que fala e o faz falado. Podemos lembrar do in\u00edcio da doen\u00e7a de Schreber, quando ele inicia seu afastamento social, se isola, delira e alucina, como uma forma de tratamento frente \u00e0 solid\u00e3o, consequente ao imposs\u00edvel de significantizar, decorrente da foraclus\u00e3o do Nome-do-Pai \u2013 era um modo singular de reordenar sua realidade.<\/p>\n<p>Na cl\u00ednica das psicoses, a solid\u00e3o pode assumir aspectos radicais. Pela foraclus\u00e3o do Nome-do-Pai e, em consequ\u00eancia, justamente porque o Outro nunca \u00e9 inteiramente acess\u00edvel, a solid\u00e3o no amor e no gozo se manifesta, e ocorre uma disrup\u00e7\u00e3o no sentimento de vida do sujeito. O psic\u00f3tico, em raz\u00e3o de sua dificuldade estrutural de se relacionar com o Outro, experimenta a solid\u00e3o por excel\u00eancia: est\u00e1 essencialmente s\u00f3, como se observa na cl\u00ednica da loucura. O melanc\u00f3lico se exila em seu excesso de culpa e autorreprova\u00e7\u00e3o; o paranoico, em sua certeza persecut\u00f3ria; e o esquizofr\u00eanico, na indiferen\u00e7a absoluta<a title=\"\" href=\"#_ftn3\" name=\"_ftnref3\"><sup>3<\/sup><\/a>.<\/p>\n<p>O problema \u00e9 que essa solid\u00e3o essencial n\u00e3o basta para tratar o insuport\u00e1vel foraclusivo que motivou tal retirada. No entanto, \u00e9 justamente esse desconforto que abre a via para um pedido de socorro e, a partir de um encontro com o analista, essa solid\u00e3o estrutural pode encontrar algum abrandamento.<\/p>\n<p>Essa \u00e9 a condi\u00e7\u00e3o que nos orienta na dire\u00e7\u00e3o do tratamento: o encontro do psic\u00f3tico com um analista constitui-se como um recurso frente \u00e0 solid\u00e3o devastadora que imp\u00f5e a certeza, o mutismo e o bl\u00e1-bl\u00e1-bl\u00e1 interior que o levam a se perder em si mesmo. \u00c9 justamente esse ponto que precisa ser escutado e acolhido<a title=\"\" href=\"#_ftn4\" name=\"_ftnref4\"><sup>4<\/sup><\/a>. A\u00ed reside o essencial do encontro: que a loucura possa se manifestar e ser escutada. Cabe ao analista possibilitar esses encontros e permitir ao sujeito encontrar um lugar no Outro que acolha sua certeza \u2013 sem a questionar \u2013 e esteja disposto a, sucessivamente, reencontr\u00e1-lo e suportar sua desordem. Por isso, a rela\u00e7\u00e3o do psic\u00f3tico com o Outro \u00e9 sempre problem\u00e1tica e exige, para regular o gozo invasivo, uma supl\u00eancia, uma inven\u00e7\u00e3o particular para lidar com esse Outro, que n\u00e3o se apresenta de entrada como consistente.<\/p>\n<p><span style=\"font-size: 13px;\"><a title=\"\" href=\"#_ftnref1\" name=\"_ftn1\"><sup>1<\/sup><\/a>\u00a0Por Rosangela Ribeiro (EBP\/AMP) e Bartyra Ribeiro de Castro (EBP\/AMP).<\/span><br \/>\n<span style=\"font-size: 13px;\"><a title=\"\" href=\"#_ftnref2\" name=\"_ftn2\"><sup>2<\/sup><\/a>\u00a0Citado por Jos\u00e9 Mar\u00eda \u00c1lvarez em \u2018Princ\u00edpios de uma psicoterapia de la psicoses\u2019, Xoroi Edicions, 2020, p.94.<\/span><br \/>\n<span style=\"font-size: 13px;\"><a title=\"\" href=\"#_ftnref3\" name=\"_ftn3\"><sup>3<\/sup><\/a>\u00a0Idem, p.79.<\/span><br \/>\n<span style=\"font-size: 13px;\"><a title=\"\" href=\"#_ftnref4\" name=\"_ftn4\"><sup>4<\/sup><\/a>\u00a0Ibidem, p. 16<\/span><\/p>\n<hr \/>\n<p><strong>\u201cO real \u00e9 nossa aspira\u00e7\u00e3o\u201d<\/strong><br \/>\n<em>PIERRE SIDON \u2013 (ECF\/AMP)<\/em><\/p>\n<p>Dentre as defini\u00e7\u00f5es da toxicomania e das adic\u00e7\u00f5es, a famosa tese repercutida, por exemplo, no c\u00e9lebre Manual de Psiquiatria, de Henri Ey, comporta a ideia aparentemente psicanal\u00edtica de &#8220;regress\u00e3o a um prazer parcial&#8221;: &#8220;a conduta espec\u00edfica, do tipo perverso, que constitui uma regress\u00e3o instintivo-afetiva, um verdadeiro e profundo desequil\u00edbrio na integra\u00e7\u00e3o das puls\u00f5es.&#8221;&#8230;<\/p>\n<p><a href=\"https:\/\/ebp.org.br\/slo\/vi-jornadas-ebp-secao-lo-encontros-e-desencontros-parcerias-sintomaticas-textos-de-orientacao\/o-real-e-nossa-aspiracao-parte-i\/\" target=\"_blank\" rel=\"noopener\">LEIA +<\/a>[\/vc_column_text][vc_empty_space height=&#8221;20px&#8221;][vc_separator color=&#8221;orange&#8221; border_width=&#8221;2&#8243; css=&#8221;.vc_custom_1744202353604{padding-top: 40px !important;padding-bottom: 40px !important;}&#8221;][vc_single_image image=&#8221;13630&#8243;][vc_column_text]\n<h3><strong>Corda Bamba<\/strong><\/h3>\n<p style=\"padding-left: 120px;\">\u201c<em>Na medida em que h\u00e1 sinthoma, n\u00e3o h\u00e1 equival\u00eancia sexual, isto \u00e9, h\u00e1 rela\u00e7\u00e3o<\/em>\u201d. (Lacan,\u00a0<em>O semin\u00e1rio, livro 23: o sinthoma<\/em>, p. 198)<\/p>\n<p><strong>Coment\u00e1rio de Sandra Grostein (AME-EBP\/AMP)<\/strong><\/p>\n<p>H\u00e1 rela\u00e7\u00e3o. Miller, nos seis paradigmas do gozo, mais precisamente no sexto paradigma, vai dizer que este \u00e9 fundado sobre a n\u00e3o rela\u00e7\u00e3o sexual, sobre a disjun\u00e7\u00e3o entre o significante e o gozo, a disjun\u00e7\u00e3o do gozo e do Outro, a disjun\u00e7\u00e3o do homem e da mulher. Para dizer que h\u00e1 rela\u00e7\u00e3o, \u00e9 preciso exatamente diferenciar o gozo da n\u00e3o rela\u00e7\u00e3o, no qual o sintoma se apresenta como signo de uma satisfa\u00e7\u00e3o substitutiva, desde Freud, e o sinthoma como marca da n\u00e3o equival\u00eancia entre os sexos.<\/p>\n<p>Lacan considera que a linguagem em sua fun\u00e7\u00e3o de fazer furo aprofunda o oco do real da sexualidade e promove um gozo, que a psican\u00e1lise como experi\u00eancia visa reduzir.\u00a0 Esbo\u00e7amos uma resposta na qual a topologia \u00e9 o recurso que Lacan utiliza para colocar o tratamento pela palavra no patamar em que a linguagem como gozo, \u201cque come o real\u201d, que se confunde com o simb\u00f3lico, possa se articular com o imagin\u00e1rio para dar suporte ao sinthoma.[\/vc_column_text][vc_separator color=&#8221;orange&#8221; border_width=&#8221;2&#8243; css=&#8221;.vc_custom_1744202353604{padding-top: 40px !important;padding-bottom: 40px !important;}&#8221;][vc_single_image image=&#8221;13631&#8243;][vc_empty_space height=&#8221;20px&#8221;][vc_column_text]\n<h3 style=\"text-align: center;\"><strong>Informes<\/strong><\/h3>\n[\/vc_column_text][vc_column_text]\n<h3><strong>ACOLHIMENTO<\/strong><\/h3>\n<p>Preparamos uma primeira lista com algumas sugest\u00f5es da comiss\u00e3o de acolhimento, sobretudo no que se refere \u00e0s hospedagens. E, uma lista das op\u00e7\u00f5es gastron\u00f4micas e culturais da cidade.<\/p>\n<p>Caros (des)equilibristas, aguardamos voc\u00eas para se (des)encontrarem por aqui![\/vc_column_text][vc_empty_space height=&#8221;20px&#8221;]<a href=\"https:\/\/ebp.org.br\/slo\/vi-jornadas-ebp-secao-lo-encontros-e-desencontros-parcerias-sintomaticas-acolhimento\/vi-jornadas-ebp-secao-lo-encontros-e-desencontros-parcerias-sintomaticas-hospedagem\/\" class=\"vcex-button theme-button inline\" style=\"background:#eeee22;color:#0a0a0a;\" data-wpex-hover='{&quot;background&quot;:&quot;#d3c41d&quot;,&quot;color&quot;:&quot;#0a0a0a&quot;}'><span class=\"vcex-button-inner theme-button-inner\">LEIA +<\/span><\/a> [vc_empty_space height=&#8221;20px&#8221;][vc_column_text]\n<h3><strong>ENVIO DE TRABALHOS:<br \/>\n<\/strong><\/h3>\n<p>Acerca dos trabalhos enviados para as mesas simult\u00e2neas, comunicamos que, uma vez aceitos pela Comiss\u00e3o Cient\u00edfica, eles ser\u00e3o encaminhados para a Comiss\u00e3o Editorial para a revis\u00e3o gramatical dos textos e a padroniza\u00e7\u00e3o nas normas acad\u00eamicas, visando sua publica\u00e7\u00e3o na Colet\u00e2nea das VI Jornadas (anais). Se necess\u00e1rio, caber\u00e1 \u00e0 Comiss\u00e3o Editorial a interlocu\u00e7\u00e3o com os autores dos textos aceitos para dirimir d\u00favidas na formata\u00e7\u00e3o e propor ajustes para publica\u00e7\u00e3o.<\/p>\n<p><em>Comiss\u00e3o Editorial das VI Jornadas<br \/>\nCoord. Olenice Amorim Gon\u00e7alves<\/em>[\/vc_column_text][vc_empty_space height=&#8221;20px&#8221;][vc_row_inner][vc_column_inner width=&#8221;1\/4&#8243;][vc_single_image image=&#8221;13627&#8243; alignment=&#8221;center&#8221; onclick=&#8221;custom_link&#8221; link=&#8221;https:\/\/ebp.org.br\/slo\/vi-jornadas-ebp-secao-lo-encontros-e-desencontros-parcerias-sintomaticas-envio-de-trabalhos\/&#8221;][vc_empty_space height=&#8221;20px&#8221;][vc_column_text]\n<p style=\"text-align: center;\"><strong>ENVIO DE TRABALHOS<\/strong><\/p>\n[\/vc_column_text][\/vc_column_inner][vc_column_inner width=&#8221;1\/4&#8243;][vc_single_image image=&#8221;13628&#8243; alignment=&#8221;center&#8221; onclick=&#8221;custom_link&#8221; link=&#8221;https:\/\/ebp.org.br\/slo\/vi-jornadas-ebp-secao-lo-encontros-e-desencontros-parcerias-sintomaticas-inscricoes\/&#8221;][vc_empty_space height=&#8221;20px&#8221;][vc_column_text]\n<p style=\"text-align: center;\"><strong>INSCRI\u00c7\u00d5ES<\/strong><\/p>\n[\/vc_column_text][\/vc_column_inner][vc_column_inner width=&#8221;1\/4&#8243;][vc_single_image image=&#8221;13626&#8243; alignment=&#8221;center&#8221; onclick=&#8221;custom_link&#8221; link=&#8221;https:\/\/ebp.org.br\/slo\/vi-jornadas-ebp-secao-lo-encontros-e-desencontros-parcerias-sintomaticas-eixos-tematicos\/&#8221;][vc_empty_space height=&#8221;20px&#8221;][vc_column_text]\n<p style=\"text-align: center;\"><strong>EIXOS TEM\u00c1TICOS<\/strong><\/p>\n[\/vc_column_text][\/vc_column_inner][vc_column_inner width=&#8221;1\/4&#8243;][vc_single_image image=&#8221;13635&#8243; alignment=&#8221;center&#8221; onclick=&#8221;custom_link&#8221; link=&#8221;https:\/\/ebp.org.br\/slo\/vi-jornadas-ebp-secao-lo-encontros-e-desencontros-parcerias-sintomaticas-comissoes-de-trabalho\/&#8221;][vc_empty_space height=&#8221;20px&#8221;][vc_column_text]\n<p style=\"text-align: center;\"><strong>COMISS\u00d5ES DE TRABALHO<\/strong><\/p>\n[\/vc_column_text][\/vc_column_inner][\/vc_row_inner][\/vc_column][\/vc_row][vc_row column_spacing=&#8221;0px&#8221; css=&#8221;.vc_custom_1744201997873{margin-top: 0px !important;margin-right: 0px !important;margin-bottom: 0px !important;margin-left: 0px !important;border-top-width: 0px !important;border-right-width: 0px !important;border-bottom-width: 0px !important;border-left-width: 0px !important;padding-top: 0px !important;padding-right: 0px !important;padding-bottom: 0px !important;padding-left: 0px !important;}&#8221;][vc_column][vc_single_image image=&#8221;13648&#8243; css=&#8221;.vc_custom_1744201576525{margin-top: 0px !important;margin-right: 0px !important;margin-bottom: 0px !important;margin-left: 0px !important;border-top-width: 0px !important;border-right-width: 0px !important;border-bottom-width: 0px !important;border-left-width: 0px !important;padding-top: 0px !important;padding-right: 0px !important;padding-bottom: 0px !important;padding-left: 0px !important;}&#8221;][vc_column_text css=&#8221;.vc_custom_1744201654379{background-color: #542405 !important;}&#8221;]\n<p style=\"text-align: center;\"><span style=\"font-size: 13px; color: #ffffff;\"><strong><br \/>\nDire\u00e7\u00e3o Geral<\/strong><\/span><\/p>\n<p style=\"text-align: center;\"><span style=\"font-size: 13px; color: #ffffff;\"><strong>DIRE\u00c7\u00c3O GERAL<\/strong>:\u00a0 Alberto Murta (AME-EBP\/AMP) \u2013 Diretor Geral da EBP-SLO<\/span><br \/>\n<span style=\"font-size: 13px; color: #ffffff;\"><strong>COORDENA\u00c7\u00c3O GERAL<\/strong>: Ceres L\u00eada F.\u00a0 F . R\u00daBIO (EBP\/AMP)<\/span><br \/>\n<span style=\"font-size: 13px; color: #ffffff;\"><strong>CONVIDADO INTERNACIONAL<\/strong>: Pierre SIDON (ECF\/AMP)<\/span><br \/>\n<span style=\"font-size: 13px; color: #ffffff;\"><strong><br \/>\nCoordenadora:\u00a0<\/strong>Ord\u00e1lia A. Junqueira (EBP\/AMP). Caroline Quixabeira (NPJ\/EBP); Cristina Alves\/GO;<\/span><br \/>\n<span style=\"font-size: 13px; color: #ffffff;\">F\u00e1bio P. Barreto (EBP\/AMP); Gabriel Caixeta (NPJ\/EBP); Lu\u00edsa Carvalho (NPJ\/EBP); Melissa Fukuchi\/DF; Juliana Melo\/GO.<\/span><\/p>\n<p style=\"text-align: center;\"><span style=\"font-size: 13px; color: #ffffff;\"><strong>Designer:<\/strong>\u00a0<a style=\"color: #ffffff;\" href=\"mailto:sennabruno@gmail.com\">Bruno Senna<\/a><\/span><\/p>\n[\/vc_column_text][\/vc_column][\/vc_row]\n<\/section>","protected":false},"excerpt":{"rendered":"<p>[vc_row][vc_column][vc_single_image image=&#8221;13647&#8243;][vc_column_text css=&#8221;.vc_custom_1751198289309{margin-top: -30px !important;padding-top: 10px !important;padding-bottom: 10px !important;background-color: #703914 !important;}&#8221;] #02 [\/vc_column_text][\/vc_column][\/vc_row][vc_row css=&#8221;.vc_custom_1744201681801{background-color: #ffffff !important;}&#8221;][vc_column][vc_column_text] Editorial No BOLETIM\u00a0#02, temos algumas preciosidades. De in\u00edcio, na rubrica \u201cTextos de Orienta\u00e7\u00e3o\u201d,\u00a0nosso membro convidado \u00e0 escrita, Iordan Gurgel (AME-EBP\/AMP) nos contempla com a p\u00e9rola\u00a0\u201cA solid\u00e3o do psic\u00f3tico\u201d. O texto foi produzido a partir do que ressoou em Iordan&hellip;<\/p>\n","protected":false},"author":1,"featured_media":0,"parent":13532,"menu_order":0,"comment_status":"closed","ping_status":"closed","template":"","meta":{"footnotes":""},"class_list":["post-13819","page","type-page","status-publish","hentry","entry","no-media"],"_links":{"self":[{"href":"https:\/\/ebp.org.br\/slo\/wp-json\/wp\/v2\/pages\/13819","targetHints":{"allow":["GET"]}}],"collection":[{"href":"https:\/\/ebp.org.br\/slo\/wp-json\/wp\/v2\/pages"}],"about":[{"href":"https:\/\/ebp.org.br\/slo\/wp-json\/wp\/v2\/types\/page"}],"author":[{"embeddable":true,"href":"https:\/\/ebp.org.br\/slo\/wp-json\/wp\/v2\/users\/1"}],"replies":[{"embeddable":true,"href":"https:\/\/ebp.org.br\/slo\/wp-json\/wp\/v2\/comments?post=13819"}],"version-history":[{"count":5,"href":"https:\/\/ebp.org.br\/slo\/wp-json\/wp\/v2\/pages\/13819\/revisions"}],"predecessor-version":[{"id":13825,"href":"https:\/\/ebp.org.br\/slo\/wp-json\/wp\/v2\/pages\/13819\/revisions\/13825"}],"up":[{"embeddable":true,"href":"https:\/\/ebp.org.br\/slo\/wp-json\/wp\/v2\/pages\/13532"}],"wp:attachment":[{"href":"https:\/\/ebp.org.br\/slo\/wp-json\/wp\/v2\/media?parent=13819"}],"curies":[{"name":"wp","href":"https:\/\/api.w.org\/{rel}","templated":true}]}}