{"id":13751,"date":"2025-05-09T08:05:54","date_gmt":"2025-05-09T11:05:54","guid":{"rendered":"https:\/\/ebp.org.br\/slo\/?page_id=13751"},"modified":"2025-05-09T08:05:54","modified_gmt":"2025-05-09T11:05:54","slug":"quem-somos-bienio-2023-2025","status":"publish","type":"page","link":"https:\/\/ebp.org.br\/slo\/secao-leste-oeste\/quem-somos-bienio-2023-2025\/","title":{"rendered":"Bi\u00eanio 2023\/2025"},"content":{"rendered":"<section class=\"wpb-content-wrapper\">[vc_row][vc_column][vc_column_text]A EBP Leste-Oeste \u00e9 uma das sete se\u00e7\u00f5es da\u00a0<strong>ESCOLA BRASILEIRA DE PSICAN\u00c1LISE <\/strong><strong>fundada por Jacques-Alain Miller em 1995, consolidando o enorme trabalho de \u201cIniciativa Escola\u201d no Brasil. Ela \u00e9 uma das Escolas <\/strong>da\u00a0<a href=\"http:\/\/www.wapol.org\/pt\/Template.asp\">Associa\u00e7\u00e3o Mundial de Psican\u00e1lise \u2013 AMP<\/a> e se inscreve <strong>\u201c<\/strong>no movimento de reconquista do Campo Freudiano lan\u00e7ado por Jacques Lacan no dia 21 de junho de 1964, ao fundar sua Escola\u201d.<\/p>\n<p>A Se\u00e7\u00e3o Leste-Oeste \u00e9 constitu\u00edda por membros e aderentes que habitam e praticam a psican\u00e1lise de Orienta\u00e7\u00e3o Lacaniana nos estados do Mato Grosso do Sul, Goi\u00e1s, Esp\u00edrito Santo e no Distrito Federal, a partir da proposta do Conselho da EBP de criar uma nova geografia.<\/p>\n<p>Bras\u00edlia foi o local escolhido para abrigar a sede dessa proposta.<\/p>\n<p>Comprometida em manter viva a descoberta de Freud a partir do ensino de Lacan, a Se\u00e7\u00e3o Leste-Oeste preconiza a forma\u00e7\u00e3o permanente do psicanalista atrav\u00e9s de suas atividades de ter\u00e7a-feira transmitidas on line, viam zoom, e abertas a todos que se interessem em participar. Tamb\u00e9m nas sedes que comp\u00f5em a se\u00e7\u00e3o oferecem atividades locais, como semin\u00e1rios e encontros de cart\u00e9is.<\/p>\n<p>A biblioteca da se\u00e7\u00e3o fornece o acesso \u00e0s refer\u00eancias psicanal\u00edticas b\u00e1sicas, al\u00e9m de promover atividades que envolvem a discuss\u00e3o da psican\u00e1lise com outros campos do saber.<\/p>\n<p>Com a revista <u>Sabi\u00e1<\/u> mantemos atualizada nossa pol\u00edtica de publica\u00e7\u00e3o, com artigos de membros da EBP e da AMP, em torno de temas sempre candentes e atuais, semeando os significantes da Orienta\u00e7\u00e3o Lacaniana Brasil afora!<\/p>\n<p>O Um dessa Se\u00e7\u00e3o se norteia pelos princ\u00edpios psicanal\u00edticos e se sustenta do desejo decidido de seus membros, n\u00e3o sem o m\u00faltiplo dos costumes, dos sotaques e dos estilos de cada regi\u00e3o!<\/p>\n<p>A EBP Leste-Oeste se organiza em duas inst\u00e2ncias: Diretoria e Conselho Deliberativo.<\/p>\n<hr \/>\n<h3><span style=\"color: #993300;\">DIRETORIA<\/span><\/h3>\n<ul>\n<li>Diretoria geral: RUSKAYA MAIA<\/li>\n<li>Diretora de Secretaria e Tesouraria: CARLA SERLES<\/li>\n<li>Diretora de Cart\u00e9is e Interc\u00e2mbios: CLAUDIA MURTA<\/li>\n<li>Diretora de Biblioteca: DENIZY\u00ca ZACHARIAS<\/li>\n<\/ul>\n<hr \/>\n<h3><span style=\"color: #993300;\">CONSELHO DELIBERATIVO<\/span><\/h3>\n<ul>\n<li>F\u00c1BIO PAES BARRETO (PRESIDENTE)<\/li>\n<li>ORD\u00c1LIA ALVES JUNQUEIRA (SECRET\u00c1RIA)<\/li>\n<li>CRISTIANO ALVES PIMENTA<\/li>\n<li>GIOVANNA QUAGLIA<\/li>\n<li>RENATO CARLOS VIEIRA<\/li>\n<li>ROS\u00c2NGELA MARIA RIBEIRO<\/li>\n<\/ul>\n<hr \/>\n<h3><span style=\"color: #993300;\">CONSELHO FISCAL<\/span><\/h3>\n<ul>\n<li>ISANGELA LINS<\/li>\n<li>TANIA PRATES<\/li>\n<li>WALERIA PAIX\u00c3O<\/li>\n<\/ul>\n[\/vc_column_text][\/vc_column][\/vc_row]\n<\/section>","protected":false},"excerpt":{"rendered":"<p>[vc_row][vc_column][vc_column_text]A EBP Leste-Oeste \u00e9 uma das sete se\u00e7\u00f5es da\u00a0ESCOLA BRASILEIRA DE PSICAN\u00c1LISE fundada por Jacques-Alain Miller em 1995, consolidando o enorme trabalho de \u201cIniciativa Escola\u201d no Brasil. Ela \u00e9 uma das Escolas da\u00a0Associa\u00e7\u00e3o Mundial de Psican\u00e1lise \u2013 AMP e se inscreve \u201cno movimento de reconquista do Campo Freudiano lan\u00e7ado por Jacques Lacan no dia 21&hellip;<\/p>\n","protected":false},"author":1,"featured_media":0,"parent":10806,"menu_order":0,"comment_status":"closed","ping_status":"closed","template":"","meta":{"footnotes":""},"class_list":["post-13751","page","type-page","status-publish","hentry","entry","no-media"],"_links":{"self":[{"href":"https:\/\/ebp.org.br\/slo\/wp-json\/wp\/v2\/pages\/13751","targetHints":{"allow":["GET"]}}],"collection":[{"href":"https:\/\/ebp.org.br\/slo\/wp-json\/wp\/v2\/pages"}],"about":[{"href":"https:\/\/ebp.org.br\/slo\/wp-json\/wp\/v2\/types\/page"}],"author":[{"embeddable":true,"href":"https:\/\/ebp.org.br\/slo\/wp-json\/wp\/v2\/users\/1"}],"replies":[{"embeddable":true,"href":"https:\/\/ebp.org.br\/slo\/wp-json\/wp\/v2\/comments?post=13751"}],"version-history":[{"count":1,"href":"https:\/\/ebp.org.br\/slo\/wp-json\/wp\/v2\/pages\/13751\/revisions"}],"predecessor-version":[{"id":13752,"href":"https:\/\/ebp.org.br\/slo\/wp-json\/wp\/v2\/pages\/13751\/revisions\/13752"}],"up":[{"embeddable":true,"href":"https:\/\/ebp.org.br\/slo\/wp-json\/wp\/v2\/pages\/10806"}],"wp:attachment":[{"href":"https:\/\/ebp.org.br\/slo\/wp-json\/wp\/v2\/media?parent=13751"}],"curies":[{"name":"wp","href":"https:\/\/api.w.org\/{rel}","templated":true}]}}