{"id":13538,"date":"2025-03-31T16:02:53","date_gmt":"2025-03-31T19:02:53","guid":{"rendered":"https:\/\/ebp.org.br\/slo\/?page_id=13538"},"modified":"2025-05-23T08:41:34","modified_gmt":"2025-05-23T11:41:34","slug":"vi-jornadas-ebp-secao-lo-encontros-e-desencontros-parcerias-sintomaticas-acolhimento","status":"publish","type":"page","link":"https:\/\/ebp.org.br\/slo\/vi-jornadas-ebp-secao-lo-encontros-e-desencontros-parcerias-sintomaticas-acolhimento\/","title":{"rendered":"VI Jornadas EBP Se\u00e7\u00e3o-LO \u2013 Encontros e desencontros &#8211; parcerias sintom\u00e1ticas &#8211; Acolhimento"},"content":{"rendered":"<section class=\"wpb-content-wrapper\">[vc_row][vc_column][vc_single_image image=&#8221;13513&#8243;][\/vc_column][\/vc_row][vc_row][vc_column][vc_column_text]\n<h3><span style=\"color: #ff9900;\"><strong>Encontros e desencontros pela capital goiana&#8230;<\/strong><\/span><\/h3>\n[\/vc_column_text][vc_empty_space][vc_video link=&#8221;https:\/\/youtu.be\/Zuf66HIUNuo?si=P-ND3psLy9xKS1h6&#8243; el_width=&#8221;60&#8243;][vc_empty_space][vc_column_text]\n<p style=\"text-align: right;\"><em>sendo ip\u00ea, perdi os p\u00e9s<br \/>\naterro tentando aceitar os polos<br \/>\nque fazem meu corpo dis-<br \/>\n-junto buscar simult\u00e2neo<br \/>\nsol e solo<\/em><\/p>\n<p style=\"text-align: right;\"><em>Fernanda Marra<\/em><\/p>\n<p>Enquanto em n\u00f3s ainda palpita a mem\u00f3ria de nossos corpos na praia capixaba, damos continuidade \u00e0 explora\u00e7\u00e3o da geografia de nossa se\u00e7\u00e3o, fazendo um deslocamento desde o litoral rumo ao cerrado no cora\u00e7\u00e3o do Brasil. Goi\u00e2nia abre os bra\u00e7os para acolher os colegas das demais regi\u00f5es desse nosso pa\u00eds da psican\u00e1lise.<\/p>\n<p>Definida pelo historiador e contista Rafael Saddi, como uma cidade <em>\u201cque n\u00e3o pode ser compreendida sen\u00e3o pela dist\u00e2ncia eterna do mar\u201d,<\/em> a capital \u00e9 palco de encontros e desencontros \u00e1ridos sob um sol \u00e0 pino. \u201c<em>Um deserto habita o fogo e afaga a pele que esbraseia os caminhos de (ser)t\u00e3o imenso\u201d<\/em>, \u00e9 como canta o psicanalista Rodrigo Oliveira acerca de uma parceria sintom\u00e1tica poss\u00edvel com o clima e a paisagem urbana que nos cerca. Sem d\u00favida, a poesia \u00e9 recurso vital para resistir ao sol e ao mestre do agro que visa aprisionar os corpos.<\/p>\n<p>Sabemos que essa opera\u00e7\u00e3o n\u00e3o \u00e9 sem resto, coisa que a experi\u00eancia de ser goiano materializa muito bem. Habitamos essa dimens\u00e3o extima, onde essa regi\u00e3o considerada central invariavelmente \u00e9 tomada de maneira marginal, sob muitos aspectos. Aqui, um esfor\u00e7o a mais de poesia para se equilibrar sobre as pedras quentes encontradas no meio do caminho e furar um tanto desse imagin\u00e1rio hegem\u00f4nico do agro.<\/p>\n<p>Reconhecida como ber\u00e7o do sertanejo, a cidade sempre contou com uma cena alternativa efervescente no rock (Carne Doce e Boogarins para citar as bandas mais pioneiras) e mais recentemente no jazz, fazendo frente ao movimento de resist\u00eancia para n\u00e3o ser reduzida apenas \u00e0 capital do agroneg\u00f3cio e da pecu\u00e1ria. Destacam-se os eventos nacionalmente conhecidos como o festival Bananada e Goi\u00e2nia Noise, que ocorrem anualmente desde a d\u00e9cada de 90. A cidade tamb\u00e9m \u00e9 sede da Orquestra Filarm\u00f4nica de Goi\u00e1s, reconhecida internacionalmente como um dos melhores grupos orquestrais da Am\u00e9rica Latina.<\/p>\n<p>Tem-se fortalecido em seu polo gastron\u00f4mico tanto pela criatividade de chefs que partindo das ra\u00edzes tradicionais da nossa culin\u00e1ria prop\u00f5em inova\u00e7\u00f5es como por aqueles que se at\u00e9m ao b\u00e1sico. O arroz com pequi, o empad\u00e3o goiano e o pastel com guariroba nunca perder\u00e3o seu lugar e mant\u00e9m seu valor. Estamos preparando indica\u00e7\u00f5es preciosas para que possam conferir os sabores do cerrado, do b\u00e1sico ao inovador, das mais simples \u00e0s mais requintadas. H\u00e1 op\u00e7\u00f5es para todos os gostos!<\/p>\n<p>\u201cN\u00e3o temos mar, mas tamb\u00e9m n\u00e3o somos s\u00f3 bar!\u201d, foi uma frase que ecoou na primeira reuni\u00e3o da comiss\u00e3o de acolhimento para esbo\u00e7ar os primeiros passos de nosso trabalho. Animados por um desejo de apresentar uma Go\u00e2nia plural, por assosi\u00e7\u00e3o livre fomos elencando refer\u00eancias aqu\u00e9m-mar, al\u00e9m bar, que nos ocorriam. No campo das artes pl\u00e1sticas, al\u00e9m dos nomes de Siron Franco e Antonio Poteiro, vale destacar a pintora e escultora Ana Maria Pacheco. No campo da dan\u00e7a contempor\u00e2nea, tem havido destaque ao lan\u00e7ar bailarinos cl\u00e1ssicos para o mundo como \u00e9 o caso de Marcus Rufino Chagas, Ana Lu\u00edsa Negr\u00e3o e Yasmim Sabag. No circuito liter\u00e1rio, h\u00e1 uma safra diversa de escritores e a cidade cedia a feira e-c\u00eantrica de publica\u00e7\u00f5es de livros, zines e artes gr\u00e1ficas engrossando o coro com as demais feiras independentes do pa\u00eds.<\/p>\n<p>A capital, abarca ainda, sobretudo em sua regi\u00e3o central, um dos mais representativos acervos de Art D\u00e9co do pa\u00eds, com um total de 22 constru\u00e7\u00f5es neste estilo arquitet\u00f4nico tombadas como patrim\u00f4nio hist\u00f3rico pelo IPHAN. Destacam-se diversos pr\u00e9dios ao redor da Pra\u00e7a C\u00edvica, o Pal\u00e1cio das Esmeraldas e o rel\u00f3gio na avenida Goi\u00e1s.<\/p>\n<p>Para al\u00e9m de compor um ranking de m\u00e9ritos ou atrativos t\u00e3o pr\u00f3prio da l\u00f3gica f\u00e1lica, nosso objeto foi enunciar peda\u00e7os da Goi\u00e2nia que pulsam em n\u00f3s e compor com eles esse mosaico alternativo ao que se entende como a identidade hegem\u00f4nica do goiano. N\u00e3o recha\u00e7amos o caipira e o sertanejo (no seu sentido mais original),\u00a0 mas nos percebemos n\u00e3o-todos representados por essa caricatura agro-pop. \u00c9 preciso dar um passo al\u00e9m do que a r\u00e9gua f\u00e1lica permite, pois, como classificar o c\u00e9u do cerrado, nossas artes urbanas, o som do carro da pamonha? Existe algo que permanece incaptur\u00e1vel em habitar essa cidade e esperamos poder deixar ressoar um pouco disso \u00e0 voc\u00eas. At\u00e9 outubro!<\/p>\n<p style=\"text-align: right;\"><em>Henrique Lope<\/em><\/p>\n[\/vc_column_text][\/vc_column][\/vc_row]\n<\/section>","protected":false},"excerpt":{"rendered":"<p>[vc_row][vc_column][vc_single_image image=&#8221;13513&#8243;][\/vc_column][\/vc_row][vc_row][vc_column][vc_column_text] Encontros e desencontros pela capital goiana&#8230; [\/vc_column_text][vc_empty_space][vc_video link=&#8221;https:\/\/youtu.be\/Zuf66HIUNuo?si=P-ND3psLy9xKS1h6&#8243; el_width=&#8221;60&#8243;][vc_empty_space][vc_column_text] sendo ip\u00ea, perdi os p\u00e9s aterro tentando aceitar os polos que fazem meu corpo dis- -junto buscar simult\u00e2neo sol e solo Fernanda Marra Enquanto em n\u00f3s ainda palpita a mem\u00f3ria de nossos corpos na praia capixaba, damos continuidade \u00e0 explora\u00e7\u00e3o da geografia de nossa&hellip;<\/p>\n","protected":false},"author":1,"featured_media":0,"parent":0,"menu_order":0,"comment_status":"closed","ping_status":"closed","template":"","meta":{"footnotes":""},"class_list":["post-13538","page","type-page","status-publish","hentry","entry","no-media"],"_links":{"self":[{"href":"https:\/\/ebp.org.br\/slo\/wp-json\/wp\/v2\/pages\/13538","targetHints":{"allow":["GET"]}}],"collection":[{"href":"https:\/\/ebp.org.br\/slo\/wp-json\/wp\/v2\/pages"}],"about":[{"href":"https:\/\/ebp.org.br\/slo\/wp-json\/wp\/v2\/types\/page"}],"author":[{"embeddable":true,"href":"https:\/\/ebp.org.br\/slo\/wp-json\/wp\/v2\/users\/1"}],"replies":[{"embeddable":true,"href":"https:\/\/ebp.org.br\/slo\/wp-json\/wp\/v2\/comments?post=13538"}],"version-history":[{"count":10,"href":"https:\/\/ebp.org.br\/slo\/wp-json\/wp\/v2\/pages\/13538\/revisions"}],"predecessor-version":[{"id":13779,"href":"https:\/\/ebp.org.br\/slo\/wp-json\/wp\/v2\/pages\/13538\/revisions\/13779"}],"wp:attachment":[{"href":"https:\/\/ebp.org.br\/slo\/wp-json\/wp\/v2\/media?parent=13538"}],"curies":[{"name":"wp","href":"https:\/\/api.w.org\/{rel}","templated":true}]}}