{"id":1316,"date":"2017-09-05T13:25:12","date_gmt":"2017-09-05T16:25:12","guid":{"rendered":"http:\/\/www.ebp.org.br\/ba\/?page_id=1316"},"modified":"2025-12-01T15:04:37","modified_gmt":"2025-12-01T18:04:37","slug":"seminarios","status":"publish","type":"page","link":"https:\/\/ebp.org.br\/slo\/ensino\/seminarios\/","title":{"rendered":"Semin\u00e1rios"},"content":{"rendered":"<section class=\"wpb-content-wrapper\">[vc_row][vc_column][vc_column_text]\n<h3><span style=\"color: #993300;\">Atividade do conselho &#8211; 2025-2027<\/span><\/h3>\n<p><strong>Semin\u00e1rio: O parceiro sintoma. Curso de Jacques A. Miller.<\/strong>[\/vc_column_text][vc_row_inner][vc_column_inner width=&#8221;1\/4&#8243;][vc_single_image image=&#8221;14011&#8243;][\/vc_column_inner][vc_column_inner width=&#8221;1\/4&#8243;][vc_single_image image=&#8221;13980&#8243;][\/vc_column_inner][vc_column_inner width=&#8221;1\/4&#8243;][vc_single_image image=&#8221;13985&#8243;][\/vc_column_inner][vc_column_inner width=&#8221;1\/4&#8243;][vc_single_image image=&#8221;13984&#8243;][\/vc_column_inner][\/vc_row_inner][vc_row_inner][vc_column_inner width=&#8221;1\/4&#8243;][vc_single_image image=&#8221;13983&#8243;][\/vc_column_inner][vc_column_inner width=&#8221;1\/4&#8243;][vc_single_image image=&#8221;13982&#8243;][\/vc_column_inner][vc_column_inner width=&#8221;1\/4&#8243;][vc_single_image image=&#8221;13981&#8243;][\/vc_column_inner][vc_column_inner width=&#8221;1\/4&#8243;][\/vc_column_inner][\/vc_row_inner][vc_separator color=&#8221;juicy_pink&#8221; border_width=&#8221;3&#8243;][vc_empty_space][vc_column_text]\n<h3><span style=\"color: #993300;\"><strong>ATIVIDADE DO CONSELHO DA EBP-LO &#8211; <\/strong><strong>PROGRAMA SEGUNDO SEMESTRE 2022<\/strong><\/span><\/h3>\n<h3><span style=\"color: #993300;\"><strong><em>SEMIN\u00c1RIO DE ORIENTA\u00c7\u00c3O LACANIANA &#8211; <\/em><\/strong><strong><em>\u201cTODO MUNDO \u00c9 LOUCO\u201d<\/em><\/strong><\/span><\/h3>\n<p>O Conselho da Se\u00e7\u00e3o Leste Oeste da EBP decidiu trabalhar o t\u00edtulo do pr\u00f3ximo Congresso da AMP, \u201cTodo mundo \u00e9 louco\u201d, nas atividades de \u201cOrienta\u00e7\u00e3o Lacaniana\u201d da EBP-LO deste segundo semestre de 2022.<\/p>\n<p>Em 1978, Lacan anuncia esse aforismo junto da quest\u00e3o de como fazer para ensinar o que n\u00e3o se ensina. Por sua vez, Miller faz desse aforismo e dessa quest\u00e3o uma b\u00fassola que nos guia nas veredas do derradeiro ensino de Lacan e na pr\u00e1tica atual da psican\u00e1lise.<\/p>\n<p>Com efeito, em 1988, ao propor uma cl\u00ednica universal do del\u00edrio, Miller destaca que todos os nossos discursos n\u00e3o passam de defesas contra o real e que diante do louco, diante do delirante, voc\u00ea n\u00e3o deve esquecer de que \u00e9, ou foi, analisando, e que voc\u00ea tamb\u00e9m falava do que n\u00e3o existe.<\/p>\n<p><strong>TER\u00c7AS-FEIRAS &#8211; DAS 20H30 \u00c0S 22 H<\/strong><\/p>\n<ul>\n<li><strong>16\/08\/22 &#8211; <em>Conting\u00eancia do Real (Cap. 8)<\/em>. Apresenta: Cristiano Pimenta \/ Coordena: Renato Vieira.<\/strong><\/li>\n<li><strong>06\/09\/22 &#8211; <em>Do neur\u00f4nio ao N\u00f3 (Cap. 9)<\/em>. Apresenta: F\u00e1bio P. Barreto \/Coordena: Elisa Alvarenga.<\/strong><\/li>\n<li><strong>04\/10\/22 &#8211; <em>Determina\u00e7\u00e3o e conting\u00eancia (Cap.10)<\/em>. Apresenta: T\u00e2nia Martins \/ Coordena: Cristiano Pimenta<\/strong><\/li>\n<li><strong>18\/10\/22 &#8211; <em>A psican\u00e1lise l\u00edquida (Cap. 11)<\/em>. Apresenta: Renato Vieira \/ Coordena: T\u00e2nia Regina<\/strong><\/li>\n<li><strong>01\/11\/22 &#8211; <em>A interpreta\u00e7\u00e3o lacaniana (Cap.12)<\/em>. Apresenta: Alberto Murta \/ Coordena: Renato Vieira<\/strong><\/li>\n<\/ul>\n<h6><strong>Refer\u00eancia bibliogr\u00e1fica: Miller, J-A. <em>Todo El mundo es loco. <\/em>Buenos Aires: Paid\u00f3s, 2015.<\/strong><\/h6>\n<hr \/>\n<p><strong><em>OUTRAS ATIVIDADES<\/em><\/strong><\/p>\n<ul>\n<li><strong>30\/08\/2022 \u2013 \u201cDespatologiza\u00e7\u00e3o da cl\u00ednica\u201d. Apresenta: Elisa Alvarenga \/ Coordena: Alberto Murta.<\/strong><\/li>\n<li><strong>20\/09\/2022 \u2013<em> O ensino na Escola\u201d. <\/em>Apresenta: Alberto Murta \/ Coordena: Elisa Alvarenga.<\/strong><\/li>\n<li><strong>29\/11\/2022 \u2013 tema a definir. Convidada: T\u00e2nia Abreu (AE da EBP\/AMP).<\/strong><\/li>\n<li><strong>06\/12\/2022 \u2013 \u201cOs jovens analistas e a Escola de Lacan\u201d. Convidado: Romildo do R\u00eago Barros (EBP\/AMP) \u2013 atividade compartilhada com a Diretoria &amp; Conselho da SLO\/EBP.<\/strong><\/li>\n<\/ul>\n<h6><strong>Renato Carlos Vieira<br \/>\n<\/strong>Presidente do Conselho da EBP-LO<\/h6>\n<h6><strong>Alberto Murta<br \/>\n<\/strong>Secret\u00e1rio do Conselho da EBP-LO<\/h6>\n[\/vc_column_text][vc_empty_space][vc_separator color=&#8221;juicy_pink&#8221; border_width=&#8221;3&#8243;][vc_empty_space][vc_column_text]<strong>Membro Respons\u00e1vel: Alberto Murta<\/strong><\/p>\n<h3><span style=\"color: #993300;\">Tema: Leitura do sinthoma<\/span><\/h3>\n<ul>\n<li>Local:\u00a0Alameda Mary Ubirajara, 40, Ed. Nacap, sl. 501, Praia do Canto &#8211; Cep: 29055-120, Vit\u00f3ria\/ES,<\/li>\n<li>Data: \u00e0s segundas-feiras, semanalmente<\/li>\n<li>In\u00edcio: 09\/03\/2020<\/li>\n<li>Hor\u00e1rio: \u00e0s 20h30<\/li>\n<\/ul>\n<hr \/>\n<p><strong>Membro respons\u00e1vel: Ary Farias<\/strong><\/p>\n<h3><span style=\"color: #993300;\">Tema: \u00a0PSICAN\u00c1LISE E LITERATURA &#8211; O feminino inarticulado e suas evid\u00eancias intang\u00edveis.<\/span><\/h3>\n<ul>\n<li>Local: Rua Rui Barbosa, 4138, centro \u2013 Campo Grande &#8211; MS<\/li>\n<li>Datas: 26 de mar\u00e7o, 23 de abril e 21 de maio<\/li>\n<li>Hor\u00e1rio:\u00a0das 19:30 \u00e0s 21:00 horas<\/li>\n<\/ul>\n<hr \/>\n<p><strong>Membro Respons\u00e1vel: Carla Serles<\/strong><\/p>\n<h3><span style=\"color: #993300;\">Tema: Encontros Psicanal\u00edticos<\/span><\/h3>\n<ul>\n<li>Local: Rua Rui Barbosa, 4138, centro \u2013 Campo Grande &#8211; MS<\/li>\n<li>Datas: 27\/06 e 25\/07<\/li>\n<li>Hor\u00e1rio: \u00e0s 10:00 horas<\/li>\n<\/ul>\n<hr \/>\n<p><strong>Membro Respons\u00e1vel: Cristiano Alves Pimenta<\/strong><\/p>\n<h3><span style=\"color: #993300;\">Tema: O infamiliar e o insuport\u00e1vel na experi\u00eancia anal\u00edtica<\/span><\/h3>\n<ul>\n<li>Local: Centro Comercial Ant\u00f4nio Jo\u00e3o Sebba. Rua Olinto Manso Pereira n 673, sala 305 Setor Sul.\u00a0 Goi\u00e2nia &#8211; GO<\/li>\n<li>Datas: \u00e0s quintas-feiras, quinzenalmente.<\/li>\n<li>In\u00edcio: 05\/03\/2020<\/li>\n<li>Hor\u00e1rio: das 19:30 \u00e0s 21:00 horas<\/li>\n<\/ul>\n<hr \/>\n<p><strong>Membro Respons\u00e1vel: Denizye Zacharias<br \/>\n<\/strong><\/p>\n<h3><span style=\"color: #993300;\">Tema: Da feminilidade ao gozo feminino<\/span><\/h3>\n<ul>\n<li>Local: Centro Comercial Ant\u00f4nio Jo\u00e3o Sebba. Rua Olinto Manso Pereira n 673, sala 305 Setor Sul.\u00a0 Goi\u00e2nia &#8211; GO<\/li>\n<li>Datas: \u00e0s quartas-feiras, quinzenalmente.<\/li>\n<li>In\u00edcio: \u00a011\/03\/2020<\/li>\n<li>Hor\u00e1rio: \u00e0s 19:30<\/li>\n<\/ul>\n<hr \/>\n<p><strong>Membro Respons\u00e1vel: F\u00e1bio Paes Barreto\u00a0<\/strong><\/p>\n<h3><span style=\"color: #993300;\">Tema: Teoria e cl\u00ednica \u2013 O \u00faltimo Lacan<\/span><\/h3>\n<ul>\n<li>Local: Rua Rui Barbosa, 4138, Centro, Campo Grande \u2013 MS<\/li>\n<li>Data: \u00e0s segundas quartas-feiras de cada m\u00eas (exceto julho\/2020).<\/li>\n<li>In\u00edcio: 11 de mar\u00e7o de 2020.<\/li>\n<li>Hor\u00e1rio: das 20h \u00e0s 21h30<\/li>\n<li>Informa\u00e7\u00f5es: Tel. (67)3324-8659. Celular\/WhatsApp (67)98405-7441<\/li>\n<\/ul>\n<hr \/>\n<p><strong>Membro Respons\u00e1vel:\u00a0Ord\u00e1lia Alves Junqueira<\/strong><\/p>\n<h3><span style=\"color: #993300;\">TEMA:\u00a0Do\u00a0infamiliar\u00a0(freudiano) ao\u00a0gozo como tal\u00a0(lacaniano)<\/span><\/h3>\n<ul>\n<li>Local: R. Dr. Olinto Manso Pereira, n. 673, sala 305, Setor Sul. GOI\u00c2NIA\/GO<\/li>\n<li>Datas: \u00e0s quartas-feiras, quinzenalmente (04 e 18 de mar\u00e7o; 08 e 29 de abril; 13 e 27 de maio; 10 e 24 de junho)<\/li>\n<li>Hor\u00e1rio: 19:30 as 21:00 horas<\/li>\n<li>Iinforma\u00e7\u00f5es: <a href=\"mailto:psico.rdom@terra.com.br\">psico.rdom@terra.com.br<\/a>\u00a0 FONES: (62)99959-1726\/99611-1726.<\/li>\n<\/ul>\n<hr \/>\n<p><strong>Membro Respons\u00e1vel:\u00a0Ord\u00e1lia Alves Junqueira<\/strong><\/p>\n<h3><span style=\"color: #993300;\">TEMA: \u201cO analista em posi\u00e7\u00e3o feminina\u201d<\/span><\/h3>\n<ul>\n<li>Local: SGAS 910, Mix Park Sul, Bloco D, sala 118, Asa Sul. BRAS\u00cdLIA\/DF<\/li>\n<li>Datas: \u00e0s quintas-feiras, mensalmente.\u00a0 (13 de fevereiro; 19 de mar\u00e7o; 30 de abril; 28 de maio; 25 de junho)<\/li>\n<li>Hor\u00e1rio: das 12:00 as 14:00 horas<\/li>\n<li>Informa\u00e7\u00f5es: <a href=\"mailto:psico.rdom@terra.com.br\">psico.rdom@terra.com.br<\/a>\u00a0 FONES: (62)99959-1726\/99611-1726.<\/li>\n<\/ul>\n<hr \/>\n<p><strong>Membro Respons\u00e1vel: Renato Carlos Vieira\u00a0<\/strong><\/p>\n<h3><span style=\"color: #993300;\">Tema: \u201cDe um discurso que n\u00e3o fosse semblante\u201d \u2013 disciplina do coment\u00e1rio do Semin\u00e1rio 18 de Lacan.<\/span><\/h3>\n<ul>\n<li>Local:\u00a0Alameda Mary Ubirajara, 40, Ed. Nacap, sl. 501, Praia do Canto &#8211; Cep: 29055-120, Vit\u00f3ria\/ES,<\/li>\n<li>Data: \u00e0s quartas-feiras, quinzenalmente<\/li>\n<li>In\u00edcio: 11\/03\/2020<\/li>\n<li>Hor\u00e1rio: \u00e0s 20:00 horas<\/li>\n<\/ul>\n<hr \/>\n<p><strong>Membro Respons\u00e1vel: Ruskaya Maia<\/strong><\/p>\n<h3><span style=\"color: #993300;\">TEMA: ISA &#8211; de Freud ao \u00faltimo Lacan<\/span><\/h3>\n<ul>\n<li>Local: R. Dr. Olinto Manso Pereira, n. 673, sala 305, Setor Sul. GOI\u00c2NIA\/GO<\/li>\n<li>DATA: \u00e0s quartas feiras, quinzenalmente.<\/li>\n<li>Hor\u00e1rio: das 13:30 as 15:00. (Data de in\u00edcio a ser definida)<\/li>\n<\/ul>\n[\/vc_column_text][\/vc_column][\/vc_row]\n<\/section>","protected":false},"excerpt":{"rendered":"<p>[vc_row][vc_column][vc_column_text] Atividade do conselho &#8211; 2025-2027 Semin\u00e1rio: O parceiro sintoma. Curso de Jacques A. Miller.[\/vc_column_text][vc_row_inner][vc_column_inner width=&#8221;1\/4&#8243;][vc_single_image image=&#8221;14011&#8243;][\/vc_column_inner][vc_column_inner width=&#8221;1\/4&#8243;][vc_single_image image=&#8221;13980&#8243;][\/vc_column_inner][vc_column_inner width=&#8221;1\/4&#8243;][vc_single_image image=&#8221;13985&#8243;][\/vc_column_inner][vc_column_inner width=&#8221;1\/4&#8243;][vc_single_image image=&#8221;13984&#8243;][\/vc_column_inner][\/vc_row_inner][vc_row_inner][vc_column_inner width=&#8221;1\/4&#8243;][vc_single_image image=&#8221;13983&#8243;][\/vc_column_inner][vc_column_inner width=&#8221;1\/4&#8243;][vc_single_image image=&#8221;13982&#8243;][\/vc_column_inner][vc_column_inner width=&#8221;1\/4&#8243;][vc_single_image image=&#8221;13981&#8243;][\/vc_column_inner][vc_column_inner width=&#8221;1\/4&#8243;][\/vc_column_inner][\/vc_row_inner][vc_separator color=&#8221;juicy_pink&#8221; border_width=&#8221;3&#8243;][vc_empty_space][vc_column_text] ATIVIDADE DO CONSELHO DA EBP-LO &#8211; PROGRAMA SEGUNDO SEMESTRE 2022 SEMIN\u00c1RIO DE ORIENTA\u00c7\u00c3O LACANIANA &#8211; \u201cTODO MUNDO \u00c9 LOUCO\u201d O Conselho da Se\u00e7\u00e3o&hellip;<\/p>\n","protected":false},"author":1,"featured_media":0,"parent":1353,"menu_order":0,"comment_status":"closed","ping_status":"closed","template":"","meta":{"footnotes":""},"class_list":["post-1316","page","type-page","status-publish","hentry","entry","no-media"],"_links":{"self":[{"href":"https:\/\/ebp.org.br\/slo\/wp-json\/wp\/v2\/pages\/1316","targetHints":{"allow":["GET"]}}],"collection":[{"href":"https:\/\/ebp.org.br\/slo\/wp-json\/wp\/v2\/pages"}],"about":[{"href":"https:\/\/ebp.org.br\/slo\/wp-json\/wp\/v2\/types\/page"}],"author":[{"embeddable":true,"href":"https:\/\/ebp.org.br\/slo\/wp-json\/wp\/v2\/users\/1"}],"replies":[{"embeddable":true,"href":"https:\/\/ebp.org.br\/slo\/wp-json\/wp\/v2\/comments?post=1316"}],"version-history":[{"count":4,"href":"https:\/\/ebp.org.br\/slo\/wp-json\/wp\/v2\/pages\/1316\/revisions"}],"predecessor-version":[{"id":14012,"href":"https:\/\/ebp.org.br\/slo\/wp-json\/wp\/v2\/pages\/1316\/revisions\/14012"}],"up":[{"embeddable":true,"href":"https:\/\/ebp.org.br\/slo\/wp-json\/wp\/v2\/pages\/1353"}],"wp:attachment":[{"href":"https:\/\/ebp.org.br\/slo\/wp-json\/wp\/v2\/media?parent=1316"}],"curies":[{"name":"wp","href":"https:\/\/api.w.org\/{rel}","templated":true}]}}