{"id":12884,"date":"2024-03-28T10:49:35","date_gmt":"2024-03-28T13:49:35","guid":{"rendered":"https:\/\/ebp.org.br\/slo\/?page_id=12884"},"modified":"2024-04-01T10:20:42","modified_gmt":"2024-04-01T13:20:42","slug":"v-jornadas-ebp-secao-lo-corpo-m-e-m-o-r-i-a-inscricoes","status":"publish","type":"page","link":"https:\/\/ebp.org.br\/slo\/v-jornadas-ebp-secao-lo-corpo-m-e-m-o-r-i-a\/v-jornadas-ebp-secao-lo-corpo-m-e-m-o-r-i-a-inscricoes\/","title":{"rendered":"V Jornadas EBP Se\u00e7\u00e3o-LO \u2013 corpo-m-e-m-o-r-i-a  |   Inscri\u00e7\u00f5es"},"content":{"rendered":"<section class=\"wpb-content-wrapper\">[vc_row][vc_column][vc_single_image image=&#8221;12868&#8243; alignment=&#8221;center&#8221;][\/vc_column][\/vc_row][vc_row][vc_column][vc_column_text]Veja aqui os detalhes de como fazer sua inscri\u00e7\u00e3o. Observe atentamente as modalidades de participa\u00e7\u00e3o oferecidas e fa\u00e7a sua op\u00e7\u00e3o.<\/p>\n<ul>\n<li><strong>PRESENCIAL<\/strong>, na UFES em Vit\u00f3ria \u2013 ES, vagas limitadas.<\/li>\n<li><strong>ONLINE<\/strong>, pela plataforma Zoom.<\/li>\n<\/ul>\n[\/vc_column_text][\/vc_column][\/vc_row][vc_row css=&#8221;.vc_custom_1711976782617{background-color: #efefef !important;}&#8221;][vc_column width=&#8221;1\/4&#8243;][vc_empty_space][vc_column_text]\n<p style=\"text-align: center;\"><strong>Membro da EBP<\/strong><\/p>\n<h2 style=\"text-align: center;\"><strong><span style=\"color: #800000;\">R$ 400,00<\/span><\/strong><\/h2>\n[\/vc_column_text][\/vc_column][vc_column width=&#8221;1\/4&#8243;][vc_empty_space][vc_column_text]\n<p style=\"text-align: center;\"><strong>Profissionais<\/strong><\/p>\n<h2 style=\"text-align: center;\"><strong><span style=\"color: #800000;\">R$ 300,00<\/span><\/strong><\/h2>\n[\/vc_column_text][\/vc_column][vc_column width=&#8221;1\/4&#8243;][vc_empty_space][vc_column_text]\n<p style=\"text-align: center;\"><strong>Estudantes Universit\u00e1rios \/Alunos do IPLO<\/strong><\/p>\n<h2 style=\"text-align: center;\"><strong><span style=\"color: #800000;\">R$ 180,00<\/span><\/strong><\/h2>\n[\/vc_column_text][\/vc_column][vc_column width=&#8221;1\/4&#8243;][vc_empty_space][vc_column_text]\n<p style=\"text-align: center;\"><strong>Estudantes Assistidos \u2014 Isentos\u00a0<\/strong><\/p>\n<h2 style=\"text-align: center;\"><strong><span style=\"color: #800000;\">ISENTOS<\/span><\/strong><\/h2>\n[\/vc_column_text][\/vc_column][\/vc_row][vc_row][vc_column][vc_column_text]Efetive sua inscri\u00e7\u00e3o clicando no link abaixo:[\/vc_column_text][\/vc_column][\/vc_row][vc_row][vc_column]<div class=\"theme-button-wrap textcenter wpex-clr\"><a href=\"https:\/\/www.sympla.com.br\/v-jornadas-ebp-secao-leste-oeste__2401254\" class=\"vcex-button theme-button large align-center wpex-mb-5 inline hvr hvr-pulse\" target=\"_blank\" rel=\"noopener noreferrer\"><span class=\"vcex-button-inner theme-button-inner\">INSCRI\u00c7\u00d5ES<span class=\"vcex-button-icon vcex-icon-wrap theme-button-icon-right\" style=\"padding-left:5px;\"><span class=\"ticon ticon-check-circle\" aria-hidden=\"true\"><\/span><\/span><\/span><\/a><\/div> [\/vc_column][\/vc_row][vc_row][vc_column][vc_column_text]\n<p style=\"text-align: center;\">Para d\u00favidas e informa\u00e7\u00f5es envie e-mail para:<\/p>\n<p style=\"text-align: center;\"><a href=\"mailto:ebpslo.info@gmail.com\"><strong>ebpslo.info@gmail.com<\/strong><\/a><\/p>\n[\/vc_column_text][\/vc_column][\/vc_row]\n<\/section>","protected":false},"excerpt":{"rendered":"<p>[vc_row][vc_column][vc_single_image image=&#8221;12868&#8243; alignment=&#8221;center&#8221;][\/vc_column][\/vc_row][vc_row][vc_column][vc_column_text]Veja aqui os detalhes de como fazer sua inscri\u00e7\u00e3o. Observe atentamente as modalidades de participa\u00e7\u00e3o oferecidas e fa\u00e7a sua op\u00e7\u00e3o. PRESENCIAL, na UFES em Vit\u00f3ria \u2013 ES, vagas limitadas. ONLINE, pela plataforma Zoom. [\/vc_column_text][\/vc_column][\/vc_row][vc_row css=&#8221;.vc_custom_1711976782617{background-color: #efefef !important;}&#8221;][vc_column width=&#8221;1\/4&#8243;][vc_empty_space][vc_column_text] Membro da EBP R$ 400,00 [\/vc_column_text][\/vc_column][vc_column width=&#8221;1\/4&#8243;][vc_empty_space][vc_column_text] Profissionais R$ 300,00 [\/vc_column_text][\/vc_column][vc_column width=&#8221;1\/4&#8243;][vc_empty_space][vc_column_text] Estudantes Universit\u00e1rios \/Alunos&hellip;<\/p>\n","protected":false},"author":1,"featured_media":0,"parent":12866,"menu_order":0,"comment_status":"closed","ping_status":"closed","template":"","meta":{"footnotes":""},"class_list":["post-12884","page","type-page","status-publish","hentry","entry","no-media"],"_links":{"self":[{"href":"https:\/\/ebp.org.br\/slo\/wp-json\/wp\/v2\/pages\/12884","targetHints":{"allow":["GET"]}}],"collection":[{"href":"https:\/\/ebp.org.br\/slo\/wp-json\/wp\/v2\/pages"}],"about":[{"href":"https:\/\/ebp.org.br\/slo\/wp-json\/wp\/v2\/types\/page"}],"author":[{"embeddable":true,"href":"https:\/\/ebp.org.br\/slo\/wp-json\/wp\/v2\/users\/1"}],"replies":[{"embeddable":true,"href":"https:\/\/ebp.org.br\/slo\/wp-json\/wp\/v2\/comments?post=12884"}],"version-history":[{"count":10,"href":"https:\/\/ebp.org.br\/slo\/wp-json\/wp\/v2\/pages\/12884\/revisions"}],"predecessor-version":[{"id":12919,"href":"https:\/\/ebp.org.br\/slo\/wp-json\/wp\/v2\/pages\/12884\/revisions\/12919"}],"up":[{"embeddable":true,"href":"https:\/\/ebp.org.br\/slo\/wp-json\/wp\/v2\/pages\/12866"}],"wp:attachment":[{"href":"https:\/\/ebp.org.br\/slo\/wp-json\/wp\/v2\/media?parent=12884"}],"curies":[{"name":"wp","href":"https:\/\/api.w.org\/{rel}","templated":true}]}}