{"id":12671,"date":"2023-05-19T18:39:38","date_gmt":"2023-05-19T21:39:38","guid":{"rendered":"https:\/\/www.ebp.org.br\/slo\/?page_id=12671"},"modified":"2024-07-22T09:27:28","modified_gmt":"2024-07-22T12:27:28","slug":"aderentes","status":"publish","type":"page","link":"https:\/\/ebp.org.br\/slo\/secao-leste-oeste\/quem-somos\/aderentes\/","title":{"rendered":"Aderentes"},"content":{"rendered":"<section class=\"wpb-content-wrapper\">[vc_row][vc_column][vc_column_text]<span style=\"color: #993300;\">ADRIANA PESSOA<\/span><\/p>\n<ul>\n<li>AP<\/li>\n<li>PSIC\u00d3LOGA<\/li>\n<li>Mestre em Psicologia (UFES)<\/li>\n<li>Av. Nossa Senhora da Penha 699 sala 204. Torre B. Praia do Canto.<\/li>\n<li>Vit\u00f3ria \u2013 ES<\/li>\n<li>Fone: (27) 994044222\/ 21422369<\/li>\n<li>e-mail: gpessoa@gpessoa.com.br<\/li>\n<\/ul>\n<hr \/>\n<p><span style=\"color: #993300;\">PAULO S\u00c9RGIO DA SILVA<\/span><\/p>\n<ul>\n<li>Psic\u00f3logo<\/li>\n<li>Rua Aleixo Neto, 322 sala 710. Santa L\u00facia.<\/li>\n<li>Vit\u00f3ria &#8211; ES<\/li>\n<li>Fone: (27) 999490353 \/ 999623047.<\/li>\n<li>E-mail: pspssergio@hotmail.com.<\/li>\n<\/ul>\n<hr \/>\n<p><span style=\"color: #993300;\">T\u00c2NIA MARA ALVES PRATES<\/span><\/p>\n<ul>\n<li>M\u00c9DICA (UFES)<\/li>\n<li>Mestrado em Neuropsicofisiologia USP Ribeir\u00e3o Preto<\/li>\n<li>Doutorado em Psicofisiologia USP S\u00e3o Paulo<\/li>\n<li>Especializa\u00e7\u00e3o em Psiquiatria pela AMB<\/li>\n<li>Especializa\u00e7\u00e3o em Psiquiatria da inf\u00e2ncia e da adolesc\u00eancia pela AMB<\/li>\n<li>Especializa\u00e7\u00e3o em Psicoterapia\/Psican\u00e1lise pela AMB.<\/li>\n<li>Av. Saturnino de Brito, 117\/801. Santa Helena. Vit\u00f3ria ES<\/li>\n<li>CEP: 29055 095<\/li>\n<li>Fone: (27) 999891554\/ 999898964<\/li>\n<li>e-mail: T\u00e2nia.prates@uol.com.br<\/li>\n<\/ul>\n[\/vc_column_text][\/vc_column][\/vc_row]\n<\/section>","protected":false},"excerpt":{"rendered":"<p>[vc_row][vc_column][vc_column_text]ADRIANA PESSOA AP PSIC\u00d3LOGA Mestre em Psicologia (UFES) Av. Nossa Senhora da Penha 699 sala 204. Torre B. Praia do Canto. Vit\u00f3ria \u2013 ES Fone: (27) 994044222\/ 21422369 e-mail: gpessoa@gpessoa.com.br PAULO S\u00c9RGIO DA SILVA Psic\u00f3logo Rua Aleixo Neto, 322 sala 710. Santa L\u00facia. Vit\u00f3ria &#8211; ES Fone: (27) 999490353 \/ 999623047. E-mail: pspssergio@hotmail.com. T\u00c2NIA MARA&hellip;<\/p>\n","protected":false},"author":1,"featured_media":0,"parent":1182,"menu_order":0,"comment_status":"closed","ping_status":"closed","template":"","meta":{"footnotes":""},"class_list":["post-12671","page","type-page","status-publish","hentry","entry","no-media"],"_links":{"self":[{"href":"https:\/\/ebp.org.br\/slo\/wp-json\/wp\/v2\/pages\/12671","targetHints":{"allow":["GET"]}}],"collection":[{"href":"https:\/\/ebp.org.br\/slo\/wp-json\/wp\/v2\/pages"}],"about":[{"href":"https:\/\/ebp.org.br\/slo\/wp-json\/wp\/v2\/types\/page"}],"author":[{"embeddable":true,"href":"https:\/\/ebp.org.br\/slo\/wp-json\/wp\/v2\/users\/1"}],"replies":[{"embeddable":true,"href":"https:\/\/ebp.org.br\/slo\/wp-json\/wp\/v2\/comments?post=12671"}],"version-history":[{"count":4,"href":"https:\/\/ebp.org.br\/slo\/wp-json\/wp\/v2\/pages\/12671\/revisions"}],"predecessor-version":[{"id":13144,"href":"https:\/\/ebp.org.br\/slo\/wp-json\/wp\/v2\/pages\/12671\/revisions\/13144"}],"up":[{"embeddable":true,"href":"https:\/\/ebp.org.br\/slo\/wp-json\/wp\/v2\/pages\/1182"}],"wp:attachment":[{"href":"https:\/\/ebp.org.br\/slo\/wp-json\/wp\/v2\/media?parent=12671"}],"curies":[{"name":"wp","href":"https:\/\/api.w.org\/{rel}","templated":true}]}}