{"id":11553,"date":"2021-05-27T16:27:27","date_gmt":"2021-05-27T19:27:27","guid":{"rendered":"https:\/\/www.ebp.org.br\/slo\/?page_id=11553"},"modified":"2021-05-27T16:27:27","modified_gmt":"2021-05-27T19:27:27","slug":"aconteceu-em-tempos-de-peste","status":"publish","type":"page","link":"https:\/\/ebp.org.br\/slo\/jornadas\/ii-jornadas-ebp-secao-lo-amor-no-tempo-das-coleras\/aconteceu-em-tempos-de-peste\/","title":{"rendered":"Aconteceu em tempos de peste"},"content":{"rendered":"<section class=\"wpb-content-wrapper\">[vc_row][vc_column][eikra-vc-text-title style=&#8221;style2&#8243; title=&#8221;ACONTECEU EM TEMPOS DE PESTE&#8221;][\/eikra-vc-text-title][vc_column_text]Nessa rubrica trazemos para nossos leitores pequenas hist\u00f3rias e curiosidades sobre as pestes que j\u00e1 assolaram a humanidade. N\u00e3o s\u00f3 como sofreram ou reagiram ou como as explicavam, mas tamb\u00e9m o que se inventou, em tempos t\u00e3o dif\u00edceis, diante do desconhecido para lidar com a dissemina\u00e7\u00e3o e a alta mortalidade.[\/vc_column_text][vc_separator][eikra-vc-post title=&#8221;&#8221; grid_item_number=&#8221;99&#8243; content_limit=&#8221;60&#8243; cat=&#8221;81&#8243; button_display=&#8221;false&#8221;][\/vc_column][\/vc_row]\n<\/section>","protected":false},"excerpt":{"rendered":"<p>[vc_row][vc_column][eikra-vc-text-title style=&#8221;style2&#8243; title=&#8221;ACONTECEU EM TEMPOS DE PESTE&#8221;][\/eikra-vc-text-title][vc_column_text]Nessa rubrica trazemos para nossos leitores pequenas hist\u00f3rias e curiosidades sobre as pestes que j\u00e1 assolaram a humanidade. N\u00e3o s\u00f3 como sofreram ou reagiram ou como as explicavam, mas tamb\u00e9m o que se inventou, em tempos t\u00e3o dif\u00edceis, diante do desconhecido para lidar com a dissemina\u00e7\u00e3o e a alta&hellip;<\/p>\n","protected":false},"author":1,"featured_media":0,"parent":11373,"menu_order":0,"comment_status":"closed","ping_status":"closed","template":"","meta":{"footnotes":""},"class_list":["post-11553","page","type-page","status-publish","hentry","entry","no-media"],"_links":{"self":[{"href":"https:\/\/ebp.org.br\/slo\/wp-json\/wp\/v2\/pages\/11553","targetHints":{"allow":["GET"]}}],"collection":[{"href":"https:\/\/ebp.org.br\/slo\/wp-json\/wp\/v2\/pages"}],"about":[{"href":"https:\/\/ebp.org.br\/slo\/wp-json\/wp\/v2\/types\/page"}],"author":[{"embeddable":true,"href":"https:\/\/ebp.org.br\/slo\/wp-json\/wp\/v2\/users\/1"}],"replies":[{"embeddable":true,"href":"https:\/\/ebp.org.br\/slo\/wp-json\/wp\/v2\/comments?post=11553"}],"version-history":[{"count":0,"href":"https:\/\/ebp.org.br\/slo\/wp-json\/wp\/v2\/pages\/11553\/revisions"}],"up":[{"embeddable":true,"href":"https:\/\/ebp.org.br\/slo\/wp-json\/wp\/v2\/pages\/11373"}],"wp:attachment":[{"href":"https:\/\/ebp.org.br\/slo\/wp-json\/wp\/v2\/media?parent=11553"}],"curies":[{"name":"wp","href":"https:\/\/api.w.org\/{rel}","templated":true}]}}