{"id":11373,"date":"2021-04-14T06:33:00","date_gmt":"2021-04-14T09:33:00","guid":{"rendered":"https:\/\/www.ebp.org.br\/slo\/?page_id=11373"},"modified":"2021-04-14T06:33:00","modified_gmt":"2021-04-14T09:33:00","slug":"ii-jornadas-ebp-secao-lo-amor-no-tempo-das-coleras","status":"publish","type":"page","link":"https:\/\/ebp.org.br\/slo\/jornadas\/ii-jornadas-ebp-secao-lo-amor-no-tempo-das-coleras\/","title":{"rendered":"II Jornadas EBP Se\u00e7\u00e3o-LO &#8211; O amor no tempo das c\u00f3leras"},"content":{"rendered":"<section class=\"wpb-content-wrapper\">[vc_row][vc_column][eikra-vc-text-title style=&#8221;style2&#8243; title=&#8221;II Jornadas EBP Se\u00e7\u00e3o Leste-Oeste&#8221;]O Amor no Tempo das C\u00f3leras[\/eikra-vc-text-title][vc_column_text]\n<h3><span style=\"color: #993300;\"><strong>Apresenta\u00e7\u00e3o<\/strong><\/span><\/h3>\n<h6><strong>Por Ruskaya Maia \u2013 Coordenadora Geral das II Jornadas da EBP-LO<\/strong><\/h6>\n<p>\u00c9 com alegria que apresentamos as II Jornadas da Se\u00e7\u00e3o Leste-Oeste da EBP <em>O amor no tempo das c\u00f3leras<\/em>. Elas acontecer\u00e3o nos dias 17 e 18 de setembro, em formato virtual. Fomos buscar inspira\u00e7\u00e3o no romance de Gabriel Garc\u00eda M\u00e1rquez para abordar a atualidade das rela\u00e7\u00f5es entre os seres falantes.<\/p>\n<p>Mas, por que falar de amor, ainda?<\/p>\n<p>O amor sempre foi tema central para a psican\u00e1lise. Ele \u00e9 o tecido de todas as tramas que constituem o inconsciente tal como Freud o concebeu e aparece como condi\u00e7\u00e3o <em>sine qua non<\/em> da experi\u00eancia anal\u00edtica.<\/p>\n<p>No consult\u00f3rio do analista \u00e9 assunto privilegiado. Com ou sem sofrimento, sempre falamos de amor, buscando encontrar a tal cara-metade como se, de fato, tiv\u00e9ssemos sido partidos ao meio em algum momento. Mas Lacan adverte que a complementaridade ambicionada pelos amantes n\u00e3o \u00e9 mais que ilus\u00e3o porque o amor tem sempre uma raiz de imposs\u00edvel. Por isso, o encontro amoroso, sempre contingente, \u00e9 marcado por desencontros e sonha com uma eternidade que nunca vigora. A falta \u00e9, portanto, condi\u00e7\u00e3o para o amor.<\/p>\n<p>A contemporaneidade nos trouxe uma nova rela\u00e7\u00e3o com o tempo e com o espa\u00e7o. A velocidade das informa\u00e7\u00f5es e a totalidade do mundo virtual promoveram uma reconfigura\u00e7\u00e3o nas parcerias. O amor rom\u00e2ntico cedeu lugar ao encontro casual, as cartas de amor tornaram-se <em>msgdezap<\/em>, a expectativa ansiosa pelo encontro hoje \u00e9 <em>match<\/em>. Se, temos o mundo na palma da m\u00e3o e ao nosso redor abundam objetos para tamponar qualquer possibilidade de falta, amar se tornou ainda mais dif\u00edcil.<\/p>\n<p>A \u00e9poca que realiza o dito de que \u00e9 proibido proibir e que, portanto, legitima toda forma de amor, \u00e9 a mesma que possibilita o surgimento de uma for\u00e7a totalit\u00e1ria de coer\u00e7\u00e3o e \u00f3dio. Al\u00e9m disso, h\u00e1 pouco mais de um ano fomos surpreendidos pelo aparecimento de um v\u00edrus que nos colocou face a face com a morte. Uma amea\u00e7a de devasta\u00e7\u00e3o que n\u00e3o perde em nada para muitos filmes de fic\u00e7\u00e3o.<\/p>\n<p>Enfim, nesse tempo em que o abra\u00e7o \u00e9 proibido e o isolamento a melhor sa\u00edda para nos mantermos s\u00e3os, insistimos em acreditar no amor e a falar dele. O amor como uma inven\u00e7\u00e3o que <em>ex-iste <\/em>em tempos de \u00f3dio e peste.<\/p>\n<p>Estamos preparando para isso, um bonito evento, com a ilustre presen\u00e7a de Lizbeth Ahumada (NEL\/AMP), presidente do X ENAPOL, que gentilmente aceitou <em>linkar<\/em> em nossa rede!<\/p>\n<p>Esperamos voc\u00eas![\/vc_column_text][\/vc_column][\/vc_row]\n<\/section>","protected":false},"excerpt":{"rendered":"<p>[vc_row][vc_column][eikra-vc-text-title style=&#8221;style2&#8243; title=&#8221;II Jornadas EBP Se\u00e7\u00e3o Leste-Oeste&#8221;]O Amor no Tempo das C\u00f3leras[\/eikra-vc-text-title][vc_column_text] Apresenta\u00e7\u00e3o Por Ruskaya Maia \u2013 Coordenadora Geral das II Jornadas da EBP-LO \u00c9 com alegria que apresentamos as II Jornadas da Se\u00e7\u00e3o Leste-Oeste da EBP O amor no tempo das c\u00f3leras. Elas acontecer\u00e3o nos dias 17 e 18 de setembro, em formato virtual.&hellip;<\/p>\n","protected":false},"author":1,"featured_media":0,"parent":11376,"menu_order":0,"comment_status":"closed","ping_status":"closed","template":"","meta":{"footnotes":""},"class_list":["post-11373","page","type-page","status-publish","hentry","entry","no-media"],"_links":{"self":[{"href":"https:\/\/ebp.org.br\/slo\/wp-json\/wp\/v2\/pages\/11373","targetHints":{"allow":["GET"]}}],"collection":[{"href":"https:\/\/ebp.org.br\/slo\/wp-json\/wp\/v2\/pages"}],"about":[{"href":"https:\/\/ebp.org.br\/slo\/wp-json\/wp\/v2\/types\/page"}],"author":[{"embeddable":true,"href":"https:\/\/ebp.org.br\/slo\/wp-json\/wp\/v2\/users\/1"}],"replies":[{"embeddable":true,"href":"https:\/\/ebp.org.br\/slo\/wp-json\/wp\/v2\/comments?post=11373"}],"version-history":[{"count":0,"href":"https:\/\/ebp.org.br\/slo\/wp-json\/wp\/v2\/pages\/11373\/revisions"}],"up":[{"embeddable":true,"href":"https:\/\/ebp.org.br\/slo\/wp-json\/wp\/v2\/pages\/11376"}],"wp:attachment":[{"href":"https:\/\/ebp.org.br\/slo\/wp-json\/wp\/v2\/media?parent=11373"}],"curies":[{"name":"wp","href":"https:\/\/api.w.org\/{rel}","templated":true}]}}