{"id":4632,"date":"2025-08-28T07:37:14","date_gmt":"2025-08-28T10:37:14","guid":{"rendered":"https:\/\/ebp.org.br\/nordeste\/?page_id=4632"},"modified":"2025-08-30T07:27:29","modified_gmt":"2025-08-30T10:27:29","slug":"boletim-litoraneo-18","status":"publish","type":"page","link":"https:\/\/ebp.org.br\/nordeste\/biblioteca\/publicacao\/boletim-litoraneo-18\/","title":{"rendered":"Boletim Litor\u00e2neo #18"},"content":{"rendered":"<section class=\"wpb-content-wrapper\">[vc_row][vc_column][vc_single_image image=&#8221;3519&#8243; alignment=&#8221;center&#8221;][vc_column_text]\n<h6 style=\"text-align: center;\">Boletim Litor\u00e2neo #18 &#8211; Agosto 2025<\/h6>\n[\/vc_column_text][\/vc_column][\/vc_row][vc_row][vc_column width=&#8221;5\/6&#8243;][vc_column_text]\n<h3>EDITORIAL<\/h3>\n<p><span style=\"font-size: 13px;\"><em>Por Sandra Conrado<br \/>\nDiretora de Biblioteca<\/em><\/span><\/p>\n<p>Lacan escreve: \u201cPois o real n\u00e3o espera e n\u00e3o espera nomeadamente o sujeito, j\u00e1 que nada espera da fala. Mas, est\u00e1 ali, id\u00eantico \u00e0 sua exist\u00eancia, ru\u00eddo onde tudo se pode ouvir, e prestes a submergir com seus estrondos o que o \u2018princ\u00edpio de realidade\u2019 constr\u00f3i nele sob o nome de mundo externo\u201d. \u00c9 como dizer: o real est\u00e1 a\u00ed fora, emos de encontr\u00e1-lo, basta ter ouvidos atentos \u00e0 escuta, olhos abertos aos novos sintomas, a cl\u00ednica continua a nos ensinar &#8211; e al\u00e9m. Como diz Cassandra Dias em sua fala, seguimos a trilha de Lacan em dire\u00e7\u00e3o ao real.[\/vc_column_text][vc_btn title=&#8221;Leia+&#8221; style=&#8221;classic&#8221; color=&#8221;mulled-wine&#8221; size=&#8221;xs&#8221; link=&#8221;url:https%3A%2F%2Febp.org.br%2Fnordeste%2Feditorial-litoaneo-18%2F|title:Editorial%20Boletim%20Litor%C3%A2neo%20n%C2%BA11&#8243;][\/vc_column][vc_column width=&#8221;1\/6&#8243;][vc_single_image image=&#8221;4636&#8243;][\/vc_column][\/vc_row][vc_row][vc_column][vc_separator border_width=&#8221;2&#8243;][\/vc_column][\/vc_row][vc_row][vc_column width=&#8221;5\/6&#8243;][vc_column_text]\n<h3>PALAVRAS DA DIRETORIA<\/h3>\n<p><span style=\"font-size: 13px;\"><em>Por Margarida Assad<\/em><\/span><br \/>\n<span style=\"font-size: 13px;\"><em>EBP\/AMP Diretora Geral<\/em><\/span><\/p>\n<p><strong>Desafios e Forma\u00e7\u00e3o de ser Diretora de uma nova Se\u00e7\u00e3o da Nova Geografia<\/strong><\/p>\n<p>Vou usar desse espa\u00e7o no nosso Boletim Litor\u00e2neo para compartilhar com os colegas que fazem parte de nossa Se\u00e7\u00e3o Nordeste, e, com aqueles que dela participam, a experi\u00eancia que venho adquirindo na Diretoria de uma nova Se\u00e7\u00e3o e de uma nova Geografia. Essa n\u00e3o \u00e9 a primeira Diretoria ap\u00f3s a cria\u00e7\u00e3o da Se\u00e7\u00e3o Nordeste, \u00e9 a terceira, e talvez o n\u00famero tr\u00eas seja significativo para colher os efeitos de uma Nova Se\u00e7\u00e3o.[\/vc_column_text][vc_btn title=&#8221;Leia+&#8221; style=&#8221;classic&#8221; color=&#8221;mulled-wine&#8221; size=&#8221;xs&#8221; link=&#8221;url:https%3A%2F%2Febp.org.br%2Fnordeste%2Fpalavras-da-diretoria%2F|title:Editorial%20Boletim%20Litor%C3%A2neo%20n%C2%BA11&#8243;][\/vc_column][vc_column width=&#8221;1\/6&#8243;][vc_single_image image=&#8221;4637&#8243;][\/vc_column][\/vc_row][vc_row][vc_column][vc_separator border_width=&#8221;2&#8243;][\/vc_column][\/vc_row][vc_row][vc_column width=&#8221;5\/6&#8243;][vc_column_text]\n<h3>EVENTOS<\/h3>\n<p>O XII ENAPOL acontecer\u00e1 nos dias 05, 06 e 07 de setembro, em Belo Horizonte, com o tema \u201cFalar com a crian\u00e7a!\u201d Instigante proposta que joga luz num assunto que est\u00e1 presente do in\u00edcio ao fim de uma an\u00e1lise, uma vez que isso fala a cada um que se coloca na posi\u00e7\u00e3o analisante. O infantil da crian\u00e7a e o infantil sempre presente na vida do adulto \u00e9 indissoci\u00e1vel do gozo e do desejo.[\/vc_column_text][vc_btn title=&#8221;Leia+&#8221; style=&#8221;classic&#8221; color=&#8221;mulled-wine&#8221; size=&#8221;xs&#8221; link=&#8221;url:https%3A%2F%2Febp.org.br%2Fnordeste%2Feventos%2F|title:Editorial%20Boletim%20Litor%C3%A2neo%20n%C2%BA11&#8243;][\/vc_column][vc_column width=&#8221;1\/6&#8243;][vc_single_image image=&#8221;4635&#8243;][\/vc_column][\/vc_row][vc_row][vc_column][vc_separator border_width=&#8221;2&#8243;][\/vc_column][\/vc_row][vc_row][vc_column width=&#8221;5\/6&#8243;][vc_column_text]\n<h3>CORTES &#8211; NOITES DA BIBLIOTECA<\/h3>\n<blockquote><p>\u201cQue o v\u00e9u levantado n\u00e3o mostre nada, eis o princ\u00edpio da inicia\u00e7\u00e3o&#8230;\u201d<br \/>\nLacan, 1974, Pref\u00e1cio a O despertar da primavera, Outro Escritos, 2003, p. 558<\/p><\/blockquote>\n<p>Com o convidado Marcelo Veras conversamos sobre a adolesc\u00eancia e a s\u00e9rie hom\u00f4nima que tem gerado diversos debates e inquieta\u00e7\u00f5es por quem a assiste.<br \/>\nDurante sua apresenta\u00e7\u00e3o, Marcelo nos levou a refletir sobre a adolesc\u00eancia na nossa \u00e9poca, lembrando que n\u00e3o h\u00e1 um discurso da adolesc\u00eancia, ou seja, embora se fale da adolesc\u00eancia com mais frequ\u00eancia, h\u00e1 pouca \u00eanfase no que os adolescentes falam de si mesmos.[\/vc_column_text][vc_btn title=&#8221;Leia+&#8221; style=&#8221;classic&#8221; color=&#8221;mulled-wine&#8221; size=&#8221;xs&#8221; link=&#8221;url:https%3A%2F%2Febp.org.br%2Fnordeste%2Fcortes-noites-da-biblioteca%2F|title:Editorial%20Boletim%20Litor%C3%A2neo%20n%C2%BA11&#8243;][\/vc_column][vc_column width=&#8221;1\/6&#8243;][vc_single_image image=&#8221;4638&#8243;][\/vc_column][\/vc_row][vc_row][vc_column][vc_separator border_width=&#8221;2&#8243;][\/vc_column][\/vc_row][vc_row][vc_column width=&#8221;5\/6&#8243;][vc_column_text]\n<h3>DIRETORIAS<\/h3>\n<p>Com a fun\u00e7\u00e3o de garantir o trabalho e promover o engajamento da psican\u00e1lise de orienta\u00e7\u00e3o lacaniana para o bi\u00eanio 2025-27, a Se\u00e7\u00e3o Nordeste contar\u00e1 com:<\/p>\n<ul>\n<li>Margarida Assad (EBP\/AMP) &#8211; Diretora Geral<\/li>\n<li>Maria Lidia Pessoa (EBP\/AMP) &#8211; Diretora Secret\u00e1ria de Finan\u00e7as<\/li>\n<li>Karynna N\u00f3brega (EBP\/AMP) &#8211; Diretora de Cart\u00e9is e Interc\u00e2mbio<\/li>\n<li>Sandra Conrado &#8211; Diretora de Biblioteca<\/li>\n<\/ul>\n<p>E o apoio dos seguintes colegas em suas comiss\u00f5es:<\/p>\n<p>Diretora de Finan\u00e7as: Larissa S. M. de C Gomes, Paulo Carvalho e Socorro Soares<\/p>\n<p>Diretoria de Cart\u00e9is e Interc\u00e2mbio: Isis Maur\u00edcio, Jos\u00e9 Augusto Rocha (NPJ) e Marina Fragosos (NPJ)<\/p>\n<p>Diretoria de Biblioteca: Juliana Ribeiro, Nelson Matheus Silva (NPJ), Roberta Gusm\u00e3o, Tatiana Schefer e Wilson Lima<\/p>\n<p>Respons\u00e1veis por este Boletim<br \/>\n<em>Roberta Gusm\u00e3o e Sandra Conrado<\/em>[\/vc_column_text][vc_btn title=&#8221;Leia+&#8221; style=&#8221;classic&#8221; color=&#8221;mulled-wine&#8221; size=&#8221;xs&#8221; link=&#8221;url:https%3A%2F%2Febp.org.br%2Fnordeste%2Fdiretorias%2F|title:Editorial%20Boletim%20Litor%C3%A2neo%20n%C2%BA11&#8243;][\/vc_column][vc_column width=&#8221;1\/6&#8243;][vc_single_image image=&#8221;4639&#8243;][\/vc_column][\/vc_row][vc_row css=&#8221;.vc_custom_1624132366850{background-color: #3f4649 !important;}&#8221;][vc_column][vc_single_image image=&#8221;3520&#8243; alignment=&#8221;center&#8221;][vc_column_text]\n<p style=\"text-align: center;\"><span style=\"font-size: 13px; color: #ffffff;\">Litor\u00e2neo &#8211; Boletim Eletr\u00f4nico da EBP Se\u00e7\u00e3o Nordeste<\/span><\/p>\n<p style=\"text-align: center;\"><span style=\"font-size: 13px; color: #ffffff;\">Coordenadora da Comiss\u00e3o de Boletim: Sandra Conrado &#8211; Diretora de Biblioteca<\/span><\/p>\n<p style=\"text-align: center;\"><span style=\"font-size: 13px; color: #ffffff;\">Comiss\u00e3o de Boletim: Juliana Ribeiro, Nelson Matheus Silva (NPJ), Roberta Gusm\u00e3o, Tatiana Schefer e Wilson Lima<\/span><\/p>\n<p style=\"text-align: center;\"><span style=\"font-size: 13px; color: #ffffff;\">Designer: Bruno Senna &#8211; sennabruno@gmail.com<\/span><\/p>\n[\/vc_column_text][\/vc_column][\/vc_row]\n<\/section>","protected":false},"excerpt":{"rendered":"<p>[vc_row][vc_column][vc_single_image image=&#8221;3519&#8243; alignment=&#8221;center&#8221;][vc_column_text] Boletim Litor\u00e2neo #18 &#8211; Agosto 2025 [\/vc_column_text][\/vc_column][\/vc_row][vc_row][vc_column width=&#8221;5\/6&#8243;][vc_column_text] EDITORIAL Por Sandra Conrado Diretora de Biblioteca Lacan escreve: \u201cPois o real n\u00e3o espera e n\u00e3o espera nomeadamente o sujeito, j\u00e1 que nada espera da fala. Mas, est\u00e1 ali, id\u00eantico \u00e0 sua exist\u00eancia, ru\u00eddo onde tudo se pode ouvir, e prestes a submergir com&hellip;<\/p>\n","protected":false},"author":1,"featured_media":0,"parent":1231,"menu_order":0,"comment_status":"closed","ping_status":"closed","template":"templates\/no-sidebar.php","meta":{"footnotes":""},"class_list":["post-4632","page","type-page","status-publish","hentry","entry","no-media"],"_links":{"self":[{"href":"https:\/\/ebp.org.br\/nordeste\/wp-json\/wp\/v2\/pages\/4632","targetHints":{"allow":["GET"]}}],"collection":[{"href":"https:\/\/ebp.org.br\/nordeste\/wp-json\/wp\/v2\/pages"}],"about":[{"href":"https:\/\/ebp.org.br\/nordeste\/wp-json\/wp\/v2\/types\/page"}],"author":[{"embeddable":true,"href":"https:\/\/ebp.org.br\/nordeste\/wp-json\/wp\/v2\/users\/1"}],"replies":[{"embeddable":true,"href":"https:\/\/ebp.org.br\/nordeste\/wp-json\/wp\/v2\/comments?post=4632"}],"version-history":[{"count":5,"href":"https:\/\/ebp.org.br\/nordeste\/wp-json\/wp\/v2\/pages\/4632\/revisions"}],"predecessor-version":[{"id":4655,"href":"https:\/\/ebp.org.br\/nordeste\/wp-json\/wp\/v2\/pages\/4632\/revisions\/4655"}],"up":[{"embeddable":true,"href":"https:\/\/ebp.org.br\/nordeste\/wp-json\/wp\/v2\/pages\/1231"}],"wp:attachment":[{"href":"https:\/\/ebp.org.br\/nordeste\/wp-json\/wp\/v2\/media?parent=4632"}],"curies":[{"name":"wp","href":"https:\/\/api.w.org\/{rel}","templated":true}]}}