{"id":4211,"date":"2024-03-06T16:05:53","date_gmt":"2024-03-06T19:05:53","guid":{"rendered":"https:\/\/ebp.org.br\/nordeste\/?page_id=4211"},"modified":"2024-04-16T17:05:08","modified_gmt":"2024-04-16T20:05:08","slug":"boletim-litoraneo-13","status":"publish","type":"page","link":"https:\/\/ebp.org.br\/nordeste\/biblioteca\/publicacao\/boletim-litoraneo-13\/","title":{"rendered":"Boletim Litor\u00e2neo #13"},"content":{"rendered":"<section class=\"wpb-content-wrapper\">[vc_row][vc_column][vc_single_image image=&#8221;3519&#8243; alignment=&#8221;center&#8221;][vc_column_text]\n<h6 style=\"text-align: center;\">Boletim Litor\u00e2neo #13 &#8211; mar\u00e7o 2024<\/h6>\n[\/vc_column_text][\/vc_column][\/vc_row][vc_row][vc_column][vc_column_text]\n<h3>EDITORIAL<\/h3>\n<h6>Maria de Lourdes Arag\u00e3o e Francisco Santos<\/h6>\n<p><img loading=\"lazy\" decoding=\"async\" class=\"size-full wp-image-4193 alignnone\" src=\"https:\/\/ebp.org.br\/nordeste\/wp-content\/uploads\/2023\/11\/mini_litoraneo13_001.png\" alt=\"\" width=\"700\" height=\"150\" srcset=\"https:\/\/ebp.org.br\/nordeste\/wp-content\/uploads\/2023\/11\/mini_litoraneo13_001.png 700w, https:\/\/ebp.org.br\/nordeste\/wp-content\/uploads\/2023\/11\/mini_litoraneo13_001-300x64.png 300w\" sizes=\"auto, (max-width: 700px) 100vw, 700px\" \/><\/p>\n<p>O Litor\u00e2neo #13 marca a continuidade dos trabalhos da Se\u00e7\u00e3o Nordeste, recuperando momentos e conte\u00fados importantes do ano que passou, na esteira dos temas atuais das jornadas e congressos de 2024. O ano come\u00e7ou a todo vapor com o XIV Congresso da Associa\u00e7\u00e3o Mundial de Psican\u00e1lise; seguiremos com o Encontro Brasileiro do Campo Freudiano, em novembro pr\u00f3ximo. Os textos desta edi\u00e7\u00e3o est\u00e3o em conson\u00e2ncia com esses grandes eventos e os demais do ano de 2023 e deste ano de 2024 tamb\u00e9m.[\/vc_column_text][vc_btn title=&#8221;Leia+&#8221; style=&#8221;classic&#8221; color=&#8221;mulled-wine&#8221; size=&#8221;xs&#8221; link=&#8221;url:https%3A%2F%2Febp.org.br%2Fnordeste%2Feditorial-boletim-litoraneo-13%2F|title:Editorial%20Boletim%20Litor%C3%A2neo%20n%C2%BA11&#8243;][\/vc_column][\/vc_row][vc_row][vc_column][vc_separator border_width=&#8221;2&#8243;][\/vc_column][\/vc_row][vc_row][vc_column][vc_column_text]\n<h3>Os Laios de hoje em dia<\/h3>\n<h6>Sandra Conrado<\/h6>\n<p><img loading=\"lazy\" decoding=\"async\" class=\"alignnone size-full wp-image-4191\" src=\"https:\/\/ebp.org.br\/nordeste\/wp-content\/uploads\/2023\/11\/mini_litoraneo13_002.png\" alt=\"\" width=\"700\" height=\"150\" srcset=\"https:\/\/ebp.org.br\/nordeste\/wp-content\/uploads\/2023\/11\/mini_litoraneo13_002.png 700w, https:\/\/ebp.org.br\/nordeste\/wp-content\/uploads\/2023\/11\/mini_litoraneo13_002-300x64.png 300w\" sizes=\"auto, (max-width: 700px) 100vw, 700px\" \/><\/p>\n<p>Depois das falas de Sandra Luna e Jorge Bweres, nesse precioso trabalho da pe\u00e7a teatral O \u00daltimo \u00c9dipo, gostaria de trazer alguns pontos que me chamaram a aten\u00e7\u00e3o enquanto espectadora dessa pe\u00e7a que tive o privil\u00e9gio de assistir, em 2017, no teatro Santa Rosa, centro de Jo\u00e3o Pessoa-PB.<\/p>\n<p>S\u00e3o pontua\u00e7\u00f5es que eu vou trazer para nossa conversa a partir das impress\u00f5es que retirei da pe\u00e7a, e que voc\u00eas devem ter tirado tamb\u00e9m a partir do que assistiram no YouTube&#8230;[\/vc_column_text][vc_btn title=&#8221;Leia+&#8221; style=&#8221;classic&#8221; color=&#8221;mulled-wine&#8221; size=&#8221;xs&#8221; link=&#8221;url:https%3A%2F%2Febp.org.br%2Fnordeste%2Fo-ultimo-edipo-laio-um-pai-contemporaneo%2F|title:Savoir-y-faire%20avec%E2%80%A6&#8243;][\/vc_column][\/vc_row][vc_row][vc_column][vc_separator border_width=&#8221;2&#8243;][\/vc_column][\/vc_row][vc_row][vc_column][vc_column_text]\n<h3>Uma noite na aldeia<\/h3>\n<h6>Jos\u00e9 Augusto Rocha<\/h6>\n<p><img loading=\"lazy\" decoding=\"async\" class=\"alignnone size-full wp-image-4194\" src=\"https:\/\/ebp.org.br\/nordeste\/wp-content\/uploads\/2023\/11\/mini_litoraneo13_003.png\" alt=\"\" width=\"700\" height=\"150\" srcset=\"https:\/\/ebp.org.br\/nordeste\/wp-content\/uploads\/2023\/11\/mini_litoraneo13_003.png 700w, https:\/\/ebp.org.br\/nordeste\/wp-content\/uploads\/2023\/11\/mini_litoraneo13_003-300x64.png 300w\" sizes=\"auto, (max-width: 700px) 100vw, 700px\" \/><\/p>\n<p>Ano de 1920. Um grupo de dez Potiguara, liderados por Manoel Santana, ent\u00e3o cacique-geral, partiu de navio em dire\u00e7\u00e3o ao Rio de Janeiro. Acossados pela tomada de seus territ\u00f3rios naqueles anos, alguns haviam presenciado cena horripilante de espancamento, seguido de pris\u00f5es ilegais, contra seus parentes, ap\u00f3s \u2013 vejam s\u00f3 \u2013 um grupo de ind\u00edgenas ser descoberto na cata do caranguejo&#8230;[\/vc_column_text][vc_btn title=&#8221;Leia+&#8221; style=&#8221;classic&#8221; color=&#8221;mulled-wine&#8221; size=&#8221;xs&#8221; link=&#8221;url:https%3A%2F%2Febp.org.br%2Fnordeste%2Fuma-noite-na-aldeia%2F|title:E%20o%20Mais%20Um%3F%5B1%5D%3E&#8221;][\/vc_column][\/vc_row][vc_row][vc_column][vc_separator border_width=&#8221;2&#8243;][\/vc_column][\/vc_row][vc_row][vc_column][vc_column_text]\n<h3>A forma sem f\u00f4rma: uma reflex\u00e3o sobre os efeitos de forma\u00e7\u00e3o<\/h3>\n<h6>\u00cdsis Maur\u00edcio Coelho<\/h6>\n<p><img loading=\"lazy\" decoding=\"async\" class=\"alignnone size-full wp-image-4195\" src=\"https:\/\/ebp.org.br\/nordeste\/wp-content\/uploads\/2023\/11\/mini_litoraneo13_004.png\" alt=\"\" width=\"700\" height=\"150\" srcset=\"https:\/\/ebp.org.br\/nordeste\/wp-content\/uploads\/2023\/11\/mini_litoraneo13_004.png 700w, https:\/\/ebp.org.br\/nordeste\/wp-content\/uploads\/2023\/11\/mini_litoraneo13_004-300x64.png 300w\" sizes=\"auto, (max-width: 700px) 100vw, 700px\" \/><\/p>\n<p>Inicialmente, gostaria de expressar meu agradecimento \u00e0 Diretoria de Cart\u00e9is e Interc\u00e2mbio da Se\u00e7\u00e3o Nordeste e sua comiss\u00e3o pelo acolhimento e pela oportunidade de participar deste trabalho desenvolvido em tr\u00eas frentes de atividades: &#8220;Noite de Cart\u00e9is&#8221;, &#8220;Procura-se Cartel&#8221; e &#8220;Momentos de Interc\u00e2mbio&#8221;. Al\u00e9m das reuni\u00f5es internas, constru\u00e7\u00f5es coletivas, leituras, estudos e trocas&#8230;[\/vc_column_text][vc_btn title=&#8221;Leia+&#8221; style=&#8221;classic&#8221; color=&#8221;mulled-wine&#8221; size=&#8221;xs&#8221; link=&#8221;url:https%3A%2F%2Febp.org.br%2Fnordeste%2Fa-forma-sem-forma-uma-reflexao-sobre-os-efeitos-de-formacao%2F|title:Tu%20Podes%20Saber&#8221;][\/vc_column][\/vc_row][vc_row][vc_column][vc_separator border_width=&#8221;2&#8243;][\/vc_column][\/vc_row][vc_row][vc_column][vc_column_text]\n<h3>Lan\u00e7amento do livro Lacan Chin\u00eas: para al\u00e9m das estruturas e dos n\u00f3s, de Cleyton Andrade<\/h3>\n<h6>Francisco Santos<\/h6>\n<p><img loading=\"lazy\" decoding=\"async\" class=\"alignnone size-full wp-image-4196\" src=\"https:\/\/ebp.org.br\/nordeste\/wp-content\/uploads\/2023\/11\/mini_litoraneo13_005.png\" alt=\"\" width=\"700\" height=\"150\" srcset=\"https:\/\/ebp.org.br\/nordeste\/wp-content\/uploads\/2023\/11\/mini_litoraneo13_005.png 700w, https:\/\/ebp.org.br\/nordeste\/wp-content\/uploads\/2023\/11\/mini_litoraneo13_005-300x64.png 300w\" sizes=\"auto, (max-width: 700px) 100vw, 700px\" \/><\/p>\n<p>No \u00faltimo dia 7 de novembro, a Comiss\u00e3o de Biblioteca da EBP Se\u00e7\u00e3o Nordeste trouxe mais um Noites de biblioteca, onde tivemos a honra de apresentar o livro Lacan chin\u00eas, uma obra reconhecidamente importante para a psican\u00e1lise de orienta\u00e7\u00e3o lacaniana. E n\u00e3o apenas: o livro ganhou o primeiro lugar do 58\u00ba Pr\u00eamio Jabuti, na categoria Psicologia, Psican\u00e1lise e Comportamento; e \u00e9 oriundo da pena &#8211; ou do pincel &#8211; de Cleyton Andrade.[\/vc_column_text][vc_btn title=&#8221;Leia+&#8221; style=&#8221;classic&#8221; color=&#8221;mulled-wine&#8221; size=&#8221;xs&#8221; link=&#8221;url:https%3A%2F%2Febp.org.br%2Fnordeste%2Flancamento-do-livro-lacan-chines-para-alem-das-estruturas-e-dos-nos-de-cleyton-andrade%2F|title:Tu%20Podes%20Saber&#8221;][\/vc_column][\/vc_row][vc_row][vc_column][vc_separator border_width=&#8221;2&#8243;][\/vc_column][\/vc_row][vc_row][vc_column][vc_column_text]\n<h3>Conversa\u00e7\u00e3o Cinema e Psican\u00e1lise Se\u00e7\u00e3o Nordeste<\/h3>\n<h6>K\u00e9sia Ramos<br \/>\nMembro da EBP\/AMP<\/h6>\n<p><img loading=\"lazy\" decoding=\"async\" class=\"alignnone size-full wp-image-4192\" src=\"https:\/\/ebp.org.br\/nordeste\/wp-content\/uploads\/2023\/11\/mini_litoraneo13_006.png\" alt=\"\" width=\"700\" height=\"150\" srcset=\"https:\/\/ebp.org.br\/nordeste\/wp-content\/uploads\/2023\/11\/mini_litoraneo13_006.png 700w, https:\/\/ebp.org.br\/nordeste\/wp-content\/uploads\/2023\/11\/mini_litoraneo13_006-300x64.png 300w\" sizes=\"auto, (max-width: 700px) 100vw, 700px\" \/><\/p>\n<p>Boa noite a todos, sejam bem-vindos a mais um encontro da Conversa\u00e7\u00e3o do Cinema com a Psican\u00e1lise da Se\u00e7\u00e3o Nordeste. Nesta ocasi\u00e3o, faremos o encerramento das atividades da Se\u00e7\u00e3o Nordeste deste ano de 2023.<\/p>\n<p>Gostaria de agradecer aos apoios recebidos: \u00e0 diretoria da Se\u00e7\u00e3o Nordeste, a diretora Cleide Monteiro, da qual a atividade est\u00e1 na rubrica da Diretoria de Biblioteca, em especial a Rede do cinema e psican\u00e1lise da Fapol na EBP, sob coordena\u00e7\u00e3o da Ondina Machado e \u00e0s queridas colegas e parceiras de trabalho da comiss\u00e3o da rede, bem como aos colegas aqui presente.[\/vc_column_text][vc_btn title=&#8221;Leia+&#8221; style=&#8221;classic&#8221; color=&#8221;mulled-wine&#8221; size=&#8221;xs&#8221; link=&#8221;url:https%3A%2F%2Febp.org.br%2Fnordeste%2Fconversacao-cinema-e-psicanalise-secao-nordeste%2F|title:Tu%20Podes%20Saber&#8221;][\/vc_column][\/vc_row][vc_row][vc_column][vc_separator border_width=&#8221;2&#8243;][\/vc_column][\/vc_row][vc_row][vc_column][vc_column_text]\n<h3>O gadget ideal: coment\u00e1rio sobre o filme O homem ideal<\/h3>\n<h6>Niraldo de Oliveira Santos<br \/>\nMembro da EBP\/AMP<\/h6>\n<p><img loading=\"lazy\" decoding=\"async\" class=\"alignnone size-full wp-image-4197\" src=\"https:\/\/ebp.org.br\/nordeste\/wp-content\/uploads\/2023\/11\/mini_litoraneo13_007.png\" alt=\"\" width=\"700\" height=\"150\" srcset=\"https:\/\/ebp.org.br\/nordeste\/wp-content\/uploads\/2023\/11\/mini_litoraneo13_007.png 700w, https:\/\/ebp.org.br\/nordeste\/wp-content\/uploads\/2023\/11\/mini_litoraneo13_007-300x64.png 300w\" sizes=\"auto, (max-width: 700px) 100vw, 700px\" \/><\/p>\n<p>Gostaria de iniciar agradecendo a K\u00e9sia Ramos, Cleide Pereira e a todos os colegas da diretoria da EBP &#8211; Se\u00e7\u00e3o Nordeste, pelo convite para participar desta atividade, o que muito me deixou feliz e honrado! Alegria que tamb\u00e9m decorre do prazer de ter assistido ao filme \u201cO homem ideal\u201d (2021) para esta conversa\u00e7\u00e3o.[\/vc_column_text][vc_btn title=&#8221;Leia+&#8221; style=&#8221;classic&#8221; color=&#8221;mulled-wine&#8221; size=&#8221;xs&#8221; link=&#8221;url:https%3A%2F%2Febp.org.br%2Fnordeste%2Fo-gadget-ideal-comentario-sobre-o-filme-o-homem-ideal%2F|title:Tu%20Podes%20Saber&#8221;][\/vc_column][\/vc_row][vc_row][vc_column][vc_separator border_width=&#8221;2&#8243;][\/vc_column][\/vc_row][vc_row css=&#8221;.vc_custom_1624132366850{background-color: #3f4649 !important;}&#8221;][vc_column][vc_single_image image=&#8221;3520&#8243; alignment=&#8221;center&#8221;][vc_column_text]\n<h6 style=\"text-align: center;\"><span style=\"color: #ffffff;\">Litor\u00e2neo &#8211; Boletim Eletr\u00f4nico da EBP Se\u00e7\u00e3o Nordeste<\/span><\/h6>\n<h6 style=\"text-align: center;\"><span style=\"color: #ffffff;\">Coordenadora da Comiss\u00e3o de Boletim: Cleide Monteiro<\/span><\/h6>\n<h6 style=\"text-align: center;\"><span style=\"color: #ffffff;\">Comiss\u00e3o de Boletim:\u00a0Bruno Senna, Cassandra Dias e K\u00e9sia Ramos<\/span><\/h6>\n<h6 style=\"text-align: center;\"><span style=\"color: #ffffff;\">Designer: Bruno Senna &#8211; sennabruno@gmail.com<\/span><\/h6>\n[\/vc_column_text][\/vc_column][\/vc_row]\n<\/section>","protected":false},"excerpt":{"rendered":"<p>[vc_row][vc_column][vc_single_image image=&#8221;3519&#8243; alignment=&#8221;center&#8221;][vc_column_text] Boletim Litor\u00e2neo #13 &#8211; mar\u00e7o 2024 [\/vc_column_text][\/vc_column][\/vc_row][vc_row][vc_column][vc_column_text] EDITORIAL Maria de Lourdes Arag\u00e3o e Francisco Santos O Litor\u00e2neo #13 marca a continuidade dos trabalhos da Se\u00e7\u00e3o Nordeste, recuperando momentos e conte\u00fados importantes do ano que passou, na esteira dos temas atuais das jornadas e congressos de 2024. O ano come\u00e7ou a todo vapor&hellip;<\/p>\n","protected":false},"author":1,"featured_media":0,"parent":1231,"menu_order":0,"comment_status":"closed","ping_status":"closed","template":"","meta":{"footnotes":""},"class_list":["post-4211","page","type-page","status-publish","hentry","entry","no-media"],"_links":{"self":[{"href":"https:\/\/ebp.org.br\/nordeste\/wp-json\/wp\/v2\/pages\/4211","targetHints":{"allow":["GET"]}}],"collection":[{"href":"https:\/\/ebp.org.br\/nordeste\/wp-json\/wp\/v2\/pages"}],"about":[{"href":"https:\/\/ebp.org.br\/nordeste\/wp-json\/wp\/v2\/types\/page"}],"author":[{"embeddable":true,"href":"https:\/\/ebp.org.br\/nordeste\/wp-json\/wp\/v2\/users\/1"}],"replies":[{"embeddable":true,"href":"https:\/\/ebp.org.br\/nordeste\/wp-json\/wp\/v2\/comments?post=4211"}],"version-history":[{"count":3,"href":"https:\/\/ebp.org.br\/nordeste\/wp-json\/wp\/v2\/pages\/4211\/revisions"}],"predecessor-version":[{"id":4309,"href":"https:\/\/ebp.org.br\/nordeste\/wp-json\/wp\/v2\/pages\/4211\/revisions\/4309"}],"up":[{"embeddable":true,"href":"https:\/\/ebp.org.br\/nordeste\/wp-json\/wp\/v2\/pages\/1231"}],"wp:attachment":[{"href":"https:\/\/ebp.org.br\/nordeste\/wp-json\/wp\/v2\/media?parent=4211"}],"curies":[{"name":"wp","href":"https:\/\/api.w.org\/{rel}","templated":true}]}}