{"id":3296,"date":"2023-04-06T07:03:31","date_gmt":"2023-04-06T10:03:31","guid":{"rendered":"https:\/\/ebp.org.br\/nordeste\/?page_id=3296"},"modified":"2023-11-30T08:19:07","modified_gmt":"2023-11-30T11:19:07","slug":"boletim-litoraneo-10","status":"publish","type":"page","link":"https:\/\/ebp.org.br\/nordeste\/biblioteca\/publicacao\/boletim-litoraneo-10\/","title":{"rendered":"Boletim Litor\u00e2neo #10"},"content":{"rendered":"<section class=\"wpb-content-wrapper\">[vc_row][vc_column][vc_single_image image=&#8221;4024&#8243; alignment=&#8221;center&#8221;][vc_column_text]\n<h6 style=\"text-align: center;\">Boletim Litor\u00e2neo #10 &#8211; Abril 2023<\/h6>\n[\/vc_column_text][\/vc_column][\/vc_row][vc_row][vc_column][vc_column_text]\n<h3>EDITORIAL<\/h3>\n<h6>Cassandra Dias \u2013 Diretora de Biblioteca<\/h6>\n<p><img loading=\"lazy\" decoding=\"async\" class=\"alignnone size-full wp-image-3837\" src=\"https:\/\/ebp.org.br\/nordeste\/wp-content\/uploads\/2023\/04\/mini_litoraneot_010_001.jpg\" alt=\"\" width=\"700\" height=\"140\" srcset=\"https:\/\/ebp.org.br\/nordeste\/wp-content\/uploads\/2023\/04\/mini_litoraneot_010_001.jpg 700w, https:\/\/ebp.org.br\/nordeste\/wp-content\/uploads\/2023\/04\/mini_litoraneot_010_001-300x60.jpg 300w\" sizes=\"auto, (max-width: 700px) 100vw, 700px\" \/><\/p>\n<p>Cartel e Passe. Essa edi\u00e7\u00e3o do Litor\u00e2neo \u2013 \u00faltima sob minha editora\u00e7\u00e3o \u2013 toma os pilares da Escola de Lacan como tema de trabalho a partir das produ\u00e7\u00f5es que se fizeram na EBP Nordeste em torno desses dois dispositivos.<br \/>\n\u201cQue a Escola possa garantir a rela\u00e7\u00e3o do analista com a forma\u00e7\u00e3o que ela dispensa, portanto, est\u00e1 estabelecido\u201d.[\/vc_column_text][vc_btn title=&#8221;Leia+&#8221; style=&#8221;classic&#8221; color=&#8221;mulled-wine&#8221; size=&#8221;xs&#8221; link=&#8221;url:https%3A%2F%2Febp.org.br%2Fnordeste%2Feditorial-boletim-litoraneo-no10%2F|title:Editorial%20Boletim%20Litor%C3%A2neo%20n%C2%BA11&#8243;][\/vc_column][\/vc_row][vc_row][vc_column][vc_separator border_width=&#8221;2&#8243;][\/vc_column][\/vc_row][vc_row][vc_column][vc_column_text]\n<h3>Savoir-y-faire avec\u2026<\/h3>\n<h6>K\u00e9sia Ramos \u2013 Comiss\u00e3o do Boletim Litor\u00e2neo<\/h6>\n<p><img loading=\"lazy\" decoding=\"async\" class=\"alignnone wp-image-3838 size-full\" src=\"https:\/\/ebp.org.br\/nordeste\/wp-content\/uploads\/2023\/04\/mini_litoraneot_010_002.jpg\" alt=\"\" width=\"700\" height=\"140\" srcset=\"https:\/\/ebp.org.br\/nordeste\/wp-content\/uploads\/2023\/04\/mini_litoraneot_010_002.jpg 700w, https:\/\/ebp.org.br\/nordeste\/wp-content\/uploads\/2023\/04\/mini_litoraneot_010_002-300x60.jpg 300w\" sizes=\"auto, (max-width: 700px) 100vw, 700px\" \/><\/p>\n<p>O Boletim Litor\u00e2neo N\u00famero 10 traz, em sua edi\u00e7\u00e3o de arte, a tem\u00e1tica da \u201cmem\u00f3ria\u201d, ilustrada nas obras de Noriko Kuresumi e Sophia de Mello Breyner Andresen.<br \/>\nMem\u00f3rias fundadas nas intensas viv\u00eancias infantis, compostas pela presen\u00e7a do oceano.[\/vc_column_text][vc_btn title=&#8221;Leia+&#8221; style=&#8221;classic&#8221; color=&#8221;mulled-wine&#8221; size=&#8221;xs&#8221; link=&#8221;url:https%3A%2F%2Febp.org.br%2Fnordeste%2Fsavoir-y-faire-avec%2F|title:Savoir-y-faire%20avec%E2%80%A6&#8243;][\/vc_column][\/vc_row][vc_row][vc_column][vc_separator border_width=&#8221;2&#8243;][\/vc_column][\/vc_row][vc_row][vc_column][vc_column_text]\n<h3>E o Mais Um?<\/h3>\n<h6>Cassandra Dias Farias<\/h6>\n<p><img loading=\"lazy\" decoding=\"async\" class=\"alignnone size-full wp-image-3839\" src=\"https:\/\/ebp.org.br\/nordeste\/wp-content\/uploads\/2023\/04\/mini_litoraneot_010_003.jpg\" alt=\"\" width=\"700\" height=\"140\" srcset=\"https:\/\/ebp.org.br\/nordeste\/wp-content\/uploads\/2023\/04\/mini_litoraneot_010_003.jpg 700w, https:\/\/ebp.org.br\/nordeste\/wp-content\/uploads\/2023\/04\/mini_litoraneot_010_003-300x60.jpg 300w\" sizes=\"auto, (max-width: 700px) 100vw, 700px\" \/><\/p>\n<p>Aos 63 anos, ap\u00f3s ser excomungado da Sociedade Francesa de Psican\u00e1lise, Lacan inaugura na hist\u00f3ria da psican\u00e1lise, uma nova perspectiva institucional, rompendo com o modelo das sociedades deixado por Freud e tomando como premissa, o conceito de Escola. J\u00e1 \u00e0s voltas com a elabora\u00e7\u00e3o do seu objeto a e \u00e0 altura do semin\u00e1rio 11 \u2013 Os quatro conceitos fundamentais da psican\u00e1lise \u2013 ele assume para si e t\u00e3o somente, a oferta de uma forma\u00e7\u00e3o para os psicanalistas.[\/vc_column_text][vc_btn title=&#8221;Leia+&#8221; style=&#8221;classic&#8221; color=&#8221;mulled-wine&#8221; size=&#8221;xs&#8221; link=&#8221;url:https%3A%2F%2Febp.org.br%2Fnordeste%2Fe-o-mais-um1%2F|title:E%20o%20Mais%20Um%3F%5B1%5D%3E&#8221;][\/vc_column][\/vc_row][vc_row][vc_column][vc_separator border_width=&#8221;2&#8243;][\/vc_column][\/vc_row][vc_row][vc_column][vc_column_text]\n<h3>Tu Podes Saber<\/h3>\n<h6>Cl\u00e1udia Formiga<\/h6>\n<p><img loading=\"lazy\" decoding=\"async\" class=\"alignnone size-full wp-image-3840\" src=\"https:\/\/ebp.org.br\/nordeste\/wp-content\/uploads\/2023\/04\/mini_litoraneot_010_004.jpg\" alt=\"\" width=\"700\" height=\"140\" srcset=\"https:\/\/ebp.org.br\/nordeste\/wp-content\/uploads\/2023\/04\/mini_litoraneot_010_004.jpg 700w, https:\/\/ebp.org.br\/nordeste\/wp-content\/uploads\/2023\/04\/mini_litoraneot_010_004-300x60.jpg 300w\" sizes=\"auto, (max-width: 700px) 100vw, 700px\" \/><\/p>\n<p>\u201cTu podes saber\u201d, que escolhemos como t\u00edtulo desta I Jornada de Cart\u00e9is da Se\u00e7\u00e3o Nordeste, me ensejou uma reflex\u00e3o sobre a rela\u00e7\u00e3o entre Saber e Poder, tendo como pano de fundo a ideia de Lacan do cartel como \u00f3rg\u00e3o de base de sua Escola. Trata-se de um r\u00e1pido sobrev\u00f4o que, provocada por esse t\u00edtulo, me vi tentada a fazer sobre essa quest\u00e3o, que evidencia a import\u00e2ncia da pol\u00edtica do cartel na forma\u00e7\u00e3o do analista.[\/vc_column_text][vc_btn title=&#8221;Leia+&#8221; style=&#8221;classic&#8221; color=&#8221;mulled-wine&#8221; size=&#8221;xs&#8221; link=&#8221;url:https%3A%2F%2Febp.org.br%2Fnordeste%2Ftu-podes-saber%2F|title:Tu%20Podes%20Saber&#8221;][\/vc_column][\/vc_row][vc_row][vc_column][vc_separator border_width=&#8221;2&#8243;][\/vc_column][\/vc_row][vc_row][vc_column][vc_column_text]\n<h3>Aposta no Passe hoje<\/h3>\n<h6>Sandra Arruda Grostein<\/h6>\n<p><img loading=\"lazy\" decoding=\"async\" class=\"alignnone size-full wp-image-3841\" src=\"https:\/\/ebp.org.br\/nordeste\/wp-content\/uploads\/2023\/04\/mini_litoraneot_010_005.jpg\" alt=\"\" width=\"700\" height=\"140\" srcset=\"https:\/\/ebp.org.br\/nordeste\/wp-content\/uploads\/2023\/04\/mini_litoraneot_010_005.jpg 700w, https:\/\/ebp.org.br\/nordeste\/wp-content\/uploads\/2023\/04\/mini_litoraneot_010_005-300x60.jpg 300w\" sizes=\"auto, (max-width: 700px) 100vw, 700px\" \/><\/p>\n<p>Caros colegas da Se\u00e7\u00e3o Nordeste da EBP: \u00e9 com muita alegria que estou hoje aqui com voc\u00eas para apresentar uma reflex\u00e3o sobre o Passe na EBP hoje.<br \/>\nDividi minha fala em tr\u00eas pontos\u2026[\/vc_column_text][vc_btn title=&#8221;Leia+&#8221; style=&#8221;classic&#8221; color=&#8221;mulled-wine&#8221; size=&#8221;xs&#8221; link=&#8221;url:https%3A%2F%2Febp.org.br%2Fnordeste%2Faposta-no-passe-hoje%2F|title:Aposta%20no%20Passe%20Hoje&#8221;][\/vc_column][\/vc_row][vc_row][vc_column][vc_separator border_width=&#8221;2&#8243;][\/vc_column][\/vc_row][vc_row][vc_column][vc_column_text]\n<h3>Um Novo Tempo\u2026<\/h3>\n<h6>Sandra Conrado<\/h6>\n<p><img loading=\"lazy\" decoding=\"async\" class=\"alignnone size-full wp-image-3842\" src=\"https:\/\/ebp.org.br\/nordeste\/wp-content\/uploads\/2023\/04\/mini_litoraneot_010_006.jpg\" alt=\"\" width=\"700\" height=\"140\" srcset=\"https:\/\/ebp.org.br\/nordeste\/wp-content\/uploads\/2023\/04\/mini_litoraneot_010_006.jpg 700w, https:\/\/ebp.org.br\/nordeste\/wp-content\/uploads\/2023\/04\/mini_litoraneot_010_006-300x60.jpg 300w\" sizes=\"auto, (max-width: 700px) 100vw, 700px\" \/><\/p>\n<p>Movidos pelo tema do XXIV Encontro Brasileiro da Escola Brasileira de Psican\u00e1lise em novembro de 2022: Analista: presente!, a Se\u00e7\u00e3o Nordeste\/EBP nos dias 04 e 05 de novembro de 2022, deu a nota e tom desta presen\u00e7a puxando o fio do tempo com a pergunta: \u201cE o analista em tempos da evapora\u00e7\u00e3o do Pai?[\/vc_column_text][vc_btn title=&#8221;Leia+&#8221; style=&#8221;classic&#8221; color=&#8221;mulled-wine&#8221; size=&#8221;xs&#8221; link=&#8221;url:https%3A%2F%2Febp.org.br%2Fnordeste%2Fum-novo-tempo%2F|title:Eleplant|rel:nofollow&#8221;][\/vc_column][\/vc_row][vc_row][vc_column][vc_separator border_width=&#8221;2&#8243;][\/vc_column][\/vc_row][vc_row css=&#8221;.vc_custom_1624132366850{background-color: #3f4649 !important;}&#8221;][vc_column][vc_single_image image=&#8221;3520&#8243; alignment=&#8221;center&#8221;][vc_column_text]\n<h6 style=\"text-align: center;\"><span style=\"color: #ffffff;\">Litor\u00e2neo &#8211; Boletim Eletr\u00f4nico da EBP Se\u00e7\u00e3o Nordeste<\/span><\/h6>\n<h6 style=\"text-align: center;\"><span style=\"color: #ffffff;\">Coordenadora da Comiss\u00e3o de Boletim: Cleide Monteiro<\/span><\/h6>\n<h6 style=\"text-align: center;\"><span style=\"color: #ffffff;\">Comiss\u00e3o de Boletim:\u00a0Bruno Senna, Cassandra Dias e K\u00e9sia Ramos<\/span><\/h6>\n<h6 style=\"text-align: center;\"><span style=\"color: #ffffff;\">Designer: Bruno Senna &#8211; <a style=\"color: #ffffff;\" href=\"mailto:sennabruno@gmail.com\">sennabruno@gmail.com<\/a><\/span><\/h6>\n[\/vc_column_text][\/vc_column][\/vc_row]\n<\/section>","protected":false},"excerpt":{"rendered":"<p>[vc_row][vc_column][vc_single_image image=&#8221;4024&#8243; alignment=&#8221;center&#8221;][vc_column_text] Boletim Litor\u00e2neo #10 &#8211; Abril 2023 [\/vc_column_text][\/vc_column][\/vc_row][vc_row][vc_column][vc_column_text] EDITORIAL Cassandra Dias \u2013 Diretora de Biblioteca Cartel e Passe. Essa edi\u00e7\u00e3o do Litor\u00e2neo \u2013 \u00faltima sob minha editora\u00e7\u00e3o \u2013 toma os pilares da Escola de Lacan como tema de trabalho a partir das produ\u00e7\u00f5es que se fizeram na EBP Nordeste em torno desses dois&hellip;<\/p>\n","protected":false},"author":1,"featured_media":0,"parent":1231,"menu_order":0,"comment_status":"closed","ping_status":"closed","template":"","meta":{"footnotes":""},"class_list":["post-3296","page","type-page","status-publish","hentry","entry","no-media"],"_links":{"self":[{"href":"https:\/\/ebp.org.br\/nordeste\/wp-json\/wp\/v2\/pages\/3296","targetHints":{"allow":["GET"]}}],"collection":[{"href":"https:\/\/ebp.org.br\/nordeste\/wp-json\/wp\/v2\/pages"}],"about":[{"href":"https:\/\/ebp.org.br\/nordeste\/wp-json\/wp\/v2\/types\/page"}],"author":[{"embeddable":true,"href":"https:\/\/ebp.org.br\/nordeste\/wp-json\/wp\/v2\/users\/1"}],"replies":[{"embeddable":true,"href":"https:\/\/ebp.org.br\/nordeste\/wp-json\/wp\/v2\/comments?post=3296"}],"version-history":[{"count":4,"href":"https:\/\/ebp.org.br\/nordeste\/wp-json\/wp\/v2\/pages\/3296\/revisions"}],"predecessor-version":[{"id":4096,"href":"https:\/\/ebp.org.br\/nordeste\/wp-json\/wp\/v2\/pages\/3296\/revisions\/4096"}],"up":[{"embeddable":true,"href":"https:\/\/ebp.org.br\/nordeste\/wp-json\/wp\/v2\/pages\/1231"}],"wp:attachment":[{"href":"https:\/\/ebp.org.br\/nordeste\/wp-json\/wp\/v2\/media?parent=3296"}],"curies":[{"name":"wp","href":"https:\/\/api.w.org\/{rel}","templated":true}]}}