{"id":2674,"date":"2021-10-28T09:52:58","date_gmt":"2021-10-28T12:52:58","guid":{"rendered":"https:\/\/ebp.org.br\/nordeste\/?page_id=2674"},"modified":"2023-11-30T08:34:49","modified_gmt":"2023-11-30T11:34:49","slug":"boletim-litoraneo-06","status":"publish","type":"page","link":"https:\/\/ebp.org.br\/nordeste\/biblioteca\/publicacao\/boletim-litoraneo-06\/","title":{"rendered":"Boletim Litor\u00e2neo #06"},"content":{"rendered":"<section class=\"wpb-content-wrapper\">[vc_row][vc_column][vc_single_image image=&#8221;2334&#8243; alignment=&#8221;center&#8221;][vc_column_text]\n<h6 style=\"text-align: center;\">Boletim Litor\u00e2neo #06 &#8211; Novembro 2021<\/h6>\n[\/vc_column_text][\/vc_column][\/vc_row][vc_row][vc_column][vc_column_text]\n<h3>EDITORIAL<\/h3>\n<h6><em>Cassandra Dias \u2013 Diretora de Biblioteca<\/em><\/h6>\n<p><em><strong>Para Rosane da Fonte<\/strong><\/em><br \/>\n<em>(in memoriam)<\/em><\/p>\n<p><img loading=\"lazy\" decoding=\"async\" class=\"center\" src=\"https:\/\/ebp.org.br\/nordeste\/wp-content\/uploads\/2021\/10\/mini_litoraneo006_001.png\" alt=\"Image\" width=\"700\" height=\"140\" align=\"center\" border=\"0\" \/><\/p>\n<p>O texto freudiano \u201cAl\u00e9m do princ\u00edpio do prazer\u201d completou 100 anos em 2020. A pandemia do Coronav\u00edrus impediu que as homenagens a esse texto magistral de Sigmund Freud se realizassem a altura da import\u00e2ncia desse corte epistemol\u00f3gico promovido no interior da psican\u00e1lise.[\/vc_column_text][vc_btn title=&#8221;Leia+&#8221; style=&#8221;classic&#8221; color=&#8221;mulled-wine&#8221; size=&#8221;xs&#8221; link=&#8221;url:https%3A%2F%2Febp.org.br%2Fnordeste%2Feditorial-litoraneo-6%2F|title:Editorial%20Boletim%20Litor%C3%A2neo%20%2302&#8243;][\/vc_column][\/vc_row][vc_row][vc_column][vc_separator border_width=&#8221;2&#8243;][\/vc_column][\/vc_row][vc_row][vc_column][vc_column_text]\n<h3>Reflex\u00f5es sobre o \u201cAl\u00e9m do princ\u00edpio do prazer\u201d<\/h3>\n<h6>S\u00e9rgio de Campos<\/h6>\n<p><img loading=\"lazy\" decoding=\"async\" class=\"center\" src=\"https:\/\/ebp.org.br\/nordeste\/wp-content\/uploads\/2021\/10\/mini_litoraneo006_002.jpg\" alt=\"Image\" width=\"700\" height=\"140\" align=\"center\" border=\"0\" \/><\/p>\n<p>No ano de 1920, ou seja, h\u00e1 pouco mais de cem anos, Freud provoca uma guinada na compreens\u00e3o do funcionamento do aparelho ps\u00edquico. At\u00e9 ent\u00e3o, ele considerava a d\u00edade prazer-desprazer, de modo que o sujeito evitava o desprazer e buscava, com ajuda do analista, reencontrar seu prazer de viver. Entretanto, o novo modelo de compreens\u00e3o contradiz o princ\u00edpio do prazer, visto que a cl\u00ednica evidencia&#8230;[\/vc_column_text][vc_btn title=&#8221;Leia+&#8221; style=&#8221;classic&#8221; color=&#8221;mulled-wine&#8221; size=&#8221;xs&#8221; link=&#8221;url:https%3A%2F%2Febp.org.br%2Fnordeste%2Freflexoes-sobre-o-alem-do-principio-do-prazer%2F|title:O%20Testemunho%20e%20as%20Li%C3%A7%C3%B5es%20do%20Passe%20na%20Se%C3%A7%C3%A3o%20Nordeste&#8221;][\/vc_column][\/vc_row][vc_row][vc_column][vc_separator border_width=&#8221;2&#8243;][\/vc_column][\/vc_row][vc_row][vc_column][vc_column_text]\n<h3>Al\u00e9m do princ\u00edpio do prazer: alguns pontos para uma leitura pol\u00edtica<\/h3>\n<h6>Gilson Iannini<\/h6>\n<p><img loading=\"lazy\" decoding=\"async\" class=\"center\" src=\"https:\/\/ebp.org.br\/nordeste\/wp-content\/uploads\/2021\/10\/mini_litoraneo006_007.jpg\" alt=\"Image\" width=\"700\" height=\"140\" align=\"center\" border=\"0\" \/><\/p>\n<p>Uma boa noite a todos e todas. \u00c9 uma alegria estar aqui. N\u00e3o poder\u00edamos ter tido uma abertura mais bonita e que casa t\u00e3o bem com o que eu vou falar. Voc\u00eas v\u00e3o entender o porqu\u00ea. Gostaria de agradecer o convite de Cassandra para participar dessa noite de Abertura da Biblioteca. Agradecer \u00e0 Biblioteca Viva, a Cassandra, a Carolina e a Xavier que fizeram esse trabalho t\u00e3o interessante&#8230;[\/vc_column_text][vc_btn title=&#8221;Leia+&#8221; style=&#8221;classic&#8221; color=&#8221;mulled-wine&#8221; size=&#8221;xs&#8221; link=&#8221;url:https%3A%2F%2Febp.org.br%2Fnordeste%2Falem-do-principio-do-prazer-alguns-pontos-para-uma-leitura-politica%2F|title:O%20que%20%C3%A9%20um%20cartel%3F%20Para%20responder%2C%20n%C3%A3o%20vale%20colar!%5B1%5D&#8221;][\/vc_column][\/vc_row][vc_row][vc_column][vc_separator border_width=&#8221;2&#8243;][\/vc_column][\/vc_row][vc_row][vc_column][vc_column_text]\n<h3>Resson\u00e2ncias Noite da Biblioteca<\/h3>\n<p><strong>Al\u00e9m do Princ\u00edpio do Prazer \u2013 1920\/2020<\/strong><\/p>\n<h6>Suele Conde Soares<\/h6>\n<p><img loading=\"lazy\" decoding=\"async\" class=\"center\" src=\"https:\/\/ebp.org.br\/nordeste\/wp-content\/uploads\/2021\/10\/mini_litoraneo006_008.png\" alt=\"Image\" width=\"700\" height=\"140\" align=\"center\" border=\"0\" \/><\/p>\n<p>No litoral da palavra, uma biblioteca vive. \u00c9 isso que ressoa da atividade da Biblioteca EBP se\u00e7\u00e3o Nordeste em cuja apresenta\u00e7\u00e3o contou com a arte (poesia, m\u00fasica, cinema) para abordar a puls\u00e3o. Vida e morte.<\/p>\n<p>Cenas do filme Bacurau (2019) de\u00a0Kleber Mendon\u00e7a Filho\u00a0e\u00a0Juliano Dornelles, incitam ao debate. Em sua identidade nordestina, o filme nos lan\u00e7a ao encontro da vida que persiste \u201capesar de&#8230;\u201d[\/vc_column_text][vc_btn title=&#8221;Leia+&#8221; style=&#8221;classic&#8221; color=&#8221;mulled-wine&#8221; size=&#8221;xs&#8221; link=&#8221;url:https%3A%2F%2Febp.org.br%2Fnordeste%2Fressonancias-noite-da-biblioteca%2F|title:O%20que%20%C3%A9%20um%20cartel%3F%20Para%20responder%2C%20n%C3%A3o%20vale%20colar!%5B1%5D&#8221;][\/vc_column][\/vc_row][vc_row][vc_column][vc_separator border_width=&#8221;2&#8243;][\/vc_column][\/vc_row][vc_row][vc_column][vc_column_text]\n<h3>Apenas a leitura de uma noite<\/h3>\n<h6>L\u00eddia Pessoa<\/h6>\n<p><img loading=\"lazy\" decoding=\"async\" class=\"center\" src=\"https:\/\/ebp.org.br\/nordeste\/wp-content\/uploads\/2021\/10\/mini_litoraneo006_009.jpg\" alt=\"Image\" width=\"700\" height=\"140\" align=\"center\" border=\"0\" \/><\/p>\n<p>\u201cA carne seca \u00e9 servida\u201d na cerim\u00f4nia de abertura da Noite da Biblioteca da Se\u00e7\u00e3o Nordeste, ocorrida em 24 de agosto de 2021. Com um toque da poesia de Torquato Neto de \u201ctodo dia \u00e9 o mesmo dia de amar-te amor-te morrer, todo dia menos dia mais dia \u00e9 dia D\u201d.<\/p>\n<p>Cassandra Dias, Francisco Xavier e Carolina Marques nos convidam invocando a refletir, dialogar sobre a no\u00e7\u00e3o de puls\u00e3o de morte[\/vc_column_text][vc_btn title=&#8221;Leia+&#8221; style=&#8221;classic&#8221; color=&#8221;mulled-wine&#8221; size=&#8221;xs&#8221; link=&#8221;url:https%3A%2F%2Febp.org.br%2Fnordeste%2Fapenas-a-leitura-de-uma-noite%2F|title:O%20que%20%C3%A9%20um%20cartel%3F%20Para%20responder%2C%20n%C3%A3o%20vale%20colar!%5B1%5D&#8221;][\/vc_column][\/vc_row][vc_row][vc_column][vc_separator border_width=&#8221;2&#8243;][\/vc_column][\/vc_row][vc_row][vc_column][vc_column_text]\n<h3><strong>Resson\u00e2ncias Conversa\u00e7\u00f5es Preparat\u00f3rias para a I Jornada da Se\u00e7\u00e3o Nordeste<\/strong><\/h3>\n<p><strong>Corredor<\/strong><\/p>\n<h6>Marcella Ribeiro<\/h6>\n<p><img loading=\"lazy\" decoding=\"async\" class=\"center\" src=\"https:\/\/ebp.org.br\/nordeste\/wp-content\/uploads\/2021\/10\/mini_litoraneo006_010.jpg\" alt=\"Image\" width=\"700\" height=\"140\" align=\"center\" border=\"0\" \/><\/p>\n<p>A densidade posta pelas f\u00f3rmulas da sexua\u00e7\u00e3o, a sexualidade e suas diferen\u00e7as s\u00e3o assuntos vivos na psican\u00e1lise lacaniana. Alcan\u00e7\u00e1-los, talvez, atrav\u00e9s da linguagem, se coloca como a primeira quest\u00e3o: qual uso poss\u00edvel da escrita para traduzir as impress\u00f5es que aparecem no corpo, na cl\u00ednica, na atualidade?<\/p>\n<p>\u201cSobre o corpo falante: sexua\u00e7\u00e3o, diferen\u00e7a sexual e rela\u00e7\u00e3o sexual\u201d, o texto de J\u00e9sus Santiago \u00e9 o norteador em mais uma conversa\u00e7\u00e3o preparat\u00f3ria para a primeira Jornada da Se\u00e7\u00e3o Nordeste.[\/vc_column_text][vc_btn title=&#8221;Leia+&#8221; style=&#8221;classic&#8221; color=&#8221;mulled-wine&#8221; size=&#8221;xs&#8221; link=&#8221;url:https%3A%2F%2Febp.org.br%2Fnordeste%2Fressonancias-conversacoes-preparatorias-para-a-i-jornada-da-secao-nordeste%2F|title:O%20que%20%C3%A9%20um%20cartel%3F%20Para%20responder%2C%20n%C3%A3o%20vale%20colar!%5B1%5D&#8221;][\/vc_column][\/vc_row][vc_row][vc_column][vc_separator border_width=&#8221;2&#8243;][\/vc_column][\/vc_row][vc_row][vc_column][vc_column_text]\n<h3>Agenda Novembro\/2021<\/h3>\n<p><strong>Dia 09\/11<\/strong><\/p>\n<p><strong>19h30 &#8211; SEMIN\u00c1RIO DE ORIENTA\u00c7\u00c3O LACANIANA<\/strong><\/p>\n<p>Texto:\u00a0<strong>\u201cLos divinos detalles\u201d\u00a0<\/strong>(Los cursos psicoanal\u00edticos de Jacques-Alain Miller, 1989)<br \/>\n<strong>Aula XI:\u00a0<em>Impasses<\/em>\u00a0do Supereu<\/strong><br \/>\nRespons\u00e1veis: Cl\u00e1udia Formiga e Elisabete Siqueira<br \/>\nCoordena\u00e7\u00e3o: Anamaria Vasconcelos e Margarida Assad<\/p>\n<hr \/>\n<p><strong>Dias 03, 17 e 24\/11<\/strong><\/p>\n<p><strong>13h30 &#8211; SEMIN\u00c1RIO POR CONTA E RISCO<\/strong><\/p>\n<p><strong>Leitura do Semin\u00e1rio de Lacan. Livro 9 &#8211; A Identifica\u00e7\u00e3o<\/strong><br \/>\nRespons\u00e1vel: Ruth Jeunon<br \/>\nAtividade semanal, \u00e0s quartas-feiras<\/p>\n<hr \/>\n<p><strong>Dia 30\/11<\/strong><\/p>\n<p><strong>19h30\u00a0<\/strong>&#8211;\u00a0<strong>SEMIN\u00c1RIO DE ORIENTA\u00c7\u00c3O LACANIANA<\/strong><\/p>\n<p>Texto:\u00a0<strong>\u201cLos divinos detalles\u201d\u00a0<\/strong>(Los cursos psicoanal\u00edticos de Jacques-Alain Miller, 1989)<br \/>\n<strong>Aula XII:O falo e a quarta contribui\u00e7\u00e3o<\/strong><br \/>\nRespons\u00e1veis: Jos\u00e9 Carlos Lapenda e Mariana Guerra<br \/>\nCoordena\u00e7\u00e3o: Anamaria Vasconcelos e Margarida Assad[\/vc_column_text][\/vc_column][\/vc_row][vc_row][vc_column][vc_separator border_width=&#8221;2&#8243;][\/vc_column][\/vc_row][vc_row css=&#8221;.vc_custom_1624132366850{background-color: #3f4649 !important;}&#8221;][vc_column][vc_single_image image=&#8221;2333&#8243; alignment=&#8221;center&#8221;][vc_column_text]\n<h6 style=\"text-align: center;\"><span style=\"color: #ffffff;\">Litor\u00e2neo &#8211; Boletim Eletr\u00f4nico da EBP Se\u00e7\u00e3o Nordeste<\/span><\/h6>\n<h6 style=\"text-align: center;\"><span style=\"color: #ffffff;\">Coordenadora da Comiss\u00e3o\u00a0de Boletim:\u00a0Cassandra Dias<\/span><br \/>\n<span style=\"color: #ffffff;\">Comiss\u00e3o de Boletim:\u00a0Bruno Senna, Cassandra Dias e K\u00e9sia Ramos<\/span><br \/>\n<span style=\"color: #ffffff;\">Designer: Bruno Senna &#8211; <a style=\"color: #ffffff;\" href=\"mailto:sennabruno@gmail.com\">sennabruno@gmail.com<\/a><\/span><\/h6>\n[\/vc_column_text][\/vc_column][\/vc_row]\n<\/section>","protected":false},"excerpt":{"rendered":"<p>[vc_row][vc_column][vc_single_image image=&#8221;2334&#8243; alignment=&#8221;center&#8221;][vc_column_text] Boletim Litor\u00e2neo #06 &#8211; Novembro 2021 [\/vc_column_text][\/vc_column][\/vc_row][vc_row][vc_column][vc_column_text] EDITORIAL Cassandra Dias \u2013 Diretora de Biblioteca Para Rosane da Fonte (in memoriam) O texto freudiano \u201cAl\u00e9m do princ\u00edpio do prazer\u201d completou 100 anos em 2020. A pandemia do Coronav\u00edrus impediu que as homenagens a esse texto magistral de Sigmund Freud se realizassem a altura&hellip;<\/p>\n","protected":false},"author":1,"featured_media":0,"parent":1231,"menu_order":0,"comment_status":"closed","ping_status":"closed","template":"","meta":{"footnotes":""},"class_list":["post-2674","page","type-page","status-publish","hentry","entry","no-media"],"_links":{"self":[{"href":"https:\/\/ebp.org.br\/nordeste\/wp-json\/wp\/v2\/pages\/2674","targetHints":{"allow":["GET"]}}],"collection":[{"href":"https:\/\/ebp.org.br\/nordeste\/wp-json\/wp\/v2\/pages"}],"about":[{"href":"https:\/\/ebp.org.br\/nordeste\/wp-json\/wp\/v2\/types\/page"}],"author":[{"embeddable":true,"href":"https:\/\/ebp.org.br\/nordeste\/wp-json\/wp\/v2\/users\/1"}],"replies":[{"embeddable":true,"href":"https:\/\/ebp.org.br\/nordeste\/wp-json\/wp\/v2\/comments?post=2674"}],"version-history":[{"count":2,"href":"https:\/\/ebp.org.br\/nordeste\/wp-json\/wp\/v2\/pages\/2674\/revisions"}],"predecessor-version":[{"id":4104,"href":"https:\/\/ebp.org.br\/nordeste\/wp-json\/wp\/v2\/pages\/2674\/revisions\/4104"}],"up":[{"embeddable":true,"href":"https:\/\/ebp.org.br\/nordeste\/wp-json\/wp\/v2\/pages\/1231"}],"wp:attachment":[{"href":"https:\/\/ebp.org.br\/nordeste\/wp-json\/wp\/v2\/media?parent=2674"}],"curies":[{"name":"wp","href":"https:\/\/api.w.org\/{rel}","templated":true}]}}