{"id":2613,"date":"2021-09-20T09:56:52","date_gmt":"2021-09-20T12:56:52","guid":{"rendered":"https:\/\/ebp.org.br\/nordeste\/?page_id=2613"},"modified":"2023-11-30T08:36:16","modified_gmt":"2023-11-30T11:36:16","slug":"boletim-litoraneo-05","status":"publish","type":"page","link":"https:\/\/ebp.org.br\/nordeste\/biblioteca\/publicacao\/boletim-litoraneo-05\/","title":{"rendered":"Boletim Litor\u00e2neo #05"},"content":{"rendered":"<section class=\"wpb-content-wrapper\">[vc_row][vc_column][vc_single_image image=&#8221;2334&#8243; alignment=&#8221;center&#8221;][vc_column_text]\n<h6 style=\"text-align: center;\">Boletim Litor\u00e2neo #05 &#8211; Setembro 2021<\/h6>\n[\/vc_column_text][\/vc_column][\/vc_row][vc_row][vc_column][vc_column_text]\n<h3>EDITORIAL<\/h3>\n<h6><em>Cassandra Dias \u2013 Diretora de Biblioteca<\/em><\/h6>\n<p><img loading=\"lazy\" decoding=\"async\" class=\"center\" src=\"https:\/\/ebp.org.br\/nordeste\/wp-content\/uploads\/2021\/09\/mini_litoraneo005_001.jpg\" alt=\"Image\" width=\"700\" height=\"120\" align=\"center\" border=\"0\" \/><\/p>\n<p>A locomotiva segue a pleno vapor! Desbravando esse continente litor\u00e2neo, serpenteando por entre terra e mar, fixando a marca de uma orienta\u00e7\u00e3o cl\u00ednica, epist\u00eamica e pol\u00edtica.<\/p>\n<p>Abrimos esse n\u00famero do Litor\u00e2neo com um texto especial, fruto da participa\u00e7\u00e3o de Ricardo Seldes, colega da EOL \u2013 Escuela de la Orientaci\u00f3n Lacaniana e vice-presidente da FAPOL \u2013 Federa\u00e7\u00e3o Americana de Psican\u00e1lise de Orienta\u00e7\u00e3o Lacaniana &#8211; convidado de uma atividade preparat\u00f3ria ao X ENAPOL&#8230;[\/vc_column_text][vc_btn title=&#8221;Leia+&#8221; style=&#8221;classic&#8221; color=&#8221;mulled-wine&#8221; size=&#8221;xs&#8221; link=&#8221;url:https%3A%2F%2Febp.org.br%2Fnordeste%2Feditorial-boletim-litoraneo-05%2F|title:Editorial%20Boletim%20Litor%C3%A2neo%20%2302&#8243;][\/vc_column][\/vc_row][vc_row][vc_column][vc_separator border_width=&#8221;2&#8243;][\/vc_column][\/vc_row][vc_row][vc_column][vc_column_text]<strong>O amor entre presen\u00e7a e aus\u00eancia<\/strong><\/p>\n<h6>Ricardo Seldes<\/h6>\n<p><img loading=\"lazy\" decoding=\"async\" class=\"center\" src=\"https:\/\/ebp.org.br\/nordeste\/wp-content\/uploads\/2021\/09\/mini_litoraneo005_002.jpg\" alt=\"Image\" width=\"700\" height=\"120\" align=\"center\" border=\"0\" \/><\/p>\n<div id=\"bannerL2\">\n<div id=\"div-gpt-ad-1474537762122-\" data-google-query-id=\"CJfgofS9t_ACFTIG1AodxucDgQ\">\n<div id=\"google_ads_iframe_\/15188745\/Lipsum-Unit3_0__container__2\">As mudan\u00e7as observadas na atualidade, \u00e0 irrup\u00e7\u00e3o dos direitos e a presen\u00e7a ativa das mulheres deram origem \u00e0 uma hist\u00f3ria, que desconstruiu as informa\u00e7\u00f5es anteriormente aprendidas sobre a fam\u00edlia na vig\u00eancia do patriarcado que durante s\u00e9culos influenciou tamb\u00e9m, o estabelecimento dos v\u00ednculos amorosos. O poder dos pais sobre os filhos reproduzia o modelo da rela\u00e7\u00e3o com as mulheres e definia o lugar que lhes era designado no mundo.<\/div>\n<\/div>\n<\/div>\n[\/vc_column_text][vc_btn title=&#8221;Leia+&#8221; style=&#8221;classic&#8221; color=&#8221;mulled-wine&#8221; size=&#8221;xs&#8221; link=&#8221;url:https%3A%2F%2Febp.org.br%2Fnordeste%2Fo-amor-entre-presenca-e-ausencia%2F|title:O%20Testemunho%20e%20as%20Li%C3%A7%C3%B5es%20do%20Passe%20na%20Se%C3%A7%C3%A3o%20Nordeste&#8221;][\/vc_column][\/vc_row][vc_row][vc_column][vc_separator border_width=&#8221;2&#8243;][\/vc_column][\/vc_row][vc_row][vc_column][vc_column_text]\n<h3>RESSON\u00c2NCIAS<\/h3>\n<p><strong><img loading=\"lazy\" decoding=\"async\" class=\"alignnone wp-image-2609 size-full\" src=\"https:\/\/ebp.org.br\/nordeste\/wp-content\/uploads\/2021\/09\/mini_litoraneo005_003.jpg\" alt=\"\" width=\"700\" height=\"130\" \/><\/strong><\/p>\n<p><strong>Preparat\u00f3rias I Jornada Se\u00e7\u00e3o Nordeste<\/strong><\/p>\n<h6>V\u00e2nia M\u00aa Gomes Ferreira<\/h6>\n<p>Participando de mais uma conversa\u00e7\u00e3o preparat\u00f3ria para a primeira Jornada da Se\u00e7\u00e3o Nordeste, me deparei com quest\u00f5es suscitadas a partir do texto de Cristiane Alberti e comentadas pelas colegas Cleide Pereira e Eliane Baptista&#8230;[\/vc_column_text][vc_btn title=&#8221;Leia+&#8221; style=&#8221;classic&#8221; color=&#8221;mulled-wine&#8221; size=&#8221;xs&#8221; link=&#8221;url:https%3A%2F%2Febp.org.br%2Fnordeste%2Fpreparatorias-i-jornada-secao-nordeste%2F|title:O%20cartel%20articula%20a%20Escola&#8221;][\/vc_column][\/vc_row][vc_row][vc_column][vc_separator border_width=&#8221;2&#8243;][\/vc_column][\/vc_row][vc_row][vc_column][vc_column_text]<strong>A mulher n\u00e3o existe<\/strong><\/p>\n<h6>Wilson Lima<\/h6>\n<p>\u201cA mulher n\u00e3o existe\u201d \u00e9 um dos aforismos de Lacan que surpreendem e nos convocam a extrair deles algumas considera\u00e7\u00f5es.<\/p>\n<p>\u201cA mulher n\u00e3o existe\u201d \u00e9 tamb\u00e9m o tema do pr\u00f3ximo Congresso da Associa\u00e7\u00e3o Mundial de Psican\u00e1lise, que ter\u00e1 o formato de uma Grande Conversa\u00e7\u00e3o&#8230;[\/vc_column_text][vc_btn title=&#8221;Leia+&#8221; style=&#8221;classic&#8221; color=&#8221;mulled-wine&#8221; size=&#8221;xs&#8221; link=&#8221;url:https%3A%2F%2Febp.org.br%2Fnordeste%2Fa-mulher-nao-existe%2F|title:%E2%80%9C%C3%89%20tudo%20menina!%E2%80%9D%20%E2%80%93%20fazer%20la%C3%A7o%2C%20fazer%20fam%C3%ADlia%20nos%20arranjos%20da%20sexua%C3%A7%C3%A3o&#8221;][\/vc_column][\/vc_row][vc_row][vc_column][vc_separator border_width=&#8221;2&#8243;][\/vc_column][\/vc_row][vc_row][vc_column][vc_column_text]\n<h3>OS AUTISMOS E SEUS ENSINAMENTOS SOBRE O AMOR<\/h3>\n<p><strong><img loading=\"lazy\" decoding=\"async\" class=\"alignnone size-full wp-image-2610\" src=\"https:\/\/ebp.org.br\/nordeste\/wp-content\/uploads\/2021\/09\/mini_litoraneo005_004.jpg\" alt=\"\" width=\"700\" height=\"130\" \/><\/strong><\/p>\n<p><strong>Afah! Ahhh, Fahhh! Ahhh!, Faaa.<\/strong><\/p>\n<h6><em>Francisco de Assis Xavier Neto &#8211; N\u00facleo de Estudos e Pesquisa sobre Psican\u00e1lise e Autismo (PE)<\/em><\/h6>\n<p>Atendo Martin desde 2016, ano que entrei no setor de autismo de uma institui\u00e7\u00e3o em que trabalho, um Centro Especializado em Reabilita\u00e7\u00e3o (CER). Martin chegou com 5 anos de idade, em nosso encontro, de in\u00edcio, se mostrou em franca defesa \u00e0 minha presen\u00e7a. Quando entrava na sal&#8230;[\/vc_column_text][vc_btn title=&#8221;Leia+&#8221; style=&#8221;classic&#8221; color=&#8221;mulled-wine&#8221; size=&#8221;xs&#8221; link=&#8221;url:https%3A%2F%2Febp.org.br%2Fnordeste%2Fafah-ahhh-fahhh-ahhh-faaa%2F|title:Inf%C3%A2ncia%20e%20diferen%C3%A7a%20sexual%3A%20novas%20fic%C3%A7%C3%B5es%20familiares%3F&#8221;][\/vc_column][\/vc_row][vc_row][vc_column][vc_separator border_width=&#8221;2&#8243;][\/vc_column][\/vc_row][vc_row][vc_column][vc_column_text]<strong>Um amor novinho em folha \u2013 e em letra<\/strong><\/p>\n<h6>Paulo Carvalho &#8211; N\u00facleo de Estudos e Pesquisa sobre Psican\u00e1lise e Autismo (PE)<\/h6>\n<p>No tratamento de Martin \u2013 caso apresentado por Francisco Xavier &#8211; pudemos observar a opera\u00e7\u00e3o do desejo do analista \u2013 fun\u00e7\u00e3o \u201cn\u00e3o se ocupar\u201d &#8211; na cl\u00ednica do autismo, naquilo que esse desejo implica de escans\u00e3o, de intervalo, e naquilo que essa escans\u00e3o confirma da rela\u00e7\u00e3o entre o sujeito autista e a linguagem: n\u00e3o h\u00e1 pr\u00e9-verbal.[\/vc_column_text][vc_btn title=&#8221;Leia+&#8221; style=&#8221;classic&#8221; color=&#8221;mulled-wine&#8221; size=&#8221;xs&#8221; link=&#8221;url:https%3A%2F%2Febp.org.br%2Fnordeste%2Fo-que-e-um-cartel-para-responder-nao-vale-colar1%2F|title:O%20que%20%C3%A9%20um%20cartel%3F%20Para%20responder%2C%20n%C3%A3o%20vale%20colar!%5B1%5D&#8221;][\/vc_column][\/vc_row][vc_row][vc_column][vc_separator border_width=&#8221;2&#8243;][\/vc_column][\/vc_row][vc_row][vc_column][vc_column_text]<strong>Amor e la\u00e7o no autismo<\/strong><\/p>\n<h6>Ellis Platero<br \/>\nJanu\u00e1rio Marques \u2013 N\u00facleo de Psican\u00e1lise e Autismo (AL)<\/h6>\n<p>O amor foi o tema de trabalho proposto para este ano, mas n\u00e3o qualquer amor, o novo no amor. Sabemos que este tema n\u00e3o \u00e9 pr\u00f3prio da psican\u00e1lise, n\u00e3o o tomaremos como um conceito, nem t\u00e3o pouco abordaremos a partir dos poetas, fil\u00f3sofos, artistas, apesar de seu grande valor para n\u00f3s.\u00a0 Estamos nos propondo&#8230;[\/vc_column_text][vc_btn title=&#8221;Leia+&#8221; style=&#8221;classic&#8221; color=&#8221;mulled-wine&#8221; size=&#8221;xs&#8221; link=&#8221;url:https%3A%2F%2Febp.org.br%2Fnordeste%2Famor-e-laco-no-autismo%2F|title:O%20que%20%C3%A9%20um%20cartel%3F%20Para%20responder%2C%20n%C3%A3o%20vale%20colar!%5B1%5D&#8221;][\/vc_column][\/vc_row][vc_row][vc_column][vc_separator border_width=&#8221;2&#8243;][\/vc_column][\/vc_row][vc_row][vc_column][vc_column_text]\n<h3>Agenda Setembro\/2021<\/h3>\n<p><strong>Quartas 01, 08, 15, 22 e 29<\/strong><\/p>\n<p><strong>13h30min &#8211;<\/strong>\u00a0<strong>SEMIN\u00c1RIO POR CONTA E RISCO<\/strong><br \/>\n(atividade semanal)<\/p>\n<p><strong>Leitura do semin\u00e1rio de Lacan, Livro 9 \u201cA Identifica\u00e7\u00e3o\u201d<\/strong><br \/>\nRespons\u00e1vel: Ruth Jeunon<\/p>\n<hr \/>\n<p><strong>Segunda 13<\/strong><\/p>\n<p><strong>19h30min &#8211; SEMIN\u00c1RIO DE ORIENTA\u00c7\u00c3O LACANIANA<\/strong><\/p>\n<p>Coordena\u00e7\u00e3o: Margarida Assad e Anamaria Vasconcelos (Conselho da Se\u00e7\u00e3o)<br \/>\nTexto:\u00a0<strong>\u201cLos divinos detalles\u201d\u00a0<\/strong>(Los cursos psicoanal\u00edticos de J-Alain Miller, 1989)<br \/>\n<strong>Aula X : Lacan, o discurso, a pol\u00edtica<\/strong><br \/>\nRespons\u00e1veis: Cleyton Andrade e Li\u00e8ge Uch\u00f4a<\/p>\n<hr \/>\n<p><strong>Ter\u00e7a 21<\/strong><\/p>\n<p><strong>20h\u00a0<\/strong>&#8211;\u00a0<strong>3\u00aa CONVERSA\u00c7\u00c3O PREPARAT\u00d3RIA &#8211; I JORNADA DA SE\u00c7\u00c3O NORDESTE &#8211; O enigma da sexua\u00e7\u00e3o. o que a experi\u00eancia anal\u00edtica nos ensina sobre\u00a0<em>Isso<\/em><\/strong><\/p>\n<p>Indica\u00e7\u00e3o de leitura:<strong>\u201cSobre o corpo falante: Sexua\u00e7\u00e3o, diferen\u00e7a sexual e rela\u00e7\u00e3o sexual (Jesus Santiago).\u00a0<\/strong>Dispon\u00edvel no site da Jornada: https:\/\/ebp.org.br\/nordeste\/jornadas\/2021\/<br \/>\nRespons\u00e1veis: Cleyton Andrade e Liege Uch\u00f4a<br \/>\nCoordena\u00e7\u00e3o: Glacy Gorski<u><\/u><\/p>\n<hr \/>\n<p><strong>Ter\u00e7a 28<\/strong><\/p>\n<p><strong>20h \u2013 LI\u00c7\u00d5ES DO PASSE<\/strong><\/p>\n<p>Coordena\u00e7\u00e3o: Cleyton Andrade<br \/>\n<strong>\u201cN\u00e3o se pode extrair o passe do ensino de Lacan como uma pe\u00e7a descart\u00e1vel, sem que haja preju\u00edzos\u201d (J-A. Miller &#8211; Aposta no passe)<\/strong><br \/>\nConvidado:<strong>\u00a0Ram Mandil (membro EBP\/AMP)<\/strong><br \/>\nCoordena\u00e7\u00e3o da mesa: Bibiana Poggi[\/vc_column_text][\/vc_column][\/vc_row][vc_row][vc_column][vc_separator border_width=&#8221;2&#8243;][\/vc_column][\/vc_row][vc_row css=&#8221;.vc_custom_1624132366850{background-color: #3f4649 !important;}&#8221;][vc_column][vc_single_image image=&#8221;2333&#8243; alignment=&#8221;center&#8221;][vc_column_text]\n<h6 style=\"text-align: center;\"><span style=\"color: #ffffff;\">Litor\u00e2neo &#8211; Boletim Eletr\u00f4nico da EBP Se\u00e7\u00e3o Nordeste<\/span><\/h6>\n<h6 style=\"text-align: center;\"><span style=\"color: #ffffff;\">Coordenadora da Comiss\u00e3o\u00a0de Boletim:\u00a0Cassandra Dias<\/span><br \/>\n<span style=\"color: #ffffff;\">Comiss\u00e3o de Boletim:\u00a0Bruno Senna, Cassandra Dias e K\u00e9sia Ramos<\/span><br \/>\n<span style=\"color: #ffffff;\">Designer: Bruno Senna &#8211; <a style=\"color: #ffffff;\" href=\"mailto:sennabruno@gmail.com\">sennabruno@gmail.com<\/a><\/span><\/h6>\n[\/vc_column_text][\/vc_column][\/vc_row]\n<\/section>","protected":false},"excerpt":{"rendered":"<p>[vc_row][vc_column][vc_single_image image=&#8221;2334&#8243; alignment=&#8221;center&#8221;][vc_column_text] Boletim Litor\u00e2neo #05 &#8211; Setembro 2021 [\/vc_column_text][\/vc_column][\/vc_row][vc_row][vc_column][vc_column_text] EDITORIAL Cassandra Dias \u2013 Diretora de Biblioteca A locomotiva segue a pleno vapor! Desbravando esse continente litor\u00e2neo, serpenteando por entre terra e mar, fixando a marca de uma orienta\u00e7\u00e3o cl\u00ednica, epist\u00eamica e pol\u00edtica. Abrimos esse n\u00famero do Litor\u00e2neo com um texto especial, fruto da participa\u00e7\u00e3o&hellip;<\/p>\n","protected":false},"author":1,"featured_media":0,"parent":1231,"menu_order":0,"comment_status":"closed","ping_status":"closed","template":"","meta":{"footnotes":""},"class_list":["post-2613","page","type-page","status-publish","hentry","entry","no-media"],"_links":{"self":[{"href":"https:\/\/ebp.org.br\/nordeste\/wp-json\/wp\/v2\/pages\/2613","targetHints":{"allow":["GET"]}}],"collection":[{"href":"https:\/\/ebp.org.br\/nordeste\/wp-json\/wp\/v2\/pages"}],"about":[{"href":"https:\/\/ebp.org.br\/nordeste\/wp-json\/wp\/v2\/types\/page"}],"author":[{"embeddable":true,"href":"https:\/\/ebp.org.br\/nordeste\/wp-json\/wp\/v2\/users\/1"}],"replies":[{"embeddable":true,"href":"https:\/\/ebp.org.br\/nordeste\/wp-json\/wp\/v2\/comments?post=2613"}],"version-history":[{"count":2,"href":"https:\/\/ebp.org.br\/nordeste\/wp-json\/wp\/v2\/pages\/2613\/revisions"}],"predecessor-version":[{"id":4106,"href":"https:\/\/ebp.org.br\/nordeste\/wp-json\/wp\/v2\/pages\/2613\/revisions\/4106"}],"up":[{"embeddable":true,"href":"https:\/\/ebp.org.br\/nordeste\/wp-json\/wp\/v2\/pages\/1231"}],"wp:attachment":[{"href":"https:\/\/ebp.org.br\/nordeste\/wp-json\/wp\/v2\/media?parent=2613"}],"curies":[{"name":"wp","href":"https:\/\/api.w.org\/{rel}","templated":true}]}}