{"id":1578,"date":"2018-02-20T21:04:39","date_gmt":"2018-02-21T00:04:39","guid":{"rendered":"http:\/\/ebp.org.br\/pe\/?page_id=1578"},"modified":"2025-05-07T18:22:30","modified_gmt":"2025-05-07T21:22:30","slug":"atividades","status":"publish","type":"page","link":"https:\/\/ebp.org.br\/nordeste\/biblioteca\/atividades\/","title":{"rendered":"Atividades"},"content":{"rendered":"<section class=\"wpb-content-wrapper\">[vc_row][vc_column][vc_column_text]A biblioteca da Se\u00e7\u00e3o Nordeste iniciar\u00e1 suas atividades com a apresenta\u00e7\u00e3o do livro de Pierre Naveau \u2013 O QUE DO ENCONTRO DE ESCREVE \u2013 no dia 20\/3\/2018. Para o evento, solicitamos alguns exemplares \u00e0 livraria da EBP Se\u00e7\u00e3o Minas.<\/p>\n<p>Continuar\u00e1 privilegiando as atividades de leitura dirigida sobre as elabora\u00e7\u00f5es conceituais de Freud e Lacan em curso desde 2017. Outras atividades, em fun\u00e7\u00e3o do tema da Jornada anual, est\u00e3o sendo pensadas.<\/p>\n<ul>\n<li><strong>Letra Cl\u00ednica<\/strong> \u2013 publica\u00e7\u00e3o bienal da Se\u00e7\u00e3o PE \u2013 encontra-se \u00e0 disposi\u00e7\u00e3o na sede da Se\u00e7\u00e3o PE e tamb\u00e9m nas diversas Se\u00e7\u00f5es e Delega\u00e7\u00f5es da EBP. Em novembro, por ocasi\u00e3o de nossa Jornada, teremos o lan\u00e7amento de mais um n\u00famero.<\/li>\n<li><strong>Leituras de Freud na Biblioteca<\/strong><\/li>\n<\/ul>\n[\/vc_column_text][\/vc_column][\/vc_row]\n<\/section>","protected":false},"excerpt":{"rendered":"<p>[vc_row][vc_column][vc_column_text]A biblioteca da Se\u00e7\u00e3o Nordeste iniciar\u00e1 suas atividades com a apresenta\u00e7\u00e3o do livro de Pierre Naveau \u2013 O QUE DO ENCONTRO DE ESCREVE \u2013 no dia 20\/3\/2018. Para o evento, solicitamos alguns exemplares \u00e0 livraria da EBP Se\u00e7\u00e3o Minas. Continuar\u00e1 privilegiando as atividades de leitura dirigida sobre as elabora\u00e7\u00f5es conceituais de Freud e Lacan em&hellip;<\/p>\n","protected":false},"author":1,"featured_media":0,"parent":1513,"menu_order":0,"comment_status":"closed","ping_status":"closed","template":"","meta":{"footnotes":""},"class_list":["post-1578","page","type-page","status-publish","hentry","entry","no-media"],"_links":{"self":[{"href":"https:\/\/ebp.org.br\/nordeste\/wp-json\/wp\/v2\/pages\/1578","targetHints":{"allow":["GET"]}}],"collection":[{"href":"https:\/\/ebp.org.br\/nordeste\/wp-json\/wp\/v2\/pages"}],"about":[{"href":"https:\/\/ebp.org.br\/nordeste\/wp-json\/wp\/v2\/types\/page"}],"author":[{"embeddable":true,"href":"https:\/\/ebp.org.br\/nordeste\/wp-json\/wp\/v2\/users\/1"}],"replies":[{"embeddable":true,"href":"https:\/\/ebp.org.br\/nordeste\/wp-json\/wp\/v2\/comments?post=1578"}],"version-history":[{"count":2,"href":"https:\/\/ebp.org.br\/nordeste\/wp-json\/wp\/v2\/pages\/1578\/revisions"}],"predecessor-version":[{"id":4583,"href":"https:\/\/ebp.org.br\/nordeste\/wp-json\/wp\/v2\/pages\/1578\/revisions\/4583"}],"up":[{"embeddable":true,"href":"https:\/\/ebp.org.br\/nordeste\/wp-json\/wp\/v2\/pages\/1513"}],"wp:attachment":[{"href":"https:\/\/ebp.org.br\/nordeste\/wp-json\/wp\/v2\/media?parent=1578"}],"curies":[{"name":"wp","href":"https:\/\/api.w.org\/{rel}","templated":true}]}}