{"id":64,"date":"2026-04-04T08:44:10","date_gmt":"2026-04-04T11:44:10","guid":{"rendered":"https:\/\/ebp.org.br\/nordeste\/jornadas\/2026\/?page_id=64"},"modified":"2026-04-07T17:15:06","modified_gmt":"2026-04-07T20:15:06","slug":"inscricoes","status":"publish","type":"page","link":"https:\/\/ebp.org.br\/nordeste\/jornadas\/2026\/inscricoes\/","title":{"rendered":"INSCRI\u00c7\u00d5ES"},"content":{"rendered":"<div class=\"wpb-content-wrapper\">[vc_row][vc_column][vc_column_text css=&#8221;&#8221;]<img loading=\"lazy\" decoding=\"async\" class=\"alignleft wp-image-151\" src=\"https:\/\/ebp.org.br\/nordeste\/jornadas\/2026\/wp-content\/uploads\/2026\/04\/INSCRICOES-300x20.png\" alt=\"\" width=\"514\" height=\"35\" srcset=\"https:\/\/ebp.org.br\/nordeste\/jornadas\/2026\/wp-content\/uploads\/2026\/04\/INSCRICOES-300x20.png 300w, https:\/\/ebp.org.br\/nordeste\/jornadas\/2026\/wp-content\/uploads\/2026\/04\/INSCRICOES-1024x70.png 1024w, https:\/\/ebp.org.br\/nordeste\/jornadas\/2026\/wp-content\/uploads\/2026\/04\/INSCRICOES-768x52.png 768w, https:\/\/ebp.org.br\/nordeste\/jornadas\/2026\/wp-content\/uploads\/2026\/04\/INSCRICOES-1536x105.png 1536w, https:\/\/ebp.org.br\/nordeste\/jornadas\/2026\/wp-content\/uploads\/2026\/04\/INSCRICOES.png 1778w\" sizes=\"auto, (max-width: 514px) 100vw, 514px\" \/>[\/vc_column_text][\/vc_column][\/vc_row][vc_row][vc_column][vc_column_text css=&#8221;&#8221;]<strong>Apresenta\u00e7\u00e3o*<\/strong><\/p>\n<p>Em 2026, a Se\u00e7\u00e3o Nordeste chega \u00e0 sua VI Jornada, que acontecer\u00e1 em Natal, estado do Rio Grande do Norte, nos dias 30 e 31 de outubro. A convidada desta Jornada, Graciela Brodsky, \u00e9 psicanalista em Buenos Aires, AME e membro da Escola de Orienta\u00e7\u00e3o Lacaniana e da Associa\u00e7\u00e3o Mundial de Psican\u00e1lise.<\/p>\n<p>Um tra\u00e7o marcante desta Jornada \u00e9 que se realizar\u00e1 na forma <strong>excl<\/strong>usivamente presencial. Uma decis\u00e3o tomada por Diretoria e Conselho da Se\u00e7\u00e3o que reflete uma aposta na for\u00e7a da presen\u00e7a dos corpos, na conversa\u00e7\u00e3o e no vivo de uma experi\u00eancia de Escola.<\/p>\n<p>Del\u00edrio e Interpreta\u00e7\u00e3o \u2014 tema instigante, atual e em conson\u00e2ncia com os debates em curso na EBP este ano, em que preparamos o XXV Encontro Brasileiro do Campo Freudiano &#8211; <em>Barulhos da l\u00edngua, a interpreta\u00e7\u00e3o entre a fala e a escrita, que<\/em> acontecer\u00e1 em Florian\u00f3polis em novembro. Uma escolha\u00a0 que faz ressoar tamb\u00e9m o tema do XV Congresso da Associa\u00e7\u00e3o Mundial de Psican\u00e1lise \u2013 <em>A rela\u00e7\u00e3o sexual n\u00e3o existe<\/em>, que acontece em Paris, em abril\/maio deste ano.<\/p>\n<p>A especificidade desse sintagma \u201cDel\u00edrio e interpreta\u00e7\u00e3o\u201d, tal como vem sendo trabalhado pela Comiss\u00e3o Cient\u00edfica da Jornada, nos convoca a recolocar em tens\u00e3o duas opera\u00e7\u00f5es centrais da pr\u00e1tica anal\u00edtica: de um lado, a fun\u00e7\u00e3o do del\u00edrio como inven\u00e7\u00e3o do sujeito diante do imposs\u00edvel; de outro, a interpreta\u00e7\u00e3o como interven\u00e7\u00e3o que pode tanto sustentar quanto desestabilizar essa inven\u00e7\u00e3o. Trata-se, portanto, de uma investiga\u00e7\u00e3o precisa sobre o manejo cl\u00ednico, a \u00e9tica do analista e os limites do sentido.<\/p>\n<p><em><strong>Cl\u00e1udia Formiga<\/strong><\/em><\/p>\n<h6>Coordena\u00e7\u00e3o Geral VI Jornada da EBP Nordeste<\/h6>\n<hr \/>\n<h6>*Trecho da fala de apresenta\u00e7\u00e3o na atividade de Lan\u00e7amento da VI Jornada da Se\u00e7\u00e3o Nordeste, em 07\/04\/2026.<\/h6>\n[\/vc_column_text][\/vc_column][\/vc_row][vc_row][vc_column][vc_column_text css=&#8221;&#8221;]\n<h3><strong>INSTRU\u00c7\u00d5ES:<\/strong><\/h3>\n<p>Para se inscrever na VI Jornada da EBP Nordeste \u2013 <strong>Del\u00edrio e interpreta\u00e7\u00e3o, <\/strong>selecione a op\u00e7\u00e3o referente a sua categoria para ter acesso ao formul\u00e1rio correspondente.<\/p>\n<p>Abaixo encontram-se os valores e os prazos para a mudan\u00e7a dos lotes de inscri\u00e7\u00f5es para cada categoria<\/p>\n<p>Estudantes de gradua\u00e7\u00e3o ou p\u00f3s-gradua\u00e7\u00e3o, at\u00e9 25 anos de idade, devem comprovar o v\u00ednculo com a sua institui\u00e7\u00e3o de ensino, apresentando documento de identifica\u00e7\u00e3o e comprova\u00e7\u00e3o de matr\u00edcula.<\/p>\n<p>Para os alunos do curso regular do IPSIN \u00e9 preciso apresentar documento de comprova\u00e7\u00e3o de matr\u00edcula.[\/vc_column_text][\/vc_column][\/vc_row][vc_row][vc_column][vc_raw_html css=&#8221;&#8221;]JTNDdGFibGUlMjBib3JkZXIlM0QlMjIwJTIyJTIwY2VsbHNwYWNpbmclM0QlMjIzJTIyJTIwY2VsbHBhZGRpbmclM0QlMjI1JTIyJTIwd2lkdGglM0QlMjIxMDAlMjUlMjIlM0UlMEQlMEElMjAlMjAlM0N0ciUyMGJnY29sb3IlM0QlMjIlMjNEQ0RDREMlMjIlM0UlMEQlMEElMjAlMjAlMjAlMjAlM0N0ZCUyMGFsaWduJTNEJTIybGVmdCUyMiUyMHZhbGlnbiUzRCUyMm1pZGRsZSUyMiUzRSUzQ3AlM0UlMjZuYnNwJTNCJTNDJTJGcCUzRSUzQyUyRnRkJTNFJTBEJTBBJTIwJTIwJTIwJTIwJTNDdGQlMjBhbGlnbiUzRCUyMmNlbnRlciUyMiUyMHZhbGlnbiUzRCUyMm1pZGRsZSUyMiUyMHN0eWxlJTNEJTIydGV4dC1hbGlnbiUzQSUyMGNlbnRlciUyMiUzRSUzQ3AlM0UlM0NzdHJvbmclM0UxJUMyJUJBJTIwJTIwJTIwJTIwJTIwTE9URSUzQyUyRnN0cm9uZyUzRSUzQyUyRnAlM0UlM0MlMkZ0ZCUzRSUwRCUwQSUyMCUyMCUyMCUyMCUzQ3RkJTIwYWxpZ24lM0QlMjJjZW50ZXIlMjIlMjB2YWxpZ24lM0QlMjJtaWRkbGUlMjIlMjBzdHlsZSUzRCUyMnRleHQtYWxpZ24lM0ElMjBjZW50ZXIlMjIlM0UlM0NwJTNFJTNDc3Ryb25nJTNFMiVDMiVCQSUyMCUyMCUyMCUyMCUyMExPVEUlM0MlMkZzdHJvbmclM0UlM0MlMkZwJTNFJTNDJTJGdGQlM0UlMEQlMEElMjAlMjAlMjAlMjAlM0N0ZCUyMGFsaWduJTNEJTIyY2VudGVyJTIyJTIwdmFsaWduJTNEJTIybWlkZGxlJTIyJTIwc3R5bGUlM0QlMjJ0ZXh0LWFsaWduJTNBJTIwY2VudGVyJTIyJTNFJTNDcCUzRSUzQ3N0cm9uZyUzRTMlQzIlQkElMjAlMjAlMjAlMjAlMjBMT1RFJTNDJTJGc3Ryb25nJTNFJTNDJTJGcCUzRSUzQyUyRnRkJTNFJTBEJTBBJTIwJTIwJTNDJTJGdHIlM0UlMEQlMEElMjAlMjAlM0N0ciUyMGJnY29sb3IlM0QlMjIlMjNGMEYwRjAlMjIlM0UlMEQlMEElMjAlMjAlMjAlMjAlM0N0ZCUyMGFsaWduJTNEJTIybGVmdCUyMiUyMHZhbGlnbiUzRCUyMm1pZGRsZSUyMiUzRSUzQ3AlM0UlMjZuYnNwJTNCJTNDJTJGcCUzRSUzQyUyRnRkJTNFJTBEJTBBJTIwJTIwJTIwJTIwJTNDdGQlMjBhbGlnbiUzRCUyMmNlbnRlciUyMiUyMHZhbGlnbiUzRCUyMm1pZGRsZSUyMiUyMHN0eWxlJTNEJTIydGV4dC1hbGlnbiUzQSUyMGNlbnRlciUzQiUyMGZvbnQtc3R5bGUlM0ElMjAxM3B4JTNCJTIyJTNFJTNDcCUzRSUzQ3N0cm9uZyUzRUF0JUMzJUE5JTIwJTIwJTIwJTIwMzAlMkYwNCUzQyUyRnN0cm9uZyUzRSUzQyUyRnAlM0UlM0MlMkZ0ZCUzRSUwRCUwQSUyMCUyMCUyMCUyMCUzQ3RkJTIwYWxpZ24lM0QlMjJjZW50ZXIlMjIlMjB2YWxpZ24lM0QlMjJtaWRkbGUlMjIlMjBzdHlsZSUzRCUyMnRleHQtYWxpZ24lM0ElMjBjZW50ZXIlM0IlMjBmb250LXN0eWxlJTNBJTIwMTNweCUzQiUyMiUzRSUzQ3AlM0UlM0NzdHJvbmclM0VBJTIwJTIwJTIwJTIwcGFydGlyJTIwZGUlMjAwMSUyRjA1JTNDJTJGc3Ryb25nJTNFJTNDJTJGcCUzRSUzQyUyRnRkJTNFJTBEJTBBJTIwJTIwJTIwJTIwJTNDdGQlMjBhbGlnbiUzRCUyMmNlbnRlciUyMiUyMHZhbGlnbiUzRCUyMm1pZGRsZSUyMiUyMHN0eWxlJTNEJTIydGV4dC1hbGlnbiUzQSUyMGNlbnRlciUzQiUyMGZvbnQtc3R5bGUlM0ElMjAxM3B4JTNCJTIyJTNFJTNDcCUzRSUzQ3N0cm9uZyUzRUElMjAlMjAlMjAlMjBwYXJ0aXIlMjBkZSUyMDAxJTJGMDglM0MlMkZzdHJvbmclM0UlM0MlMkZwJTNFJTNDJTJGdGQlM0UlMEQlMEElMjAlMjAlM0MlMkZ0ciUzRSUwRCUwQSUyMCUyMCUzQ3RyJTIwYmdjb2xvciUzRCUyMiUyM0RDRENEQyUyMiUzRSUwRCUwQSUyMCUyMCUyMCUyMCUzQ3RkJTIwYWxpZ24lM0QlMjJsZWZ0JTIyJTIwdmFsaWduJTNEJTIybWlkZGxlJTIyJTNFJTNDcCUzRSUzQ3N0cm9uZyUzRU1FTUJST1MlMjAlMjAlMjAlMjBFQlAlMkZBTVAlM0MlMkZzdHJvbmclM0UlM0MlMkZwJTNFJTNDJTJGdGQlM0UlMEQlMEElMjAlMjAlMjAlMjAlM0N0ZCUyMGFsaWduJTNEJTIyY2VudGVyJTIyJTIwdmFsaWduJTNEJTIybWlkZGxlJTIyJTIwc3R5bGUlM0QlMjJ0ZXh0LWFsaWduJTNBJTIwY2VudGVyJTIyJTNFJTNDcCUzRVIlMjQlMjAlMjAlMjAlMjA0MDAlMkMwMCUzQyUyRnAlM0UlM0MlMkZ0ZCUzRSUwRCUwQSUyMCUyMCUyMCUyMCUzQ3RkJTIwYWxpZ24lM0QlMjJjZW50ZXIlMjIlMjB2YWxpZ24lM0QlMjJtaWRkbGUlMjIlMjBzdHlsZSUzRCUyMnRleHQtYWxpZ24lM0ElMjBjZW50ZXIlMjIlM0UlM0NwJTNFUiUyNCUyMCUyMCUyMCUyMDQ1MCUyQzAwJTNDJTJGcCUzRSUzQyUyRnRkJTNFJTBEJTBBJTIwJTIwJTIwJTIwJTNDdGQlMjBhbGlnbiUzRCUyMmNlbnRlciUyMiUyMHZhbGlnbiUzRCUyMm1pZGRsZSUyMiUyMHN0eWxlJTNEJTIydGV4dC1hbGlnbiUzQSUyMGNlbnRlciUyMiUzRSUzQ3AlM0VSJTI0JTIwJTIwJTIwJTIwNTA1JTJDMDAlM0MlMkZwJTNFJTNDJTJGdGQlM0UlMEQlMEElMjAlMjAlM0MlMkZ0ciUzRSUwRCUwQSUyMCUyMCUzQ3RyJTIwYmdjb2xvciUzRCUyMiUyM0YwRjBGMCUyMiUzRSUwRCUwQSUyMCUyMCUyMCUyMCUzQ3RkJTIwYWxpZ24lM0QlMjJsZWZ0JTIyJTIwdmFsaWduJTNEJTIybWlkZGxlJTIyJTNFJTNDcCUzRSUzQ3N0cm9uZyUzRVBST0ZJU1NJT05BSVMlM0MlMkZzdHJvbmclM0UlM0MlMkZwJTNFJTNDJTJGdGQlM0UlMEQlMEElMjAlMjAlMjAlMjAlM0N0ZCUyMGFsaWduJTNEJTIyY2VudGVyJTIyJTIwdmFsaWduJTNEJTIybWlkZGxlJTIyJTIwc3R5bGUlM0QlMjJ0ZXh0LWFsaWduJTNBJTIwY2VudGVyJTIyJTNFJTNDcCUyMGFsaWduJTNEJTIyY2VudGVyJTIyJTNFUiUyNCUyMDI5NSUyQzAwJTNDJTJGcCUzRSUzQyUyRnRkJTNFJTBEJTBBJTIwJTIwJTIwJTIwJTNDdGQlMjBhbGlnbiUzRCUyMmNlbnRlciUyMiUyMHZhbGlnbiUzRCUyMm1pZGRsZSUyMiUyMHN0eWxlJTNEJTIydGV4dC1hbGlnbiUzQSUyMGNlbnRlciUyMiUzRSUzQ3AlMjBhbGlnbiUzRCUyMmNlbnRlciUyMiUzRVIlMjQlMjAzMzAlMkMwMCUzQyUyRnAlM0UlM0MlMkZ0ZCUzRSUwRCUwQSUyMCUyMCUyMCUyMCUzQ3RkJTIwYWxpZ24lM0QlMjJjZW50ZXIlMjIlMjB2YWxpZ24lM0QlMjJtaWRkbGUlMjIlMjBzdHlsZSUzRCUyMnRleHQtYWxpZ24lM0ElMjBjZW50ZXIlMjIlM0UlM0NwJTIwYWxpZ24lM0QlMjJjZW50ZXIlMjIlM0VSJTI0JTIwMzcwJTJDMDAlM0MlMkZwJTNFJTNDJTJGdGQlM0UlMEQlMEElMjAlMjAlM0MlMkZ0ciUzRSUwRCUwQSUyMCUyMCUzQ3RyJTIwYmdjb2xvciUzRCUyMiUyM0RDRENEQyUyMiUzRSUwRCUwQSUyMCUyMCUyMCUyMCUzQ3RkJTIwYWxpZ24lM0QlMjJsZWZ0JTIyJTIwdmFsaWduJTNEJTIybWlkZGxlJTIyJTNFJTNDcCUzRSUzQ3N0cm9uZyUzRUVTVFVEQU5URVMlM0NzcGFuJTIwc3R5bGUlM0QlMjJjb2xvciUzQSUyMCUyM0ZGMDAwNCUyMiUzRSUyQSUzQyUyRnNwYW4lM0UlM0MlMkZzdHJvbmclM0UlM0MlMkZwJTNFJTNDJTJGdGQlM0UlMEQlMEElMjAlMjAlMjAlMjAlM0N0ZCUyMGFsaWduJTNEJTIyY2VudGVyJTIyJTIwdmFsaWduJTNEJTIybWlkZGxlJTIyJTIwc3R5bGUlM0QlMjJ0ZXh0LWFsaWduJTNBJTIwY2VudGVyJTIyJTNFJTNDcCUyMGFsaWduJTNEJTIyY2VudGVyJTIyJTNFUiUyNCUyMDE5MCUyQzAwJTNDJTJGcCUzRSUzQyUyRnRkJTNFJTBEJTBBJTIwJTIwJTIwJTIwJTNDdGQlMjBhbGlnbiUzRCUyMmNlbnRlciUyMiUyMHZhbGlnbiUzRCUyMm1pZGRsZSUyMiUyMHN0eWxlJTNEJTIydGV4dC1hbGlnbiUzQSUyMGNlbnRlciUyMiUzRSUzQ3AlMjBhbGlnbiUzRCUyMmNlbnRlciUyMiUzRVIlMjQlMjAyMTUlMkMwMCUzQyUyRnAlM0UlM0MlMkZ0ZCUzRSUwRCUwQSUyMCUyMCUyMCUyMCUzQ3RkJTIwYWxpZ24lM0QlMjJjZW50ZXIlMjIlMjB2YWxpZ24lM0QlMjJtaWRkbGUlMjIlMjBzdHlsZSUzRCUyMnRleHQtYWxpZ24lM0ElMjBjZW50ZXIlMjIlM0UlM0NwJTIwYWxpZ24lM0QlMjJjZW50ZXIlMjIlM0VSJTI0JTIwMjQwJTJDMDAlM0MlMkZwJTNFJTNDJTJGdGQlM0UlMEQlMEElMjAlMjAlM0MlMkZ0ciUzRSUwRCUwQSUyMCUyMCUzQ3RyJTIwYmdjb2xvciUzRCUyMiUyM0YwRjBGMCUyMiUzRSUwRCUwQSUyMCUyMCUyMCUyMCUzQ3RkJTIwYWxpZ24lM0QlMjJsZWZ0JTIyJTIwdmFsaWduJTNEJTIybWlkZGxlJTIyJTNFJTNDcCUzRSUzQ3N0cm9uZyUzRUFMVU5PUyUyMCUyMCUyMCUyMERPJTIwQ1VSU08lMjBSRUdVTEFSJTIwRE8lMjBJUFNJTiUzQ3NwYW4lMjBzdHlsZSUzRCUyMmNvbG9yJTNBJTIwJTIzRkYwMDA0JTIyJTNFJTJBJTJBJTNDJTJGc3BhbiUzRSUzQyUyRnN0cm9uZyUzRSUzQyUyRnAlM0UlM0MlMkZ0ZCUzRSUwRCUwQSUyMCUyMCUyMCUyMCUzQ3RkJTIwYWxpZ24lM0QlMjJjZW50ZXIlMjIlMjB2YWxpZ24lM0QlMjJtaWRkbGUlMjIlMjBzdHlsZSUzRCUyMnRleHQtYWxpZ24lM0ElMjBjZW50ZXIlMjIlM0UlM0NwJTIwYWxpZ24lM0QlMjJjZW50ZXIlMjIlM0VSJTI0JTIwMjEwJTJDMDAlM0MlMkZwJTNFJTNDJTJGdGQlM0UlMEQlMEElMjAlMjAlMjAlMjAlM0N0ZCUyMGFsaWduJTNEJTIyY2VudGVyJTIyJTIwdmFsaWduJTNEJTIybWlkZGxlJTIyJTIwc3R5bGUlM0QlMjJ0ZXh0LWFsaWduJTNBJTIwY2VudGVyJTIyJTNFJTNDcCUyMGFsaWduJTNEJTIyY2VudGVyJTIyJTNFUiUyNCUyMDIzNSUyQzAwJTNDJTJGcCUzRSUzQyUyRnRkJTNFJTBEJTBBJTIwJTIwJTIwJTIwJTNDdGQlMjBhbGlnbiUzRCUyMmNlbnRlciUyMiUyMHZhbGlnbiUzRCUyMm1pZGRsZSUyMiUyMHN0eWxlJTNEJTIydGV4dC1hbGlnbiUzQSUyMGNlbnRlciUyMiUzRSUzQ3AlMjBhbGlnbiUzRCUyMmNlbnRlciUyMiUzRVJTJTIwMjY1JTJDMDAlM0MlMkZwJTNFJTNDJTJGdGQlM0UlMEQlMEElMjAlMjAlM0MlMkZ0ciUzRSUwRCUwQSUzQyUyRnRhYmxlJTNF[\/vc_raw_html][vc_column_text css=&#8221;&#8221;]\n<h6><span style=\"color: #ff0000;\"><strong>*<\/strong><\/span> Estudantes de gradua\u00e7\u00e3o ou p\u00f3s-gradua\u00e7\u00e3o, at\u00e9 25 anos de idade, devem comprovar o v\u00ednculo com a sua institui\u00e7\u00e3o de ensino, apresentando documento de identifica\u00e7\u00e3o e comprova\u00e7\u00e3o de matr\u00edcula.<\/h6>\n<h6><span style=\"color: #ff0000;\"><strong>**<\/strong><\/span> Mediante documento de comprova\u00e7\u00e3o de matr\u00edcula.<\/h6>\n[\/vc_column_text][\/vc_column][\/vc_row][vc_row css=&#8221;.vc_custom_1775553754650{margin-top: 0px !important;margin-bottom: 0px !important;border-top-width: 0px !important;border-bottom-width: 0px !important;padding-top: 0px !important;padding-bottom: 0px !important;}&#8221;][vc_column][vc_separator color=&#8221;juicy_pink&#8221; css=&#8221;.vc_custom_1775553762372{margin-top: 0px !important;margin-bottom: 0px !important;border-top-width: 0px !important;border-bottom-width: 0px !important;padding-top: 0px !important;padding-bottom: 0px !important;}&#8221;]<style>.vcex-button.vcex_69daf69ca0bfd{background:#ff0000;color:#ffffff!important;}.vcex-button.vcex_69daf69ca0bfd:hover{background:#a60000!important;color:#ffffff!important;}<\/style><div class=\"theme-button-wrap textcenter wpex-clr\"><a href=\"https:\/\/www.sympla.com.br\/evento\/vi-jornada-da-ebp-secao-nordeste---delirio-e-interpretacao\/3376792\" class=\"vcex-button theme-button align-center inline vcex_69daf69ca0bfd\" target=\"_blank\" rel=\"noopener noreferrer\"><span class=\"vcex-button-inner theme-button-inner wpex-flex wpex-flex-wrap wpex-items-center wpex-justify-center\">INSCRI\u00c7\u00d5ES<\/span><\/a><\/div> [\/vc_column][\/vc_row]\n<\/div>","protected":false},"excerpt":{"rendered":"<p>[vc_row][vc_column][vc_column_text css=&#8221;&#8221;][\/vc_column_text][\/vc_column][\/vc_row][vc_row][vc_column][vc_column_text css=&#8221;&#8221;]Apresenta\u00e7\u00e3o* Em 2026, a Se\u00e7\u00e3o Nordeste chega \u00e0 sua VI Jornada, que acontecer\u00e1 em Natal, estado do Rio Grande do Norte, nos dias 30 e 31 de outubro. A convidada desta Jornada, Graciela Brodsky, \u00e9 psicanalista em Buenos Aires, AME e membro da Escola de Orienta\u00e7\u00e3o Lacaniana e da Associa\u00e7\u00e3o Mundial de Psican\u00e1lise.&hellip;<\/p>\n","protected":false},"author":1,"featured_media":0,"parent":0,"menu_order":0,"comment_status":"closed","ping_status":"closed","template":"","meta":{"footnotes":""},"class_list":["post-64","page","type-page","status-publish","hentry","entry","no-media"],"_links":{"self":[{"href":"https:\/\/ebp.org.br\/nordeste\/jornadas\/2026\/wp-json\/wp\/v2\/pages\/64","targetHints":{"allow":["GET"]}}],"collection":[{"href":"https:\/\/ebp.org.br\/nordeste\/jornadas\/2026\/wp-json\/wp\/v2\/pages"}],"about":[{"href":"https:\/\/ebp.org.br\/nordeste\/jornadas\/2026\/wp-json\/wp\/v2\/types\/page"}],"author":[{"embeddable":true,"href":"https:\/\/ebp.org.br\/nordeste\/jornadas\/2026\/wp-json\/wp\/v2\/users\/1"}],"replies":[{"embeddable":true,"href":"https:\/\/ebp.org.br\/nordeste\/jornadas\/2026\/wp-json\/wp\/v2\/comments?post=64"}],"version-history":[{"count":21,"href":"https:\/\/ebp.org.br\/nordeste\/jornadas\/2026\/wp-json\/wp\/v2\/pages\/64\/revisions"}],"predecessor-version":[{"id":191,"href":"https:\/\/ebp.org.br\/nordeste\/jornadas\/2026\/wp-json\/wp\/v2\/pages\/64\/revisions\/191"}],"wp:attachment":[{"href":"https:\/\/ebp.org.br\/nordeste\/jornadas\/2026\/wp-json\/wp\/v2\/media?parent=64"}],"curies":[{"name":"wp","href":"https:\/\/api.w.org\/{rel}","templated":true}]}}