{"id":147,"date":"2026-04-07T10:48:56","date_gmt":"2026-04-07T13:48:56","guid":{"rendered":"https:\/\/ebp.org.br\/nordeste\/jornadas\/2026\/?page_id=147"},"modified":"2026-04-07T19:32:08","modified_gmt":"2026-04-07T22:32:08","slug":"cronicas-delirantes","status":"publish","type":"page","link":"https:\/\/ebp.org.br\/nordeste\/jornadas\/2026\/cronicas-delirantes\/","title":{"rendered":"CR\u00d4NICAS DELIRANTES"},"content":{"rendered":"<p><img loading=\"lazy\" decoding=\"async\" class=\"alignleft wp-image-148\" src=\"https:\/\/ebp.org.br\/nordeste\/jornadas\/2026\/wp-content\/uploads\/2026\/04\/CRONICAS-DELIRANTES-300x18.png\" alt=\"\" width=\"582\" height=\"35\" srcset=\"https:\/\/ebp.org.br\/nordeste\/jornadas\/2026\/wp-content\/uploads\/2026\/04\/CRONICAS-DELIRANTES-300x18.png 300w, https:\/\/ebp.org.br\/nordeste\/jornadas\/2026\/wp-content\/uploads\/2026\/04\/CRONICAS-DELIRANTES-1024x62.png 1024w, https:\/\/ebp.org.br\/nordeste\/jornadas\/2026\/wp-content\/uploads\/2026\/04\/CRONICAS-DELIRANTES-768x46.png 768w, https:\/\/ebp.org.br\/nordeste\/jornadas\/2026\/wp-content\/uploads\/2026\/04\/CRONICAS-DELIRANTES-1536x92.png 1536w, https:\/\/ebp.org.br\/nordeste\/jornadas\/2026\/wp-content\/uploads\/2026\/04\/CRONICAS-DELIRANTES.png 1778w\" sizes=\"auto, (max-width: 582px) 100vw, 582px\" \/><\/p>\n<p>&nbsp;<\/p>\n<p>&nbsp;<\/p>\n<p><strong>Newsletter \u2013 VI Jornada da Se\u00e7\u00e3o Nordeste<\/strong><\/p>\n<p>As <em>Cr\u00f4nicas Delirantes<\/em> s\u00e3o concebidas como um espa\u00e7o de elabora\u00e7\u00e3o, escrita e transmiss\u00e3o no \u00e2mbito da VI Jornada da Se\u00e7\u00e3o Nordeste.<\/p>\n<p>Trata-se de um dispositivo que aposta na cr\u00f4nica como forma de escrita breve, ancorada no tempo presente, com o intuito de recolher modos de manifesta\u00e7\u00e3o do del\u00edrio na contemporaneidade. N\u00e3o se trata de um coment\u00e1rio te\u00f3rico, mas de uma escrita orientada pelo discurso anal\u00edtico, capaz de fazer emergir algo do del\u00edrio a partir de situa\u00e7\u00f5es do cotidiano.<\/p>\n<p>Cada texto se articula aos referenciais epist\u00eamicos indicados pela Comiss\u00e3o Cient\u00edfica da VI Jornada, colocando em rela\u00e7\u00e3o a experi\u00eancia extra\u00edda do cotidiano com a elabora\u00e7\u00e3o conceitual.<\/p>\n<p>As <em>Cr\u00f4nicas Delirantes<\/em> comp\u00f5em uma s\u00e9rie de publica\u00e7\u00f5es ao longo da prepara\u00e7\u00e3o da VI Jornada, funcionando como um fio que, ao mesmo tempo, acompanha e constr\u00f3i o trabalho que se realizar\u00e1 no encontro.<\/p>\n<p>E, como toda boa cr\u00f4nica, n\u00e3o se procura demais \u2014 ela se encontra: um detalhe, uma frase, um trope\u00e7o\u2026 e pronto, j\u00e1 temos por onde come\u00e7ar.<\/p>\n<p><strong>Ao trabalho. A cr\u00f4nica est\u00e1 por a\u00ed.<\/strong><\/p>\n<h6><em>K\u00e9sia Ramos (EBP\/AMP)<\/em><br \/>\nCoordenadora de Divulga\u00e7\u00e3o \u2013 VI Jornada da Se\u00e7\u00e3o Nordeste<\/h6>\n","protected":false},"excerpt":{"rendered":"<p>&nbsp; &nbsp; Newsletter \u2013 VI Jornada da Se\u00e7\u00e3o Nordeste As Cr\u00f4nicas Delirantes s\u00e3o concebidas como um espa\u00e7o de elabora\u00e7\u00e3o, escrita e transmiss\u00e3o no \u00e2mbito da VI Jornada da Se\u00e7\u00e3o Nordeste. Trata-se de um dispositivo que aposta na cr\u00f4nica como forma de escrita breve, ancorada no tempo presente, com o intuito de recolher modos de manifesta\u00e7\u00e3o&hellip;<\/p>\n","protected":false},"author":1,"featured_media":0,"parent":0,"menu_order":0,"comment_status":"closed","ping_status":"closed","template":"","meta":{"footnotes":""},"class_list":["post-147","page","type-page","status-publish","hentry","entry","no-media"],"_links":{"self":[{"href":"https:\/\/ebp.org.br\/nordeste\/jornadas\/2026\/wp-json\/wp\/v2\/pages\/147","targetHints":{"allow":["GET"]}}],"collection":[{"href":"https:\/\/ebp.org.br\/nordeste\/jornadas\/2026\/wp-json\/wp\/v2\/pages"}],"about":[{"href":"https:\/\/ebp.org.br\/nordeste\/jornadas\/2026\/wp-json\/wp\/v2\/types\/page"}],"author":[{"embeddable":true,"href":"https:\/\/ebp.org.br\/nordeste\/jornadas\/2026\/wp-json\/wp\/v2\/users\/1"}],"replies":[{"embeddable":true,"href":"https:\/\/ebp.org.br\/nordeste\/jornadas\/2026\/wp-json\/wp\/v2\/comments?post=147"}],"version-history":[{"count":4,"href":"https:\/\/ebp.org.br\/nordeste\/jornadas\/2026\/wp-json\/wp\/v2\/pages\/147\/revisions"}],"predecessor-version":[{"id":214,"href":"https:\/\/ebp.org.br\/nordeste\/jornadas\/2026\/wp-json\/wp\/v2\/pages\/147\/revisions\/214"}],"wp:attachment":[{"href":"https:\/\/ebp.org.br\/nordeste\/jornadas\/2026\/wp-json\/wp\/v2\/media?parent=147"}],"curies":[{"name":"wp","href":"https:\/\/api.w.org\/{rel}","templated":true}]}}