{"id":483,"date":"2025-07-26T08:43:21","date_gmt":"2025-07-26T11:43:21","guid":{"rendered":"https:\/\/ebp.org.br\/nordeste\/jornadas\/2025\/?page_id=483"},"modified":"2025-09-01T14:15:24","modified_gmt":"2025-09-01T17:15:24","slug":"hospedagem","status":"publish","type":"page","link":"https:\/\/ebp.org.br\/nordeste\/jornadas\/2025\/acolhimento\/hospedagem\/","title":{"rendered":"Hospedagem"},"content":{"rendered":"<h3><span style=\"color: #993300;\"><strong>Mapas de Acolhida, No Cora\u00e7\u00e3o do Recife, um Lugar para Estar, Entre o Som das Ondas e Janelas para o Mar<\/strong><\/span><\/h3>\n<p>Hospedar-se \u00e9 mais do que encontrar abrigo \u2014 \u00e9 criar um intervalo no tempo, um espa\u00e7o de sil\u00eancio entre a travessia e o encontro. No ritmo da cidade que pulsa entre o mar e o mangue, escolhemos lugares que acolhem com simplicidade, conforto e proximidade.<\/p>\n<p>Entre ruas arborizadas, o som das ondas e a luminosidade das manh\u00e3s em Boa Viagem, cada hospedagem sugerida convida a um gesto de presen\u00e7a \u2014 uma forma de escutar o tempo da cidade e da Jornada.<\/p>\n<h4><strong><span style=\"color: #993300;\">LISTA DE HOT\u00c9IS<\/span><\/strong><\/h4>\n<p>(* dist\u00e2ncia do hotel para o Evento)<\/p>\n<div><strong>MARANTE EXECUTIVE HOTEL<\/strong> (Hotel do evento)<\/div>\n<ul>\n<li>Av. Domingos Ferreira, 668 Boa viagem<\/li>\n<li>Fone. 81 982133143 \/ 30358806 Mislena ou Leoneide<\/li>\n<li><a href=\"https:\/\/www.maranteexecutive.com.br\/\" target=\"_blank\" rel=\"noopener\" data-saferedirecturl=\"https:\/\/www.google.com\/url?q=https:\/\/www.maranteexecutive.com.br&amp;source=gmail&amp;ust=1756832711057000&amp;usg=AOvVaw3Fc1j7R-84mckzbjAkg7sz\">https:\/\/www.maranteexecutive.<wbr \/>com.br<\/a><\/li>\n<li>Promocode. (V Jornada)<\/li>\n<\/ul>\n<p><strong>MARANTE PLAZA HOTEL (4 estrelas)<\/strong><\/p>\n<ul>\n<li>Avenida Boa Viagem, 1070 \u2013 Pina<\/li>\n<li>Fone (81) 3464-1070<\/li>\n<li>Dist\u00e2ncia: 650m *<\/li>\n<\/ul>\n<p><strong>IBIS RECIFE BOA VIAGEM<\/strong><\/p>\n<ul>\n<li>Avenida Engenheiro Domingos Ferreira, 683 \u2013 Pina<\/li>\n<li>Fone: (81) 3334-3434<\/li>\n<li>Dist\u00e2ncia: 230m *<\/li>\n<\/ul>\n<p><strong>TRANSAM\u00c9RICA PRESTIGE BEACH CLASS<\/strong><\/p>\n<ul>\n<li>Avenida Boa Viagem, 420 \u2013 Boa Viagem<\/li>\n<li>Fone: (81) 3039-9010<\/li>\n<li>Dist\u00e2ncia: 400m *<\/li>\n<\/ul>\n<p><strong>KASTEL MANIBU RECIFE<\/strong><\/p>\n<ul>\n<li>Avenida Conselheiro Aguiar, 919 \u2013 Boa Viagem<\/li>\n<li>Fone (81) 2011-3629<\/li>\n<li>Dist\u00e2ncia: 450m *<\/li>\n<\/ul>\n<p><strong>RADISSON HOTEL RECIFE<\/strong><\/p>\n<ul>\n<li>Avenida Boa Viagem, 1906 \u2013 Boa Viagem<\/li>\n<li>Fone (81) 3126-3020<\/li>\n<li>Dist\u00e2ncia: 1,8 km<\/li>\n<\/ul>\n<p><strong>BEACH CLASS EXECUTIVE<\/strong><\/p>\n<ul>\n<li>Avenida Boa Viagem, 344 \u2013 Boa Viagem<\/li>\n<li>Fone: (81) 99263-9369<\/li>\n<li>Dist\u00e2ncia: 600m*<\/li>\n<\/ul>\n<p><strong>HOTEL UZI MAR<\/strong><\/p>\n<ul>\n<li>Avenida Conselheiro Aguiar, 1015 \u2013 Boa Viagem<\/li>\n<li>Fone: (81) 3129-0718<\/li>\n<li>Dist\u00e2ncia: 400m<\/li>\n<\/ul>\n<h4><span style=\"color: #993300;\">HOSTELS<\/span><\/h4>\n<p><strong>COSMOPOLITAN HOSTEL<\/strong><\/p>\n<ul>\n<li>Rua Paulo Set\u00fabal, 53 \u2013 Pina<\/li>\n<li>Fone: (81) 3204-0321<\/li>\n<li>Dist\u00e2ncia: 650m*<\/li>\n<\/ul>\n<p><strong>CUL STUDENT HOUSING<\/strong><\/p>\n<ul>\n<li>Avenida Conselheiro Aguiar, 755 \u2013 Pina<\/li>\n<li>Fone: (81) 98286-2712<\/li>\n<li>Dist\u00e2ncia: 400m*<\/li>\n<\/ul>\n","protected":false},"excerpt":{"rendered":"<p>Mapas de Acolhida, No Cora\u00e7\u00e3o do Recife, um Lugar para Estar, Entre o Som das Ondas e Janelas para o Mar Hospedar-se \u00e9 mais do que encontrar abrigo \u2014 \u00e9 criar um intervalo no tempo, um espa\u00e7o de sil\u00eancio entre a travessia e o encontro. No ritmo da cidade que pulsa entre o mar e&hellip;<\/p>\n","protected":false},"author":1,"featured_media":0,"parent":378,"menu_order":0,"comment_status":"closed","ping_status":"closed","template":"","meta":{"footnotes":""},"class_list":["post-483","page","type-page","status-publish","hentry","entry","no-media"],"_links":{"self":[{"href":"https:\/\/ebp.org.br\/nordeste\/jornadas\/2025\/wp-json\/wp\/v2\/pages\/483","targetHints":{"allow":["GET"]}}],"collection":[{"href":"https:\/\/ebp.org.br\/nordeste\/jornadas\/2025\/wp-json\/wp\/v2\/pages"}],"about":[{"href":"https:\/\/ebp.org.br\/nordeste\/jornadas\/2025\/wp-json\/wp\/v2\/types\/page"}],"author":[{"embeddable":true,"href":"https:\/\/ebp.org.br\/nordeste\/jornadas\/2025\/wp-json\/wp\/v2\/users\/1"}],"replies":[{"embeddable":true,"href":"https:\/\/ebp.org.br\/nordeste\/jornadas\/2025\/wp-json\/wp\/v2\/comments?post=483"}],"version-history":[{"count":2,"href":"https:\/\/ebp.org.br\/nordeste\/jornadas\/2025\/wp-json\/wp\/v2\/pages\/483\/revisions"}],"predecessor-version":[{"id":600,"href":"https:\/\/ebp.org.br\/nordeste\/jornadas\/2025\/wp-json\/wp\/v2\/pages\/483\/revisions\/600"}],"up":[{"embeddable":true,"href":"https:\/\/ebp.org.br\/nordeste\/jornadas\/2025\/wp-json\/wp\/v2\/pages\/378"}],"wp:attachment":[{"href":"https:\/\/ebp.org.br\/nordeste\/jornadas\/2025\/wp-json\/wp\/v2\/media?parent=483"}],"curies":[{"name":"wp","href":"https:\/\/api.w.org\/{rel}","templated":true}]}}