{"id":378,"date":"2025-07-19T06:38:30","date_gmt":"2025-07-19T09:38:30","guid":{"rendered":"https:\/\/ebp.org.br\/nordeste\/jornadas\/2025\/?page_id=378"},"modified":"2025-07-26T08:40:43","modified_gmt":"2025-07-26T11:40:43","slug":"acolhimento","status":"publish","type":"page","link":"https:\/\/ebp.org.br\/nordeste\/jornadas\/2025\/acolhimento\/","title":{"rendered":"Acolhimento"},"content":{"rendered":"<p>A pr\u00f3xima V Jornada da Se\u00e7\u00e3o Nordeste abre suas portas em Pernambuco!<\/p>\n<p>Localizada no cora\u00e7\u00e3o da capital pernambucana, a Jornada acontecer\u00e1 no Marante Executive Hotel, a poucos passos da bela orla de Boa Viagem \u2014 um dos cart\u00f5es-postais mais encantadores do Recife.<\/p>\n<p>Estamos nos preparando para receb\u00ea-los com propostas e dicas para que aproveitem ao m\u00e1ximo sua estadia em nossa cidade.<\/p>\n<p>Sugeriremos diferentes op\u00e7\u00f5es de hospedagem que, esperamos, orientem na escolha do melhor local para se acomodar durante o evento.<\/p>\n<p>Entre as principais recomenda\u00e7\u00f5es, destacamos os bairros Boa Viagem e Pina, pela proximidade ao local da Jornada e pela excelente oferta de servi\u00e7os. Nessas regi\u00f5es, h\u00e1 uma ampla variedade de restaurantes, caf\u00e9s charmosos, feiras de artesanato, al\u00e9m do cal\u00e7ad\u00e3o \u00e0 beira-mar ideal para passeios ao fim do dia.<\/p>\n<p>Como disse Kleber Mendon\u00e7a Filho, em seu olhar cinematogr\u00e1fico sobre a cidade:<br \/>\n<em>&#8220;Recife \u00e9 uma cidade que pulsa. Que respira. Que, em sil\u00eancio, conta hist\u00f3rias.&#8221;<\/em><\/p>\n<p>\u00c9 tamb\u00e9m a cidade de Capiba, Chico Science, Manuel Bandeira, Mir\u00f3 da Muribeca e Jo\u00e3o Cabral de Melo Neto, Brennand, Jo\u00e3o C\u00e2mara, Alceu, Gilberto Freyre, M\u00e9rcia Albuquerque e tantos outros \u2014 vozes que fizeram da cidade poesia viva, seja em suas pontes, na m\u00fasica, na arte, nas lutas no frevo ou nas mar\u00e9s do Capibaribe.<\/p>\n<p>Caso algo que voc\u00ea procure n\u00e3o esteja entre nossas indica\u00e7\u00f5es, saiba que a Comiss\u00e3o de Recep\u00e7\u00e3o estar\u00e1 por perto \u2014 atenta, dispon\u00edvel e pronta para acolher, orientar e fazer da sua passagem por aqui uma experi\u00eancia ainda mais cuidadosa.<\/p>\n<p>Aguardamos voc\u00eas, com alegria, em Recife!<\/p>\n","protected":false},"excerpt":{"rendered":"<p>A pr\u00f3xima V Jornada da Se\u00e7\u00e3o Nordeste abre suas portas em Pernambuco! Localizada no cora\u00e7\u00e3o da capital pernambucana, a Jornada acontecer\u00e1 no Marante Executive Hotel, a poucos passos da bela orla de Boa Viagem \u2014 um dos cart\u00f5es-postais mais encantadores do Recife. Estamos nos preparando para receb\u00ea-los com propostas e dicas para que aproveitem ao&hellip;<\/p>\n","protected":false},"author":1,"featured_media":0,"parent":0,"menu_order":0,"comment_status":"closed","ping_status":"closed","template":"","meta":{"footnotes":""},"class_list":["post-378","page","type-page","status-publish","hentry","entry","no-media"],"_links":{"self":[{"href":"https:\/\/ebp.org.br\/nordeste\/jornadas\/2025\/wp-json\/wp\/v2\/pages\/378","targetHints":{"allow":["GET"]}}],"collection":[{"href":"https:\/\/ebp.org.br\/nordeste\/jornadas\/2025\/wp-json\/wp\/v2\/pages"}],"about":[{"href":"https:\/\/ebp.org.br\/nordeste\/jornadas\/2025\/wp-json\/wp\/v2\/types\/page"}],"author":[{"embeddable":true,"href":"https:\/\/ebp.org.br\/nordeste\/jornadas\/2025\/wp-json\/wp\/v2\/users\/1"}],"replies":[{"embeddable":true,"href":"https:\/\/ebp.org.br\/nordeste\/jornadas\/2025\/wp-json\/wp\/v2\/comments?post=378"}],"version-history":[{"count":2,"href":"https:\/\/ebp.org.br\/nordeste\/jornadas\/2025\/wp-json\/wp\/v2\/pages\/378\/revisions"}],"predecessor-version":[{"id":482,"href":"https:\/\/ebp.org.br\/nordeste\/jornadas\/2025\/wp-json\/wp\/v2\/pages\/378\/revisions\/482"}],"wp:attachment":[{"href":"https:\/\/ebp.org.br\/nordeste\/jornadas\/2025\/wp-json\/wp\/v2\/media?parent=378"}],"curies":[{"name":"wp","href":"https:\/\/api.w.org\/{rel}","templated":true}]}}

<p>A próxima V Jornada da Seção Nordeste abre suas portas em Pernambuco!</p>
<p>Localizada no coração da capital pernambucana, a Jornada acontecerá no Marante Executive Hotel, a poucos passos da bela orla de Boa Viagem — um dos cartões-postais mais encantadores do Recife.</p>
<p>Estamos nos preparando para recebê-los com propostas e dicas para que aproveitem ao máximo sua estadia em nossa cidade.</p>
<p>Sugeriremos diferentes opções de hospedagem que, esperamos, orientem na escolha do melhor local para se acomodar durante o evento.</p>
<p>Entre as principais recomendações, destacamos os bairros Boa Viagem e Pina, pela proximidade ao local da Jornada e pela excelente oferta de serviços. Nessas regiões, há uma ampla variedade de restaurantes, cafés charmosos, feiras de artesanato, além do calçadão à beira-mar ideal para passeios ao fim do dia.</p>
<p>Como disse Kleber Mendonça Filho, em seu olhar cinematográfico sobre a cidade:<br />
<em>&#8220;Recife é uma cidade que pulsa. Que respira. Que, em silêncio, conta histórias.&#8221;</em></p>
<p>É também a cidade de Capiba, Chico Science, Manuel Bandeira, Miró da Muribeca e João Cabral de Melo Neto, Brennand, João Câmara, Alceu, Gilberto Freyre, Mércia Albuquerque e tantos outros — vozes que fizeram da cidade poesia viva, seja em suas pontes, na música, na arte, nas lutas no frevo ou nas marés do Capibaribe.</p>
<p>Caso algo que você procure não esteja entre nossas indicações, saiba que a Comissão de Recepção estará por perto — atenta, disponível e pronta para acolher, orientar e fazer da sua passagem por aqui uma experiência ainda mais cuidadosa.</p>
<p>Aguardamos vocês, com alegria, em Recife!</p>

<p>A próxima V Jornada da Seção Nordeste abre suas portas em Pernambuco! Localizada no coração da capital pernambucana, a Jornada acontecerá no Marante Executive Hotel, a poucos passos da bela orla de Boa Viagem — um dos cartões-postais mais encantadores do Recife. Estamos nos preparando para recebê-los com propostas e dicas para que aproveitem ao&hellip;</p>
