{"id":366,"date":"2025-07-19T06:36:27","date_gmt":"2025-07-19T09:36:27","guid":{"rendered":"https:\/\/ebp.org.br\/nordeste\/jornadas\/2025\/?page_id=366"},"modified":"2025-10-24T05:38:31","modified_gmt":"2025-10-24T08:38:31","slug":"eixos-tematicos","status":"publish","type":"page","link":"https:\/\/ebp.org.br\/nordeste\/jornadas\/2025\/a-jornada\/eixos-tematicos\/","title":{"rendered":"Eixos Tem\u00e1ticos"},"content":{"rendered":"<div class=\"wpb-content-wrapper\">[vc_row][vc_column][vc_column_text css=&#8221;&#8221;]\n<h3><span style=\"color: #993300;\">Eixo 1 \u2013 <strong>A tela da fantasia<\/strong><\/span><\/h3>\n<p>Nesse eixo, interrogamos a rela\u00e7\u00e3o entre reminisc\u00eancias e a constru\u00e7\u00e3o da cena traum\u00e1tica; o car\u00e1ter traum\u00e1tico da sexualidade; os dois tempos do trauma; a estrutura da fantasia; a diferen\u00e7a entre fantasia; fic\u00e7\u00e3o e del\u00edrio; a aus\u00eancia da fantasia no autismo; o\u00a0 decl\u00ednio da fantasia como media\u00e7\u00e3o diante do real, entre outras perspectivas que trar\u00e3o para o debate a fun\u00e7\u00e3o da fantasia como uma via de tratamento ao real do trauma.[\/vc_column_text]<div class=\"vcex-spacing wpex-w-100 wpex-clear\"><\/div><style>.vcex-button.vcex_69ea7d04408d5{background:var(--wpex-accent);color:#ffffff!important;}.vcex-button.vcex_69ea7d04408d5:hover{background:var(--wpex-accent-alt)!important;color:#ffffff!important;}<\/style><a href=\"https:\/\/ebp.org.br\/nordeste\/jornadas\/2025\/a-jornada\/eixos-tematicos\/eixos-tematicos-eixo-1-a-tela-do-fantasma\/\" class=\"vcex-button theme-button inline vcex_69ea7d04408d5\"><span class=\"vcex-button-inner theme-button-inner wpex-flex wpex-flex-wrap wpex-items-center wpex-justify-center\">Leia+<\/span><\/a> [\/vc_column][\/vc_row][vc_row][vc_column][vc_column_text css=&#8221;&#8221;]\n<h3><span style=\"color: #993300;\">Eixo 2 \u2013\u00a0 <strong>O horizonte do ato<\/strong><\/span><\/h3>\n<p>Nesse eixo, a pergunta norteadora que lan\u00e7amos \u00e9: podemos separar trauma e viol\u00eancia? Em que medida a ideologia da supress\u00e3o do sujeito, segundo Lacan,\u00a0\u00a0\u00a0\u00a0\u00a0 favorece a escalada das solu\u00e7\u00f5es em que o objeto n\u00e3o est\u00e1 vestido com a roupagem do fantasma? A perspectiva do ato se coloca como sendo uma resposta do sujeito diante do rateio da fantasia. Cabe, aqui, pensar as adic\u00e7\u00f5es e toxicomanias, o <em>acting out<\/em>, feminic\u00eddios e segrega\u00e7\u00e3o, <em>challengers<\/em> digitais, cancelamentos e <em>bullyings<\/em>,\u00a0 os quais apontam para o horizonte da puls\u00e3o de morte e da passagem ao ato em sua articula\u00e7\u00e3o com a viol\u00eancia, entre tantas dimens\u00f5es em que o ato se coloca em nossa \u00e9poca.[\/vc_column_text]<div class=\"vcex-spacing wpex-w-100 wpex-clear\"><\/div><style>.vcex-button.vcex_69ea7d0441dbc{background:var(--wpex-accent);color:#ffffff!important;}.vcex-button.vcex_69ea7d0441dbc:hover{background:var(--wpex-accent-alt)!important;color:#ffffff!important;}<\/style><a href=\"https:\/\/ebp.org.br\/nordeste\/jornadas\/2025\/a-jornada\/eixos-tematicos\/eixos-tematicos-eixo-2-o-horizonte-do-ato\/\" class=\"vcex-button theme-button inline vcex_69ea7d0441dbc\"><span class=\"vcex-button-inner theme-button-inner wpex-flex wpex-flex-wrap wpex-items-center wpex-justify-center\">Leia+<\/span><\/a> [\/vc_column][\/vc_row][vc_row][vc_column][vc_column_text css=&#8221;&#8221;]\n<h3><span style=\"color: #993300;\">Eixo 3 \u2013 <strong>Analista trauma<\/strong><\/span><\/h3>\n<p>Esse eixo pretende tocar a especificidade do trabalho do psicanalista e sua rela\u00e7\u00e3o com o trauma \u2013 como n\u00e3o perder de vista a dimens\u00e3o do <em>trou <\/em>frente \u00e0s in\u00fameras demandas pela restitui\u00e7\u00e3o do sentido que proliferam na \u00e9poca atual? Qual a rela\u00e7\u00e3o entre a posi\u00e7\u00e3o do analista e a dimens\u00e3o da perda? Quais as incid\u00eancias do analista trauma na pr\u00e1tica daqueles que exercem a psican\u00e1lise? Abrimos espa\u00e7o para recolher o manejo frente \u00e0s s\u00edndromes da \u00e9poca atual: estresse p\u00f3s-traum\u00e1tico; p\u00e2nico; crises de ansiedade; <em>burnout<\/em>; psicoses extraordin\u00e1rias e ordin\u00e1rias, entre outras manifesta\u00e7\u00f5es do traum\u00e1tico. Como ir al\u00e9m da inje\u00e7\u00e3o de sentido, rastreando o caminho pulsional?[\/vc_column_text]<div class=\"vcex-spacing wpex-w-100 wpex-clear\"><\/div><style>.vcex-button.vcex_69ea7d0442692{background:var(--wpex-accent);color:#ffffff!important;}.vcex-button.vcex_69ea7d0442692:hover{background:var(--wpex-accent-alt)!important;color:#ffffff!important;}<\/style><a href=\"https:\/\/ebp.org.br\/nordeste\/jornadas\/2025\/a-jornada\/eixos-tematicos\/eixos-tematicos-eixo-3-analista-trauma\/\" class=\"vcex-button theme-button inline vcex_69ea7d0442692\"><span class=\"vcex-button-inner theme-button-inner wpex-flex wpex-flex-wrap wpex-items-center wpex-justify-center\">Leia+<\/span><\/a> [\/vc_column][\/vc_row]\n<\/div>","protected":false},"excerpt":{"rendered":"<p>[vc_row][vc_column][vc_column_text css=&#8221;&#8221;] Eixo 1 \u2013 A tela da fantasia Nesse eixo, interrogamos a rela\u00e7\u00e3o entre reminisc\u00eancias e a constru\u00e7\u00e3o da cena traum\u00e1tica; o car\u00e1ter traum\u00e1tico da sexualidade; os dois tempos do trauma; a estrutura da fantasia; a diferen\u00e7a entre fantasia; fic\u00e7\u00e3o e del\u00edrio; a aus\u00eancia da fantasia no autismo; o\u00a0 decl\u00ednio da fantasia como media\u00e7\u00e3o&hellip;<\/p>\n","protected":false},"author":1,"featured_media":0,"parent":384,"menu_order":0,"comment_status":"closed","ping_status":"closed","template":"","meta":{"footnotes":""},"class_list":["post-366","page","type-page","status-publish","hentry","entry","no-media"],"_links":{"self":[{"href":"https:\/\/ebp.org.br\/nordeste\/jornadas\/2025\/wp-json\/wp\/v2\/pages\/366","targetHints":{"allow":["GET"]}}],"collection":[{"href":"https:\/\/ebp.org.br\/nordeste\/jornadas\/2025\/wp-json\/wp\/v2\/pages"}],"about":[{"href":"https:\/\/ebp.org.br\/nordeste\/jornadas\/2025\/wp-json\/wp\/v2\/types\/page"}],"author":[{"embeddable":true,"href":"https:\/\/ebp.org.br\/nordeste\/jornadas\/2025\/wp-json\/wp\/v2\/users\/1"}],"replies":[{"embeddable":true,"href":"https:\/\/ebp.org.br\/nordeste\/jornadas\/2025\/wp-json\/wp\/v2\/comments?post=366"}],"version-history":[{"count":5,"href":"https:\/\/ebp.org.br\/nordeste\/jornadas\/2025\/wp-json\/wp\/v2\/pages\/366\/revisions"}],"predecessor-version":[{"id":733,"href":"https:\/\/ebp.org.br\/nordeste\/jornadas\/2025\/wp-json\/wp\/v2\/pages\/366\/revisions\/733"}],"up":[{"embeddable":true,"href":"https:\/\/ebp.org.br\/nordeste\/jornadas\/2025\/wp-json\/wp\/v2\/pages\/384"}],"wp:attachment":[{"href":"https:\/\/ebp.org.br\/nordeste\/jornadas\/2025\/wp-json\/wp\/v2\/media?parent=366"}],"curies":[{"name":"wp","href":"https:\/\/api.w.org\/{rel}","templated":true}]}}