{"id":735,"date":"2024-11-30T05:26:21","date_gmt":"2024-11-30T08:26:21","guid":{"rendered":"https:\/\/ebp.org.br\/nordeste\/jornadas\/2024\/?page_id=735"},"modified":"2024-11-30T05:26:21","modified_gmt":"2024-11-30T08:26:21","slug":"hospedagem","status":"publish","type":"page","link":"https:\/\/ebp.org.br\/nordeste\/jornadas\/2024\/a-jornada\/acolhimento\/hospedagem\/","title":{"rendered":"Hospedagem"},"content":{"rendered":"<div class=\"wpb-content-wrapper\">[vc_row][vc_column][vc_column_text css=&#8221;&#8221;]\n<h3><span style=\"color: #000080;\"><strong>Hotel Nord Luxxor Tamba\u00fa\u00a0<\/strong><\/span><\/h3>\n<ul>\n<li>Telefone da central de reservas (83)3022 3900<\/li>\n<li>Falar com Isabela.<\/li>\n<li>Reservas: atrav\u00e9s da Central de Reservas informando que \u00e9 participante da IV Jornada.<\/li>\n<\/ul>\n<p>Di\u00e1ria Single Standard: R$ 449,00 + 5%<\/p>\n<p>Di\u00e1ria Duplo Standard: R$ 549,00 + 5%<\/p>\n<p>Di\u00e1ria Triple Standard: R$ 689,00 + 5%<\/p>\n<p>Servi\u00e7os inclusos na di\u00e1ria:<\/p>\n<ul>\n<li>Caf\u00e9 da manh\u00e3 (servido no restaurante)<\/li>\n<li>Internet Wi-fi<\/li>\n<\/ul>\n<hr \/>\n<h3><span style=\"color: #000080;\"><strong>Tamba\u00fa:<\/strong><\/span><\/h3>\n<p><strong>Littoral express<\/strong> <span class=\"ticon ticon-star\" aria-hidden=\"true\" style=\"color:F9D507;color:F9D507;font-size:16px;\"><\/span><span class=\"ticon ticon-star\" aria-hidden=\"true\" style=\"color:F9D507;color:F9D507;font-size:16px;\"><\/span><span class=\"ticon ticon-star\" aria-hidden=\"true\" style=\"color:F9D507;color:F9D507;font-size:16px;\"><\/span>\n<ul>\n<li>Av. Almirante Tamandar\u00e9, 370, Tamba\u00fa, Jo\u00e3o Pessoa, 58039010, Brasil<\/li>\n<li>Telefone: <strong>\u00a0<\/strong><a href=\"https:\/\/www.google.com\/search?q=littoral+express+joao+pessoa&amp;oq=littoral+express+joao+pessoa&amp;gs_lcrp=EgZjaHJvbWUyBggAEEUYOTIZCAEQLhivARjHARiABBiOBRiYBRiZBRieBTIICAIQABgWGB4yCAgDEAAYFhgeMggIBBAAGBYYHjIKCAUQABiABBiiBDIKCAYQABiABBiiBDIKCAcQABiiBBiJBdIBCDQxMzFqMGo0qAIAsAIB&amp;sourceid=chrome&amp;ie=UTF-8\">(83) 2106-9900<\/a><\/li>\n<li>Site: <a href=\"https:\/\/www.littoral.com.br\/littoral-express\">https:\/\/www.littoral.com.br\/littoral-express<\/a><\/li>\n<li>Dist\u00e2ncia para o Nord Tamba\u00fa a p\u00e9: 400m (5 minutos)<\/li>\n<li>De carro: 1,3 km (5 minutos)<\/li>\n<\/ul>\n<hr \/>\n<p><span style=\"color: #000080;\"><span style=\"color: #000000;\"><strong>Corais de tambau<\/strong><\/span>\u00a0<\/span><span class=\"ticon ticon-star\" aria-hidden=\"true\" style=\"color:F9D507;color:F9D507;font-size:16px;\"><\/span><span class=\"ticon ticon-star\" aria-hidden=\"true\" style=\"color:F9D507;color:F9D507;font-size:16px;\"><\/span><span class=\"ticon ticon-star\" aria-hidden=\"true\" style=\"color:F9D507;color:F9D507;font-size:16px;\"><\/span>\n<ul>\n<li>Av. Almirante Tamandar\u00e9, 624, Tamba\u00fa, Jo\u00e3o Pessoa, 58039-010, Brasil<\/li>\n<li>Telefone: <strong>\u00a0<\/strong><a href=\"https:\/\/www.google.com\/search?q=corais+de+tamba%C3%BA+jjoao+pessoa&amp;oq=corais+de+tamba%C3%BA+jjoao+pessoa&amp;gs_lcrp=EgZjaHJvbWUyBggAEEUYOTIWCAEQLhivARjHARiABBiOBRiYBRiZBTIHCAIQABiABDIICAMQABgWGB4yCAgEEAAYFhgeMggIBRAAGBYYHjIICAYQABgWGB4yCAgHEAAYFhgeMggICBAAGBYYHtIBCDQ4MDJqMGo5qAIAsAIB&amp;sourceid=chrome&amp;ie=UTF-8\">(83) 3578-7351<\/a><\/li>\n<li>Dist\u00e2ncia para o Nord a p\u00e9: 120m (2 minutos)<\/li>\n<li>De carro: 1,6 km (6 minutos)<\/li>\n<\/ul>\n<hr \/>\n<p><strong>Smart hotel <\/strong><span class=\"ticon ticon-star\" aria-hidden=\"true\" style=\"color:F9D507;color:F9D507;font-size:16px;\"><\/span><span class=\"ticon ticon-star\" aria-hidden=\"true\" style=\"color:F9D507;color:F9D507;font-size:16px;\"><\/span><span class=\"ticon ticon-star\" aria-hidden=\"true\" style=\"color:F9D507;color:F9D507;font-size:16px;\"><\/span>\n<ul>\n<li>Av. Nossa Senhora dos Navegantes, 602 Terreo, Tamba\u00fa, Jo\u00e3o Pessoa, CEP 58039111, Brasil<\/li>\n<li>Telefone: <a href=\"https:\/\/www.google.com\/search?q=smart+hotel+joao+pessoa&amp;oq=smart+hotel+joao+pessoa&amp;gs_lcrp=EgZjaHJvbWUqDAgAEAAYDRjjAhiABDIMCAAQABgNGOMCGIAEMhgIARAuGA0YrwEYxwEYgAQYjgUYmAUYmQUyBggCEEUYQDIJCAMQABgNGIAEMgoIBBAAGIAEGKIEMgoIBRAAGIAEGKIEMgoIBhAAGIAEGKIE0gEINDA0M2owajmoAgCwAgE&amp;sourceid=chrome&amp;ie=UTF-8\">(83) 3204-0554<\/a><\/li>\n<li>Site: <a href=\"https:\/\/www.hotelsmart.com.br\/\">https:\/\/www.hotelsmart.com.br\/<\/a><\/li>\n<li>Dist\u00e2ncia para o Nord Tamba\u00fa a p\u00e9: 350m (4 minutos)<\/li>\n<li>De carro: 1,1km (4 minutos)<\/li>\n<\/ul>\n<hr \/>\n<p><strong>N\u00f3bile Su\u00edtes Tamba\u00fa<\/strong>\u00a0<span class=\"ticon ticon-star\" aria-hidden=\"true\" style=\"color:F9D507;color:F9D507;font-size:16px;\"><\/span><span class=\"ticon ticon-star\" aria-hidden=\"true\" style=\"color:F9D507;color:F9D507;font-size:16px;\"><\/span><span class=\"ticon ticon-star\" aria-hidden=\"true\" style=\"color:F9D507;color:F9D507;font-size:16px;\"><\/span><span class=\"ticon ticon-star\" aria-hidden=\"true\" style=\"color:F9D507;color:F9D507;font-size:16px;\"><\/span>\n<ul>\n<li>Av. Almirante Tamandare, 612, Tamba\u00fa, Jo\u00e3o Pessoa, CEP 58039-010, Brasil<\/li>\n<li>Telefone: <strong>\u00a0<\/strong><a href=\"https:\/\/www.google.com\/search?q=n%C3%B3biles+hotel+joao+pessoa&amp;oq=n%C3%B3biles+hotel+joao+pessoa&amp;gs_lcrp=EgZjaHJvbWUyBggAEEUYOTIJCAEQABgNGIAEMgYIAhBFGEAyCQgDEAAYDRiABDIPCAQQLhgNGK8BGMcBGIAEMgkIBRAAGA0YgAQyCQgGEAAYDRiABDIJCAcQABgNGIAE0gEIODAxOGowajmoAgCwAgE&amp;sourceid=chrome&amp;ie=UTF-8\">(83) 3508-7027<\/a><\/li>\n<li>Site: <a href=\"https:\/\/www.nobilehoteis.com.br\/norte-e-nordeste\/paraiba\/joao-pessoa\/nobile-suites-tambau\/\">https:\/\/www.nobilehoteis.com.br\/norte-e-nordeste\/paraiba\/joao-pessoa\/nobile-suites-tambau\/<\/a><\/li>\n<li>Dist\u00e2ncia para o Nord Tamba\u00fa a p\u00e9: 150 m (2 minutos)<\/li>\n<li>De carro: 1,7 km (6 minutos)<\/li>\n<\/ul>\n<hr \/>\n<h3><span style=\"color: #000080;\"><strong>Cabo Branco:<\/strong><\/span><\/h3>\n<p><strong>Ibis Jo\u00e3o Pessoa<\/strong> <span class=\"ticon ticon-star\" aria-hidden=\"true\" style=\"color:F9D507;color:F9D507;font-size:16px;\"><\/span><span class=\"ticon ticon-star\" aria-hidden=\"true\" style=\"color:F9D507;color:F9D507;font-size:16px;\"><\/span><span class=\"ticon ticon-star\" aria-hidden=\"true\" style=\"color:F9D507;color:F9D507;font-size:16px;\"><\/span>\n<ul>\n<li>Avenida Cabo Branco 4350, Jo\u00e3o Pessoa, CEP 58045906, Brasil<\/li>\n<li>Telefone: <strong>\u00a0<\/strong><a href=\"https:\/\/www.google.com\/search?q=ibis+joao+pessoa&amp;oq=ibis+joao+pessoa&amp;gs_lcrp=EgZjaHJvbWUqDwgAEAAYQxjjAhiABBiKBTIPCAAQABhDGOMCGIAEGIoFMh4IARAuGEMYrwEYxwEYgAQYigUYjgUYmAUYmQUYngUyDAgCEAAYQxiABBiKBTIbCAMQLhhDGK8BGMcBGIAEGIoFGJgFGJkFGJ4FMg0IBBAAGIMBGLEDGIAEMgYIBRBFGDwyBggGEEUYPDIGCAcQRRg90gEIMzU2MWowajmoAgCwAgE&amp;sourceid=chrome&amp;ie=UTF-8\">(83) 2108-9200<\/a><\/li>\n<li>Dist\u00e2ncia para o Nord Tamba\u00fa de carro: 3,9 km (9 minutos)<\/li>\n<\/ul>\n<hr \/>\n<h3><span style=\"color: #000080;\"><strong>Mana\u00edra:<\/strong><\/span><strong>\u00a0<\/strong><\/h3>\n<p><strong>A Oca Hostel Bar<\/strong><\/p>\n<ul>\n<li>\u00a0120, Avenida Cajazeiras, Manaira, Jo\u00e3o Pessoa, CEP 58038-040, Brasil<\/li>\n<li>Telefone: <strong>\u00a0<\/strong><a href=\"https:\/\/www.google.com\/search?q=oca+hostel+joao+pessoa&amp;oq=oca+hostel+joao+pessoa&amp;gs_lcrp=EgZjaHJvbWUqCggAEAAY4wIYgAQyCggAEAAY4wIYgAQyEwgBEC4YrwEYxwEYgAQYjgUYmAUyCggCEAAYgAQYogQyCggDEAAYgAQYogQyCggEEAAYgAQYogTSAQgyOTU1ajBqOagCALACAQ&amp;sourceid=chrome&amp;ie=UTF-8\">(83) 98233-8645<\/a><\/li>\n<li>Site: https:\/\/www.aocahostelbar.com.br\/<\/li>\n<li>Dist\u00e2ncia para o Nord Tamba\u00fa de carro: 1,6 km (6 minutos)<\/li>\n<li>A p\u00e9: 450,m (6 minutos)<\/li>\n<\/ul>\n[\/vc_column_text][\/vc_column][\/vc_row]\n<\/div>","protected":false},"excerpt":{"rendered":"<p>[vc_row][vc_column][vc_column_text css=&#8221;&#8221;] Hotel Nord Luxxor Tamba\u00fa\u00a0 Telefone da central de reservas (83)3022 3900 Falar com Isabela. Reservas: atrav\u00e9s da Central de Reservas informando que \u00e9 participante da IV Jornada. Di\u00e1ria Single Standard: R$ 449,00 + 5% Di\u00e1ria Duplo Standard: R$ 549,00 + 5% Di\u00e1ria Triple Standard: R$ 689,00 + 5% Servi\u00e7os inclusos na di\u00e1ria: Caf\u00e9&hellip;<\/p>\n","protected":false},"author":1,"featured_media":0,"parent":378,"menu_order":0,"comment_status":"closed","ping_status":"closed","template":"templates\/no-sidebar.php","meta":{"footnotes":""},"class_list":["post-735","page","type-page","status-publish","hentry","entry","no-media"],"_links":{"self":[{"href":"https:\/\/ebp.org.br\/nordeste\/jornadas\/2024\/wp-json\/wp\/v2\/pages\/735","targetHints":{"allow":["GET"]}}],"collection":[{"href":"https:\/\/ebp.org.br\/nordeste\/jornadas\/2024\/wp-json\/wp\/v2\/pages"}],"about":[{"href":"https:\/\/ebp.org.br\/nordeste\/jornadas\/2024\/wp-json\/wp\/v2\/types\/page"}],"author":[{"embeddable":true,"href":"https:\/\/ebp.org.br\/nordeste\/jornadas\/2024\/wp-json\/wp\/v2\/users\/1"}],"replies":[{"embeddable":true,"href":"https:\/\/ebp.org.br\/nordeste\/jornadas\/2024\/wp-json\/wp\/v2\/comments?post=735"}],"version-history":[{"count":1,"href":"https:\/\/ebp.org.br\/nordeste\/jornadas\/2024\/wp-json\/wp\/v2\/pages\/735\/revisions"}],"predecessor-version":[{"id":736,"href":"https:\/\/ebp.org.br\/nordeste\/jornadas\/2024\/wp-json\/wp\/v2\/pages\/735\/revisions\/736"}],"up":[{"embeddable":true,"href":"https:\/\/ebp.org.br\/nordeste\/jornadas\/2024\/wp-json\/wp\/v2\/pages\/378"}],"wp:attachment":[{"href":"https:\/\/ebp.org.br\/nordeste\/jornadas\/2024\/wp-json\/wp\/v2\/media?parent=735"}],"curies":[{"name":"wp","href":"https:\/\/api.w.org\/{rel}","templated":true}]}}