{"id":545,"date":"2024-08-15T08:02:23","date_gmt":"2024-08-15T11:02:23","guid":{"rendered":"https:\/\/ebp.org.br\/nordeste\/jornadas\/2024\/?page_id=545"},"modified":"2024-08-15T08:02:23","modified_gmt":"2024-08-15T11:02:23","slug":"eixo-3-a-pratica-analitica-nos-territorios","status":"publish","type":"page","link":"https:\/\/ebp.org.br\/nordeste\/jornadas\/2024\/a-jornada\/eixo-3-a-pratica-analitica-nos-territorios\/","title":{"rendered":"Eixo 3: A pr\u00e1tica anal\u00edtica nos territ\u00f3rios"},"content":{"rendered":"<div class=\"wpb-content-wrapper\">[vc_row][vc_column][vc_column_text css=&#8221;&#8221;]\n<h3 class=\"m_508901163759195116elementtoproof\"><b>Conclusi\u00f3n del PIPOL V<\/b><\/h3>\n<h5 class=\"m_508901163759195116elementtoproof\">Jacques-Alain Miller<u><\/u><u><\/u><\/h5>\n<hr \/>\n<p class=\"m_508901163759195116elementtoproof\">NOTA DOBRE O TEXTO:<u><\/u><u><\/u><\/p>\n<p class=\"m_508901163759195116elementtoproof\">Confer\u00eancia proferida no Encerramento do Pipol V, que serviu de Argumento ao VI ENAPOL, realizado em 2013, que teve como t\u00edtulo\u00a0<i>Falar com o corpo<\/i>.<\/p>\n[\/vc_column_text]<div class=\"vcex-spacing wpex-w-100 wpex-clear\"><\/div><a href=\"http:\/\/enapol.com\/vi\/wp-content\/uploads\/sites\/8\/2021\/08\/013.pdf\" class=\"vcex-button theme-button align-left inline\" target=\"_blank\" rel=\"noopener noreferrer\"><span class=\"vcex-button-inner theme-button-inner\">BAIXAR PDF<span class=\"vcex-button-icon vcex-icon-wrap theme-button-icon-right\"><span class=\"ticon ticon-file-pdf-o\" aria-hidden=\"true\"><\/span><\/span><\/span><\/a> [\/vc_column][\/vc_row][vc_row][vc_column]<div class=\"vcex-spacing wpex-w-100 wpex-clear\"><\/div><div class=\"vcex-module vcex-divider vcex-divider-solid vcex-divider-center wpex-mx-auto wpex-block wpex-h-0 wpex-border-b wpex-border-solid wpex-border-main\" style=\"border-color:var(--wpex-accent);\"><\/div><div class=\"vcex-spacing wpex-w-100 wpex-clear\"><\/div>[\/vc_column][\/vc_row][vc_row][vc_column][vc_column_text css=&#8221;&#8221;]\n<h3 class=\"m_508901163759195116elementtoproof\"><b>O del\u00edrio da normalidade<\/b><\/h3>\n<h5 class=\"m_508901163759195116elementtoproof\">Eric Laurent<u><\/u><u><\/u><\/h5>\n<hr \/>\n<p class=\"m_508901163759195116elementtoproof\">NOTA SOBRE O TEXTO:<\/p>\n<p class=\"m_508901163759195116elementtoproof\">Confer\u00eancia proferida no contexto da manh\u00e3 preparat\u00f3ria do XVII Encontro Brasileiro do Campo Freudiano &#8211;\u00a0<i>Psican\u00e1lise e felicidade: sintoma, efeitos terap\u00eauticos e algo mais &#8211;<\/i>\u00a0dedicada ao tema \u201cO campo da Sa\u00fade Mental\u201d, realizada no Rio de Janeiro em 21 de novembro de 2008. Tradu\u00e7\u00e3o consecutiva: Marcus Andr\u00e9 Vieira e Romildo do R\u00eago Barros.<\/p>\n[\/vc_column_text]<div class=\"vcex-spacing wpex-w-100 wpex-clear\"><\/div><a href=\"https:\/\/revistaderivasanaliticas.com.br\/index.php\/delirio-da-normalidade\" class=\"vcex-button theme-button align-left inline\" target=\"_blank\" rel=\"noopener noreferrer\"><span class=\"vcex-button-inner theme-button-inner\">BAIXAR PDF<span class=\"vcex-button-icon vcex-icon-wrap theme-button-icon-right\"><span class=\"ticon ticon-file-pdf-o\" aria-hidden=\"true\"><\/span><\/span><\/span><\/a> [\/vc_column][\/vc_row][vc_row][vc_column]<div class=\"vcex-spacing wpex-w-100 wpex-clear\"><\/div><div class=\"vcex-module vcex-divider vcex-divider-solid vcex-divider-center wpex-mx-auto wpex-block wpex-h-0 wpex-border-b wpex-border-solid wpex-border-main\" style=\"border-color:var(--wpex-accent);\"><\/div><div class=\"vcex-spacing wpex-w-100 wpex-clear\"><\/div>[\/vc_column][\/vc_row]\n<\/div>","protected":false},"excerpt":{"rendered":"<p>[vc_row][vc_column][vc_column_text css=&#8221;&#8221;] Conclusi\u00f3n del PIPOL V Jacques-Alain Miller NOTA DOBRE O TEXTO: Confer\u00eancia proferida no Encerramento do Pipol V, que serviu de Argumento ao VI ENAPOL, realizado em 2013, que teve como t\u00edtulo\u00a0Falar com o corpo. [\/vc_column_text][\/vc_column][\/vc_row][vc_row][vc_column][\/vc_column][\/vc_row][vc_row][vc_column][vc_column_text css=&#8221;&#8221;] O del\u00edrio da normalidade Eric Laurent NOTA SOBRE O TEXTO: Confer\u00eancia proferida no contexto da manh\u00e3 preparat\u00f3ria&hellip;<\/p>\n","protected":false},"author":1,"featured_media":0,"parent":372,"menu_order":0,"comment_status":"closed","ping_status":"closed","template":"templates\/no-sidebar.php","meta":{"footnotes":""},"class_list":["post-545","page","type-page","status-publish","hentry","entry","no-media"],"_links":{"self":[{"href":"https:\/\/ebp.org.br\/nordeste\/jornadas\/2024\/wp-json\/wp\/v2\/pages\/545","targetHints":{"allow":["GET"]}}],"collection":[{"href":"https:\/\/ebp.org.br\/nordeste\/jornadas\/2024\/wp-json\/wp\/v2\/pages"}],"about":[{"href":"https:\/\/ebp.org.br\/nordeste\/jornadas\/2024\/wp-json\/wp\/v2\/types\/page"}],"author":[{"embeddable":true,"href":"https:\/\/ebp.org.br\/nordeste\/jornadas\/2024\/wp-json\/wp\/v2\/users\/1"}],"replies":[{"embeddable":true,"href":"https:\/\/ebp.org.br\/nordeste\/jornadas\/2024\/wp-json\/wp\/v2\/comments?post=545"}],"version-history":[{"count":1,"href":"https:\/\/ebp.org.br\/nordeste\/jornadas\/2024\/wp-json\/wp\/v2\/pages\/545\/revisions"}],"predecessor-version":[{"id":546,"href":"https:\/\/ebp.org.br\/nordeste\/jornadas\/2024\/wp-json\/wp\/v2\/pages\/545\/revisions\/546"}],"up":[{"embeddable":true,"href":"https:\/\/ebp.org.br\/nordeste\/jornadas\/2024\/wp-json\/wp\/v2\/pages\/372"}],"wp:attachment":[{"href":"https:\/\/ebp.org.br\/nordeste\/jornadas\/2024\/wp-json\/wp\/v2\/media?parent=545"}],"curies":[{"name":"wp","href":"https:\/\/api.w.org\/{rel}","templated":true}]}}

Eixo 3: A prática analítica nos territórios

<div class="wpb-content-wrapper">[vc_row][vc_column][vc_column_text css=&#8221;&#8221;]
<h3 class="m_508901163759195116elementtoproof"><b>Conclusión del PIPOL V</b></h3>
<h5 class="m_508901163759195116elementtoproof">Jacques-Alain Miller<u></u><u></u></h5>
<hr />
<p class="m_508901163759195116elementtoproof">NOTA DOBRE O TEXTO:<u></u><u></u></p>
<p class="m_508901163759195116elementtoproof">Conferência proferida no Encerramento do Pipol V, que serviu de Argumento ao VI ENAPOL, realizado em 2013, que teve como título <i>Falar com o corpo</i>.</p>
[/vc_column_text]<div class="vcex-spacing wpex-w-100 wpex-clear"></div><a href="http://enapol.com/vi/wp-content/uploads/sites/8/2021/08/013.pdf" class="vcex-button theme-button align-left inline" target="_blank" rel="noopener noreferrer"><span class="vcex-button-inner theme-button-inner">BAIXAR PDF<span class="vcex-button-icon vcex-icon-wrap theme-button-icon-right"><span class="ticon ticon-file-pdf-o" aria-hidden="true"></span></span></span></a> [/vc_column][/vc_row][vc_row][vc_column]<div class="vcex-spacing wpex-w-100 wpex-clear"></div><div class="vcex-module vcex-divider vcex-divider-solid vcex-divider-center wpex-mx-auto wpex-block wpex-h-0 wpex-border-b wpex-border-solid wpex-border-main" style="border-color:var(--wpex-accent);"></div><div class="vcex-spacing wpex-w-100 wpex-clear"></div>[/vc_column][/vc_row][vc_row][vc_column][vc_column_text css=&#8221;&#8221;]
<h3 class="m_508901163759195116elementtoproof"><b>O delírio da normalidade</b></h3>
<h5 class="m_508901163759195116elementtoproof">Eric Laurent<u></u><u></u></h5>
<hr />
<p class="m_508901163759195116elementtoproof">NOTA SOBRE O TEXTO:</p>
<p class="m_508901163759195116elementtoproof">Conferência proferida no contexto da manhã preparatória do XVII Encontro Brasileiro do Campo Freudiano &#8211; <i>Psicanálise e felicidade: sintoma, efeitos terapêuticos e algo mais &#8211;</i> dedicada ao tema “O campo da Saúde Mental”, realizada no Rio de Janeiro em 21 de novembro de 2008. Tradução consecutiva: Marcus André Vieira e Romildo do Rêgo Barros.</p>
[/vc_column_text]<div class="vcex-spacing wpex-w-100 wpex-clear"></div><a href="https://revistaderivasanaliticas.com.br/index.php/delirio-da-normalidade" class="vcex-button theme-button align-left inline" target="_blank" rel="noopener noreferrer"><span class="vcex-button-inner theme-button-inner">BAIXAR PDF<span class="vcex-button-icon vcex-icon-wrap theme-button-icon-right"><span class="ticon ticon-file-pdf-o" aria-hidden="true"></span></span></span></a> [/vc_column][/vc_row][vc_row][vc_column]<div class="vcex-spacing wpex-w-100 wpex-clear"></div><div class="vcex-module vcex-divider vcex-divider-solid vcex-divider-center wpex-mx-auto wpex-block wpex-h-0 wpex-border-b wpex-border-solid wpex-border-main" style="border-color:var(--wpex-accent);"></div><div class="vcex-spacing wpex-w-100 wpex-clear"></div>[/vc_column][/vc_row]
</div>

<p>[vc_row][vc_column][vc_column_text css=&#8221;&#8221;] Conclusión del PIPOL V Jacques-Alain Miller NOTA DOBRE O TEXTO: Conferência proferida no Encerramento do Pipol V, que serviu de Argumento ao VI ENAPOL, realizado em 2013, que teve como título Falar com o corpo. [/vc_column_text][/vc_column][/vc_row][vc_row][vc_column][/vc_column][/vc_row][vc_row][vc_column][vc_column_text css=&#8221;&#8221;] O delírio da normalidade Eric Laurent NOTA SOBRE O TEXTO: Conferência proferida no contexto da manhã preparatória&hellip;</p>
