{"id":532,"date":"2024-08-05T13:22:32","date_gmt":"2024-08-05T16:22:32","guid":{"rendered":"https:\/\/ebp.org.br\/nordeste\/jornadas\/2024\/?page_id=532"},"modified":"2024-12-22T11:25:32","modified_gmt":"2024-12-22T14:25:32","slug":"podcast_sonar","status":"publish","type":"page","link":"https:\/\/ebp.org.br\/nordeste\/jornadas\/2024\/podcast_sonar\/","title":{"rendered":"Podcast Sonar"},"content":{"rendered":"<h3 class=\"sc-dnxBXz hbAYBv\">Sonar: frequ\u00eancias anal\u00edticas IV Jornada Se\u00e7\u00e3o Nordeste Respons\u00e1veis: Anderson Barbosa e Suele Conde<\/h3>\n<p>Sonar, do ingl\u00eas Sound navigation and ranging, instrumento usado inicialmente para localiza\u00e7\u00e3o de submarinos e que atualmente serve \u00e0 pesquisa e estudos dos oceanos, navega\u00e7\u00e3o e pesca. Funciona como um radar, mas que emite pulsos sonoros ao inv\u00e9s de ondas de r\u00e1dio. A propaga\u00e7\u00e3o do som na \u00e1gua. Oscar Masotta diz que,\u201d A mulher \u00e9 mais rec\u00f4ndita que o caminho por onde na \u00e1gua passa o peixe\u201d. Imposs\u00edvel encontrar esse caminho, pois n\u00e3o h\u00e1 rastros. Se o psicanalista persegue esse caminho poder\u00e1 naufragar. Por qual radar se guia o psicanalista em dire\u00e7\u00e3o ao Real?<\/p>\n<hr \/>\n<p><iframe title=\"Spotify Embed: Acontecimento jornada.\" style=\"border-radius: 12px\" width=\"100%\" height=\"152\"  allowfullscreen allow=\"autoplay; clipboard-write; encrypted-media; fullscreen; picture-in-picture\" loading=\"lazy\" src=\"https:\/\/open.spotify.com\/embed\/episode\/0npNTxLvp7iEbdjG5tXpAN?utm_source=oembed\"><\/iframe><\/p>\n<hr \/>\n<p><iframe title=\"Spotify Embed: O real que toca cada um no encontro com a palavra.\" style=\"border-radius: 12px\" width=\"100%\" height=\"152\"  allowfullscreen allow=\"autoplay; clipboard-write; encrypted-media; fullscreen; picture-in-picture\" loading=\"lazy\" src=\"https:\/\/open.spotify.com\/embed\/episode\/52xAQiunRcN5ztg2CdK0Tw?utm_source=oembed\"><\/iframe><\/p>\n<hr \/>\n<p><iframe title=\"Spotify Embed: H\u00e1 lugar para o discurso do analista nas institui\u00e7\u00f5es?\" style=\"border-radius: 12px\" width=\"100%\" height=\"152\"  allowfullscreen allow=\"autoplay; clipboard-write; encrypted-media; fullscreen; picture-in-picture\" loading=\"lazy\" src=\"https:\/\/open.spotify.com\/embed\/episode\/4Fy6k0FsxkZgsPuS78HStV?utm_source=oembed\"><\/iframe><\/p>\n<hr \/>\n<p><iframe title=\"Spotify Embed: Presen\u00e7a do analista, urg\u00eancias subjetivas.\" style=\"border-radius: 12px\" width=\"100%\" height=\"152\"  allowfullscreen allow=\"autoplay; clipboard-write; encrypted-media; fullscreen; picture-in-picture\" loading=\"lazy\" src=\"https:\/\/open.spotify.com\/embed\/episode\/5Ls0A9LjgygaXAodIdIp0X?utm_source=oembed\"><\/iframe><\/p>\n<hr \/>\n<p><iframe title=\"Spotify Embed: H\u00e1 lugar para as coisas do amor na contemporaneidade?\" style=\"border-radius: 12px\" width=\"100%\" height=\"152\"  allowfullscreen allow=\"autoplay; clipboard-write; encrypted-media; fullscreen; picture-in-picture\" loading=\"lazy\" src=\"https:\/\/open.spotify.com\/embed\/episode\/5X1UXKhUMIdav113ikPLv7?utm_source=oembed\"><\/iframe><\/p>\n<hr \/>\n<p><iframe title=\"Spotify Embed: Ci\u00eancia e Capitalismo. Que real para a psican\u00e1lise?\" style=\"border-radius: 12px\" width=\"100%\" height=\"152\"  allowfullscreen allow=\"autoplay; clipboard-write; encrypted-media; fullscreen; picture-in-picture\" loading=\"lazy\" src=\"https:\/\/open.spotify.com\/embed\/episode\/0sTRqqxvUt674WPi0B3X6z?utm_source=oembed\"><\/iframe><\/p>\n<hr \/>\n<p><iframe title=\"Spotify Embed: Conting\u00eancias lacanianas, rastros e restos de fala\" style=\"border-radius: 12px\" width=\"100%\" height=\"152\"  allowfullscreen allow=\"autoplay; clipboard-write; encrypted-media; fullscreen; picture-in-picture\" loading=\"lazy\" src=\"https:\/\/open.spotify.com\/embed\/episode\/0qpZ6yryCepHgvxXaCpOC9?utm_source=oembed\"><\/iframe><\/p>\n","protected":false},"excerpt":{"rendered":"<p>Sonar: frequ\u00eancias anal\u00edticas IV Jornada Se\u00e7\u00e3o Nordeste Respons\u00e1veis: Anderson Barbosa e Suele Conde Sonar, do ingl\u00eas Sound navigation and ranging, instrumento usado inicialmente para localiza\u00e7\u00e3o de submarinos e que atualmente serve \u00e0 pesquisa e estudos dos oceanos, navega\u00e7\u00e3o e pesca. Funciona como um radar, mas que emite pulsos sonoros ao inv\u00e9s de ondas de r\u00e1dio.&hellip;<\/p>\n","protected":false},"author":1,"featured_media":0,"parent":0,"menu_order":0,"comment_status":"closed","ping_status":"closed","template":"","meta":{"footnotes":""},"class_list":["post-532","page","type-page","status-publish","hentry","entry","no-media"],"_links":{"self":[{"href":"https:\/\/ebp.org.br\/nordeste\/jornadas\/2024\/wp-json\/wp\/v2\/pages\/532","targetHints":{"allow":["GET"]}}],"collection":[{"href":"https:\/\/ebp.org.br\/nordeste\/jornadas\/2024\/wp-json\/wp\/v2\/pages"}],"about":[{"href":"https:\/\/ebp.org.br\/nordeste\/jornadas\/2024\/wp-json\/wp\/v2\/types\/page"}],"author":[{"embeddable":true,"href":"https:\/\/ebp.org.br\/nordeste\/jornadas\/2024\/wp-json\/wp\/v2\/users\/1"}],"replies":[{"embeddable":true,"href":"https:\/\/ebp.org.br\/nordeste\/jornadas\/2024\/wp-json\/wp\/v2\/comments?post=532"}],"version-history":[{"count":12,"href":"https:\/\/ebp.org.br\/nordeste\/jornadas\/2024\/wp-json\/wp\/v2\/pages\/532\/revisions"}],"predecessor-version":[{"id":751,"href":"https:\/\/ebp.org.br\/nordeste\/jornadas\/2024\/wp-json\/wp\/v2\/pages\/532\/revisions\/751"}],"wp:attachment":[{"href":"https:\/\/ebp.org.br\/nordeste\/jornadas\/2024\/wp-json\/wp\/v2\/media?parent=532"}],"curies":[{"name":"wp","href":"https:\/\/api.w.org\/{rel}","templated":true}]}}