{"id":384,"date":"2024-07-01T17:19:59","date_gmt":"2024-07-01T20:19:59","guid":{"rendered":"https:\/\/ebp.org.br\/nordeste\/jornadas\/2024\/?page_id=384"},"modified":"2024-07-04T08:52:41","modified_gmt":"2024-07-04T11:52:41","slug":"organizacao","status":"publish","type":"page","link":"https:\/\/ebp.org.br\/nordeste\/jornadas\/2024\/organizacao\/","title":{"rendered":"Organiza\u00e7\u00e3o"},"content":{"rendered":"<div class=\"wpb-content-wrapper\">[vc_row][vc_column][vc_column_text css=&#8221;&#8221;]\n<h3><span style=\"color: #000080;\"><strong>Coordenadora Geral:<\/strong><\/span><\/h3>\n<ul>\n<li>Margarida Assad<\/li>\n<\/ul>\n<hr \/>\n<h3><span style=\"color: #000080;\"><strong>Comiss\u00e3o Cient\u00edfica<\/strong><\/span><\/h3>\n<ul>\n<li>Coordena\u00e7\u00e3o: Cleide Monteiro e Elizabete Siqueira<\/li>\n<li>Bibiana Poggi, Cla\u00fadia Formiga, Glacy Gorski, K\u00e9sia Ramos, Sandra Conrado e Susane Zanotti.<\/li>\n<\/ul>\n<h3><span style=\"color: #000080;\"><strong>Comiss\u00e3o de Refer\u00eancias Bibliogr\u00e1ficas<\/strong><\/span><\/h3>\n<ul>\n<li>Coordena\u00e7\u00e3o: Li\u00e9ge Uchoa e Karynna N\u00f3brega<\/li>\n<li>Anna Luzia Olivieira, Erick Leonardo, Jos\u00e9 Augusto Rocha, Lu\u00edza Domingues, Nelson Matheus, Paulo Carvalho, Raissa N\u00f3brega e Virg\u00ednia Fernandes.<\/li>\n<\/ul>\n<hr \/>\n<h3><span style=\"color: #000080;\"><strong>Comiss\u00e3o Organizadora<\/strong><\/span><\/h3>\n<ul>\n<li>Coordena\u00e7\u00e3o: M\u00aa de Lourdes Arag\u00e3o e V\u00e2nia Ferreira<\/li>\n<li>Ana Elo\u00e1 Cerqueira, Francisco Xavier, Isadora D\u2019andrea, Marina Fragoso, Paulo Medeiros, Romero Ouriques, Socorro Soares, Wilson Lima e Zaeth Nascimento.<\/li>\n<\/ul>\n<hr \/>\n<h3><span style=\"color: #000080;\"><strong>Comiss\u00e3o de Secretaria e Tesouraria<\/strong><\/span><\/h3>\n<ul>\n<li>Coordena\u00e7\u00e3o: Anamaria Vasconcelos<\/li>\n<li>Is\u00eds Maur\u00edcio e Socorro Soares<\/li>\n<\/ul>\n<hr \/>\n<h3><span style=\"color: #000080;\"><strong>Comiss\u00e3o de Livraria<\/strong><\/span><\/h3>\n<ul>\n<li>Coordenadoras: L\u00eddia Pessoa e Rosa Reis<\/li>\n<li>Antonio Euniz\u00e9 de Oliveira, Jos\u00e9 Ronaldo de Paulo, Larissa Souto Maior, M\u00aa Ver\u00f4nica da Silva, Marina Cursino, Rosa Feitosa e\u00a0 Rosemarie Mooneyhan.<\/li>\n<\/ul>\n<hr \/>\n<h3><span style=\"color: #000080;\"><strong>Comiss\u00e3o de Divulga\u00e7\u00e3o<\/strong><\/span><\/h3>\n<ul>\n<li>Coordena\u00e7\u00e3o: Cassandra Dias e Francisco Santos<\/li>\n<li>Anderson Barbosa, Jos\u00e9 Ronaldo de Paulo, Pauleska N\u00f3brega, Severino Bernardino Neto, Suele Conde, Tatiana Schefer.<\/li>\n<\/ul>\n[\/vc_column_text][\/vc_column][\/vc_row]\n<\/div>","protected":false},"excerpt":{"rendered":"<p>[vc_row][vc_column][vc_column_text css=&#8221;&#8221;] Coordenadora Geral: Margarida Assad Comiss\u00e3o Cient\u00edfica Coordena\u00e7\u00e3o: Cleide Monteiro e Elizabete Siqueira Bibiana Poggi, Cla\u00fadia Formiga, Glacy Gorski, K\u00e9sia Ramos, Sandra Conrado e Susane Zanotti. Comiss\u00e3o de Refer\u00eancias Bibliogr\u00e1ficas Coordena\u00e7\u00e3o: Li\u00e9ge Uchoa e Karynna N\u00f3brega Anna Luzia Olivieira, Erick Leonardo, Jos\u00e9 Augusto Rocha, Lu\u00edza Domingues, Nelson Matheus, Paulo Carvalho, Raissa N\u00f3brega e Virg\u00ednia&hellip;<\/p>\n","protected":false},"author":1,"featured_media":0,"parent":0,"menu_order":0,"comment_status":"closed","ping_status":"closed","template":"templates\/no-sidebar.php","meta":{"footnotes":""},"class_list":["post-384","page","type-page","status-publish","hentry","entry","no-media"],"_links":{"self":[{"href":"https:\/\/ebp.org.br\/nordeste\/jornadas\/2024\/wp-json\/wp\/v2\/pages\/384","targetHints":{"allow":["GET"]}}],"collection":[{"href":"https:\/\/ebp.org.br\/nordeste\/jornadas\/2024\/wp-json\/wp\/v2\/pages"}],"about":[{"href":"https:\/\/ebp.org.br\/nordeste\/jornadas\/2024\/wp-json\/wp\/v2\/types\/page"}],"author":[{"embeddable":true,"href":"https:\/\/ebp.org.br\/nordeste\/jornadas\/2024\/wp-json\/wp\/v2\/users\/1"}],"replies":[{"embeddable":true,"href":"https:\/\/ebp.org.br\/nordeste\/jornadas\/2024\/wp-json\/wp\/v2\/comments?post=384"}],"version-history":[{"count":4,"href":"https:\/\/ebp.org.br\/nordeste\/jornadas\/2024\/wp-json\/wp\/v2\/pages\/384\/revisions"}],"predecessor-version":[{"id":437,"href":"https:\/\/ebp.org.br\/nordeste\/jornadas\/2024\/wp-json\/wp\/v2\/pages\/384\/revisions\/437"}],"wp:attachment":[{"href":"https:\/\/ebp.org.br\/nordeste\/jornadas\/2024\/wp-json\/wp\/v2\/media?parent=384"}],"curies":[{"name":"wp","href":"https:\/\/api.w.org\/{rel}","templated":true}]}}