{"id":57519,"date":"2023-08-01T07:27:12","date_gmt":"2023-08-01T10:27:12","guid":{"rendered":"https:\/\/ebp.org.br\/nordeste\/jornadas\/2023\/?page_id=57519"},"modified":"2023-08-18T12:14:36","modified_gmt":"2023-08-18T15:14:36","slug":"organizacao","status":"publish","type":"page","link":"https:\/\/ebp.org.br\/nordeste\/jornadas\/2023\/organizacao\/","title":{"rendered":"Organiza\u00e7\u00e3o"},"content":{"rendered":"<div class=\"wpb-content-wrapper\"><p>[vc_row][vc_column]<div id=\"ultimate-heading-877169f5b4deea9d8\" class=\"uvc-heading ult-adjust-bottom-margin ultimate-heading-877169f5b4deea9d8 uvc-4840  uvc-heading-default-font-sizes\" data-hspacer=\"line_only\"  data-halign=\"left\" style=\"text-align:left\"><div class=\"uvc-main-heading ult-responsive\"  data-ultimate-target='.uvc-heading.ultimate-heading-877169f5b4deea9d8 h2'  data-responsive-json-new='{\"font-size\":\"\",\"line-height\":\"\"}' ><h2 style=\"--font-weight:theme;\">Organiza\u00e7\u00e3o<\/h2><\/div><div class=\"uvc-heading-spacer line_only\" style=\"topheight:1px;\"><span class=\"uvc-headings-line\" style=\"border-style:solid;border-bottom-width:1px;border-color:#8e0c0f;width:50px;\"><\/span><\/div><\/div>[\/vc_column][\/vc_row][vc_row][vc_column][vc_empty_space height=&#8221;50px&#8221;][vc_column_text]<\/p>\n<h3><strong><span style=\"color: #993300;\">Coordenadora Geral da III Jornada<\/span> <\/strong><\/h3>\n<ul>\n<li><strong>Cl\u00e1udia Formiga<\/strong><\/li>\n<\/ul>\n<h3><span style=\"color: #993300;\"><strong>Comiss\u00f5es:<\/strong><\/span><\/h3>\n<p><span style=\"color: #993300;\"><strong>Cient\u00edfica<\/strong><\/span><\/p>\n<ul>\n<li><strong>Eliane Batista e Susane Zanotti<\/strong> (coordenadoras)<\/li>\n<li>Gisella Lopes<\/li>\n<li>L\u00eddia Alencar<\/li>\n<li>Rosa Feitosa<\/li>\n<li>Rosa Reis<\/li>\n<li>S\u00edlvia Farias<\/li>\n<li>V\u00e2nia Ferreira<\/li>\n<\/ul>\n<p><span style=\"color: #993300;\"><strong>Refer\u00eancias Bibliogr\u00e1ficas<\/strong><\/span><\/p>\n<ul>\n<li><strong>Bibiana Poggi<\/strong> (coordenadora)<\/li>\n<li>Cynthia Medeiros<\/li>\n<li>Juliana Castro<\/li>\n<li>K\u00e9sia Ramos<\/li>\n<li>Roberta Gusm\u00e3o<\/li>\n<li>Suele Conde<\/li>\n<li>Zaeth Nascimento<\/li>\n<\/ul>\n<p><span style=\"color: #993300;\"><strong>M\u00eddias e Divulga\u00e7\u00e3o<\/strong><\/span><\/p>\n<ul>\n<li><strong>Karynna N\u00f3brega <\/strong>(coordenadora)<\/li>\n<li>Jos\u00e9 Augusto Rocha<\/li>\n<li>Jos\u00e9 Ronaldo de Paulo<\/li>\n<li>Marina Fragoso<\/li>\n<li>Pauleska N\u00f3brega<\/li>\n<li>Tatiana Scheffer<\/li>\n<li>Severino Bernardino<\/li>\n<\/ul>\n<p><span style=\"color: #993300;\"><strong>Acolhimento e Infraestrutura<\/strong><\/span><\/p>\n<ul>\n<li><strong>Socorro Soares<\/strong> (coordenadora)<\/li>\n<li>Ana Paula Mota<\/li>\n<li>Carolina Queiroz<\/li>\n<li>Larissa Souto<\/li>\n<\/ul>\n<p><span style=\"color: #993300;\"><strong>Secretaria e Finan\u00e7as<\/strong><\/span><\/p>\n<ul>\n<li><strong>Anamaria Vasconcelos<\/strong> (coordenadora)<\/li>\n<li>Rog\u00e9rio Tomaz<\/li>\n<li>Susana Leite<\/li>\n<li>Viviane Lafayete<\/li>\n<\/ul>\n<p><span style=\"color: #993300;\"><strong>Diretoria da Se\u00e7\u00e3o Nordeste da Escola Brasileira de Psican\u00e1lise<\/strong><\/span><\/p>\n<ul>\n<li><strong>Cassandra Dias<\/strong> (diretora geral), <strong>Anamaria Vasconcelos<\/strong> (diretora de secretaria e tesouraria), <strong>Li\u00e8ge Uch\u00f4a<\/strong> (diretora de cart\u00e9is e Interc\u00e2mbios) e<strong> Cleide Monteiro<\/strong> (diretora de biblioteca)<\/li>\n<\/ul>\n<p>[\/vc_column_text][\/vc_column][\/vc_row]<\/p>\n<\/div>","protected":false},"excerpt":{"rendered":"<p>[vc_row][vc_column][\/vc_column][\/vc_row][vc_row][vc_column][vc_empty_space height=&#8221;50px&#8221;][vc_column_text] Coordenadora Geral da III Jornada Cl\u00e1udia Formiga Comiss\u00f5es: Cient\u00edfica Eliane Batista e Susane Zanotti (coordenadoras) Gisella Lopes L\u00eddia Alencar Rosa Feitosa Rosa Reis S\u00edlvia Farias V\u00e2nia Ferreira Refer\u00eancias Bibliogr\u00e1ficas Bibiana Poggi (coordenadora) Cynthia Medeiros Juliana Castro K\u00e9sia Ramos Roberta Gusm\u00e3o Suele Conde Zaeth Nascimento M\u00eddias e Divulga\u00e7\u00e3o Karynna N\u00f3brega (coordenadora) Jos\u00e9 Augusto Rocha&hellip;<\/p>\n","protected":false},"author":1,"featured_media":0,"parent":0,"menu_order":0,"comment_status":"closed","ping_status":"closed","template":"","meta":{"footnotes":""},"class_list":["post-57519","page","type-page","status-publish","hentry","description-off"],"_links":{"self":[{"href":"https:\/\/ebp.org.br\/nordeste\/jornadas\/2023\/wp-json\/wp\/v2\/pages\/57519","targetHints":{"allow":["GET"]}}],"collection":[{"href":"https:\/\/ebp.org.br\/nordeste\/jornadas\/2023\/wp-json\/wp\/v2\/pages"}],"about":[{"href":"https:\/\/ebp.org.br\/nordeste\/jornadas\/2023\/wp-json\/wp\/v2\/types\/page"}],"author":[{"embeddable":true,"href":"https:\/\/ebp.org.br\/nordeste\/jornadas\/2023\/wp-json\/wp\/v2\/users\/1"}],"replies":[{"embeddable":true,"href":"https:\/\/ebp.org.br\/nordeste\/jornadas\/2023\/wp-json\/wp\/v2\/comments?post=57519"}],"version-history":[{"count":4,"href":"https:\/\/ebp.org.br\/nordeste\/jornadas\/2023\/wp-json\/wp\/v2\/pages\/57519\/revisions"}],"predecessor-version":[{"id":57674,"href":"https:\/\/ebp.org.br\/nordeste\/jornadas\/2023\/wp-json\/wp\/v2\/pages\/57519\/revisions\/57674"}],"wp:attachment":[{"href":"https:\/\/ebp.org.br\/nordeste\/jornadas\/2023\/wp-json\/wp\/v2\/media?parent=57519"}],"curies":[{"name":"wp","href":"https:\/\/api.w.org\/{rel}","templated":true}]}}

Organização

<div class="wpb-content-wrapper"><p>[vc_row][vc_column]<div id="ultimate-heading-877169f5b4deea9d8" class="uvc-heading ult-adjust-bottom-margin ultimate-heading-877169f5b4deea9d8 uvc-4840  uvc-heading-default-font-sizes" data-hspacer="line_only"  data-halign="left" style="text-align:left"><div class="uvc-main-heading ult-responsive"  data-ultimate-target='.uvc-heading.ultimate-heading-877169f5b4deea9d8 h2'  data-responsive-json-new='{"font-size":"","line-height":""}' ><h2 style="--font-weight:theme;">Organização</h2></div><div class="uvc-heading-spacer line_only" style="topheight:1px;"><span class="uvc-headings-line" style="border-style:solid;border-bottom-width:1px;border-color:#8e0c0f;width:50px;"></span></div></div>[/vc_column][/vc_row][vc_row][vc_column][vc_empty_space height=&#8221;50px&#8221;][vc_column_text]</p>
<h3><strong><span style="color: #993300;">Coordenadora Geral da III Jornada</span> </strong></h3>
<ul>
<li><strong>Cláudia Formiga</strong></li>
</ul>
<h3><span style="color: #993300;"><strong>Comissões:</strong></span></h3>
<p><span style="color: #993300;"><strong>Científica</strong></span></p>
<ul>
<li><strong>Eliane Batista e Susane Zanotti</strong> (coordenadoras)</li>
<li>Gisella Lopes</li>
<li>Lídia Alencar</li>
<li>Rosa Feitosa</li>
<li>Rosa Reis</li>
<li>Sílvia Farias</li>
<li>Vânia Ferreira</li>
</ul>
<p><span style="color: #993300;"><strong>Referências Bibliográficas</strong></span></p>
<ul>
<li><strong>Bibiana Poggi</strong> (coordenadora)</li>
<li>Cynthia Medeiros</li>
<li>Juliana Castro</li>
<li>Késia Ramos</li>
<li>Roberta Gusmão</li>
<li>Suele Conde</li>
<li>Zaeth Nascimento</li>
</ul>
<p><span style="color: #993300;"><strong>Mídias e Divulgação</strong></span></p>
<ul>
<li><strong>Karynna Nóbrega </strong>(coordenadora)</li>
<li>José Augusto Rocha</li>
<li>José Ronaldo de Paulo</li>
<li>Marina Fragoso</li>
<li>Pauleska Nóbrega</li>
<li>Tatiana Scheffer</li>
<li>Severino Bernardino</li>
</ul>
<p><span style="color: #993300;"><strong>Acolhimento e Infraestrutura</strong></span></p>
<ul>
<li><strong>Socorro Soares</strong> (coordenadora)</li>
<li>Ana Paula Mota</li>
<li>Carolina Queiroz</li>
<li>Larissa Souto</li>
</ul>
<p><span style="color: #993300;"><strong>Secretaria e Finanças</strong></span></p>
<ul>
<li><strong>Anamaria Vasconcelos</strong> (coordenadora)</li>
<li>Rogério Tomaz</li>
<li>Susana Leite</li>
<li>Viviane Lafayete</li>
</ul>
<p><span style="color: #993300;"><strong>Diretoria da Seção Nordeste da Escola Brasileira de Psicanálise</strong></span></p>
<ul>
<li><strong>Cassandra Dias</strong> (diretora geral), <strong>Anamaria Vasconcelos</strong> (diretora de secretaria e tesouraria), <strong>Liège Uchôa</strong> (diretora de cartéis e Intercâmbios) e<strong> Cleide Monteiro</strong> (diretora de biblioteca)</li>
</ul>
<p>[/vc_column_text][/vc_column][/vc_row]</p>
</div>

<p>[vc_row][vc_column][/vc_column][/vc_row][vc_row][vc_column][vc_empty_space height=&#8221;50px&#8221;][vc_column_text] Coordenadora Geral da III Jornada Cláudia Formiga Comissões: Científica Eliane Batista e Susane Zanotti (coordenadoras) Gisella Lopes Lídia Alencar Rosa Feitosa Rosa Reis Sílvia Farias Vânia Ferreira Referências Bibliográficas Bibiana Poggi (coordenadora) Cynthia Medeiros Juliana Castro Késia Ramos Roberta Gusmão Suele Conde Zaeth Nascimento Mídias e Divulgação Karynna Nóbrega (coordenadora) José Augusto Rocha&hellip;</p>
