{"id":57513,"date":"2023-08-01T07:26:16","date_gmt":"2023-08-01T10:26:16","guid":{"rendered":"https:\/\/ebp.org.br\/nordeste\/jornadas\/2023\/?page_id=57513"},"modified":"2023-10-25T19:44:13","modified_gmt":"2023-10-25T22:44:13","slug":"atividades-preparatorias","status":"publish","type":"page","link":"https:\/\/ebp.org.br\/nordeste\/jornadas\/2023\/atividades-preparatorias\/","title":{"rendered":"Atividades Preparat\u00f3rias"},"content":{"rendered":"<div class=\"wpb-content-wrapper\"><p>[vc_row][vc_column]<div id=\"ultimate-heading-711169f5b9ea3132b\" class=\"uvc-heading ult-adjust-bottom-margin ultimate-heading-711169f5b9ea3132b uvc-1176  uvc-heading-default-font-sizes\" data-hspacer=\"line_only\"  data-halign=\"left\" style=\"text-align:left\"><div class=\"uvc-main-heading ult-responsive\"  data-ultimate-target='.uvc-heading.ultimate-heading-711169f5b9ea3132b h2'  data-responsive-json-new='{\"font-size\":\"\",\"line-height\":\"\"}' ><h2 style=\"--font-weight:theme;\">Atividades Preparat\u00f3rias<\/h2><\/div><div class=\"uvc-heading-spacer line_only\" style=\"topheight:1px;\"><span class=\"uvc-headings-line\" style=\"border-style:solid;border-bottom-width:1px;border-color:#8e0c0f;width:50px;\"><\/span><\/div><\/div>[\/vc_column][\/vc_row][vc_row][vc_column][vc_empty_space height=&#8221;50px&#8221;][\/vc_column][\/vc_row][vc_row][vc_column width=&#8221;1\/2&#8243;][vc_video link=&#8221;https:\/\/www.youtube.com\/watch?v=iDJ3fbph0N8&#8243;][vc_column_text]<\/p>\n<h6 style=\"text-align: center;\">II Encontro Preparat\u00f3rio para a III jornada EBP &#8211; Se\u00e7\u00e3o Nordeste<\/h6>\n<p>[\/vc_column_text][\/vc_column][vc_column width=&#8221;1\/2&#8243;][vc_single_image image=&#8221;57786&#8243; img_size=&#8221;full&#8221; onclick=&#8221;link_image&#8221;][\/vc_column][\/vc_row][vc_row][vc_column][vc_empty_space height=&#8221;50px&#8221;][\/vc_column][\/vc_row][vc_row][vc_column width=&#8221;1\/2&#8243;][vc_video link=&#8221;https:\/\/www.youtube.com\/watch?v=68O_4XQCvVA&#8221;][vc_column_text]<\/p>\n<h6 style=\"text-align: center;\">II Encontro Preparat\u00f3rio para a III jornada EBP &#8211; Se\u00e7\u00e3o Nordeste<\/h6>\n<p>[\/vc_column_text][\/vc_column][vc_column width=&#8221;1\/2&#8243;][vc_single_image image=&#8221;57707&#8243; img_size=&#8221;full&#8221; onclick=&#8221;link_image&#8221;][\/vc_column][\/vc_row][vc_row][vc_column][vc_empty_space height=&#8221;50px&#8221;][\/vc_column][\/vc_row][vc_row][vc_column width=&#8221;1\/2&#8243;][vc_video link=&#8221;https:\/\/www.youtube.com\/watch?v=HsGkOpOK-Is&#8221;][vc_column_text]<\/p>\n<h6 style=\"text-align: center;\">Encontro Preparat\u00f3rio para a III jornada EBP &#8211; Se\u00e7\u00e3o Nordeste<\/h6>\n<p>[\/vc_column_text][\/vc_column][vc_column width=&#8221;1\/2&#8243;][vc_single_image image=&#8221;57668&#8243; img_size=&#8221;full&#8221; onclick=&#8221;link_image&#8221;][\/vc_column][\/vc_row][vc_row][vc_column][vc_empty_space height=&#8221;50px&#8221;][\/vc_column][\/vc_row][vc_row][vc_column width=&#8221;1\/2&#8243;][vc_video link=&#8221;https:\/\/www.youtube.com\/watch?v=4Xa_nsmcLSk&#8221;][vc_column_text]<\/p>\n<h6 style=\"text-align: center;\">Lan\u00e7amento da III Jornada da Se\u00e7\u00e3o Nordeste<\/h6>\n<p>[\/vc_column_text][\/vc_column][vc_column width=&#8221;1\/2&#8243;][vc_single_image image=&#8221;57633&#8243; img_size=&#8221;full&#8221; onclick=&#8221;link_image&#8221;][\/vc_column][\/vc_row]<\/p>\n<\/div>","protected":false},"excerpt":{"rendered":"<p>[vc_row][vc_column][\/vc_column][\/vc_row][vc_row][vc_column][vc_empty_space height=&#8221;50px&#8221;][\/vc_column][\/vc_row][vc_row][vc_column width=&#8221;1\/2&#8243;][vc_video link=&#8221;https:\/\/www.youtube.com\/watch?v=iDJ3fbph0N8&#8243;][vc_column_text] II Encontro Preparat\u00f3rio para a III jornada EBP &#8211; Se\u00e7\u00e3o Nordeste [\/vc_column_text][\/vc_column][vc_column width=&#8221;1\/2&#8243;][vc_single_image image=&#8221;57786&#8243; img_size=&#8221;full&#8221; onclick=&#8221;link_image&#8221;][\/vc_column][\/vc_row][vc_row][vc_column][vc_empty_space height=&#8221;50px&#8221;][\/vc_column][\/vc_row][vc_row][vc_column width=&#8221;1\/2&#8243;][vc_video link=&#8221;https:\/\/www.youtube.com\/watch?v=68O_4XQCvVA&#8221;][vc_column_text] II Encontro Preparat\u00f3rio para a III jornada EBP &#8211; Se\u00e7\u00e3o Nordeste [\/vc_column_text][\/vc_column][vc_column width=&#8221;1\/2&#8243;][vc_single_image image=&#8221;57707&#8243; img_size=&#8221;full&#8221; onclick=&#8221;link_image&#8221;][\/vc_column][\/vc_row][vc_row][vc_column][vc_empty_space height=&#8221;50px&#8221;][\/vc_column][\/vc_row][vc_row][vc_column width=&#8221;1\/2&#8243;][vc_video link=&#8221;https:\/\/www.youtube.com\/watch?v=HsGkOpOK-Is&#8221;][vc_column_text] Encontro Preparat\u00f3rio para a III jornada EBP &#8211; Se\u00e7\u00e3o Nordeste [\/vc_column_text][\/vc_column][vc_column width=&#8221;1\/2&#8243;][vc_single_image image=&#8221;57668&#8243;&hellip;<\/p>\n","protected":false},"author":1,"featured_media":0,"parent":0,"menu_order":0,"comment_status":"closed","ping_status":"closed","template":"","meta":{"footnotes":""},"class_list":["post-57513","page","type-page","status-publish","hentry","description-off"],"_links":{"self":[{"href":"https:\/\/ebp.org.br\/nordeste\/jornadas\/2023\/wp-json\/wp\/v2\/pages\/57513","targetHints":{"allow":["GET"]}}],"collection":[{"href":"https:\/\/ebp.org.br\/nordeste\/jornadas\/2023\/wp-json\/wp\/v2\/pages"}],"about":[{"href":"https:\/\/ebp.org.br\/nordeste\/jornadas\/2023\/wp-json\/wp\/v2\/types\/page"}],"author":[{"embeddable":true,"href":"https:\/\/ebp.org.br\/nordeste\/jornadas\/2023\/wp-json\/wp\/v2\/users\/1"}],"replies":[{"embeddable":true,"href":"https:\/\/ebp.org.br\/nordeste\/jornadas\/2023\/wp-json\/wp\/v2\/comments?post=57513"}],"version-history":[{"count":10,"href":"https:\/\/ebp.org.br\/nordeste\/jornadas\/2023\/wp-json\/wp\/v2\/pages\/57513\/revisions"}],"predecessor-version":[{"id":57793,"href":"https:\/\/ebp.org.br\/nordeste\/jornadas\/2023\/wp-json\/wp\/v2\/pages\/57513\/revisions\/57793"}],"wp:attachment":[{"href":"https:\/\/ebp.org.br\/nordeste\/jornadas\/2023\/wp-json\/wp\/v2\/media?parent=57513"}],"curies":[{"name":"wp","href":"https:\/\/api.w.org\/{rel}","templated":true}]}}

Atividades Preparatórias

<div class="wpb-content-wrapper"><p>[vc_row][vc_column]<div id="ultimate-heading-711169f5b9ea3132b" class="uvc-heading ult-adjust-bottom-margin ultimate-heading-711169f5b9ea3132b uvc-1176  uvc-heading-default-font-sizes" data-hspacer="line_only"  data-halign="left" style="text-align:left"><div class="uvc-main-heading ult-responsive"  data-ultimate-target='.uvc-heading.ultimate-heading-711169f5b9ea3132b h2'  data-responsive-json-new='{"font-size":"","line-height":""}' ><h2 style="--font-weight:theme;">Atividades Preparatórias</h2></div><div class="uvc-heading-spacer line_only" style="topheight:1px;"><span class="uvc-headings-line" style="border-style:solid;border-bottom-width:1px;border-color:#8e0c0f;width:50px;"></span></div></div>[/vc_column][/vc_row][vc_row][vc_column][vc_empty_space height=&#8221;50px&#8221;][/vc_column][/vc_row][vc_row][vc_column width=&#8221;1/2&#8243;][vc_video link=&#8221;https://www.youtube.com/watch?v=iDJ3fbph0N8&#8243;][vc_column_text]</p>
<h6 style="text-align: center;">II Encontro Preparatório para a III jornada EBP &#8211; Seção Nordeste</h6>
<p>[/vc_column_text][/vc_column][vc_column width=&#8221;1/2&#8243;][vc_single_image image=&#8221;57786&#8243; img_size=&#8221;full&#8221; onclick=&#8221;link_image&#8221;][/vc_column][/vc_row][vc_row][vc_column][vc_empty_space height=&#8221;50px&#8221;][/vc_column][/vc_row][vc_row][vc_column width=&#8221;1/2&#8243;][vc_video link=&#8221;https://www.youtube.com/watch?v=68O_4XQCvVA&#8221;][vc_column_text]</p>
<h6 style="text-align: center;">II Encontro Preparatório para a III jornada EBP &#8211; Seção Nordeste</h6>
<p>[/vc_column_text][/vc_column][vc_column width=&#8221;1/2&#8243;][vc_single_image image=&#8221;57707&#8243; img_size=&#8221;full&#8221; onclick=&#8221;link_image&#8221;][/vc_column][/vc_row][vc_row][vc_column][vc_empty_space height=&#8221;50px&#8221;][/vc_column][/vc_row][vc_row][vc_column width=&#8221;1/2&#8243;][vc_video link=&#8221;https://www.youtube.com/watch?v=HsGkOpOK-Is&#8221;][vc_column_text]</p>
<h6 style="text-align: center;">Encontro Preparatório para a III jornada EBP &#8211; Seção Nordeste</h6>
<p>[/vc_column_text][/vc_column][vc_column width=&#8221;1/2&#8243;][vc_single_image image=&#8221;57668&#8243; img_size=&#8221;full&#8221; onclick=&#8221;link_image&#8221;][/vc_column][/vc_row][vc_row][vc_column][vc_empty_space height=&#8221;50px&#8221;][/vc_column][/vc_row][vc_row][vc_column width=&#8221;1/2&#8243;][vc_video link=&#8221;https://www.youtube.com/watch?v=4Xa_nsmcLSk&#8221;][vc_column_text]</p>
<h6 style="text-align: center;">Lançamento da III Jornada da Seção Nordeste</h6>
<p>[/vc_column_text][/vc_column][vc_column width=&#8221;1/2&#8243;][vc_single_image image=&#8221;57633&#8243; img_size=&#8221;full&#8221; onclick=&#8221;link_image&#8221;][/vc_column][/vc_row]</p>
</div>

<p>[vc_row][vc_column][/vc_column][/vc_row][vc_row][vc_column][vc_empty_space height=&#8221;50px&#8221;][/vc_column][/vc_row][vc_row][vc_column width=&#8221;1/2&#8243;][vc_video link=&#8221;https://www.youtube.com/watch?v=iDJ3fbph0N8&#8243;][vc_column_text] II Encontro Preparatório para a III jornada EBP &#8211; Seção Nordeste [/vc_column_text][/vc_column][vc_column width=&#8221;1/2&#8243;][vc_single_image image=&#8221;57786&#8243; img_size=&#8221;full&#8221; onclick=&#8221;link_image&#8221;][/vc_column][/vc_row][vc_row][vc_column][vc_empty_space height=&#8221;50px&#8221;][/vc_column][/vc_row][vc_row][vc_column width=&#8221;1/2&#8243;][vc_video link=&#8221;https://www.youtube.com/watch?v=68O_4XQCvVA&#8221;][vc_column_text] II Encontro Preparatório para a III jornada EBP &#8211; Seção Nordeste [/vc_column_text][/vc_column][vc_column width=&#8221;1/2&#8243;][vc_single_image image=&#8221;57707&#8243; img_size=&#8221;full&#8221; onclick=&#8221;link_image&#8221;][/vc_column][/vc_row][vc_row][vc_column][vc_empty_space height=&#8221;50px&#8221;][/vc_column][/vc_row][vc_row][vc_column width=&#8221;1/2&#8243;][vc_video link=&#8221;https://www.youtube.com/watch?v=HsGkOpOK-Is&#8221;][vc_column_text] Encontro Preparatório para a III jornada EBP &#8211; Seção Nordeste [/vc_column_text][/vc_column][vc_column width=&#8221;1/2&#8243;][vc_single_image image=&#8221;57668&#8243;&hellip;</p>
