{"id":57486,"date":"2023-08-01T07:06:00","date_gmt":"2023-08-01T10:06:00","guid":{"rendered":"https:\/\/ebp.org.br\/nordeste\/jornadas\/2023\/?page_id=57486"},"modified":"2023-08-01T11:43:58","modified_gmt":"2023-08-01T14:43:58","slug":"apresentacao","status":"publish","type":"page","link":"https:\/\/ebp.org.br\/nordeste\/jornadas\/2023\/apresentacao\/","title":{"rendered":"Apresenta\u00e7\u00e3o"},"content":{"rendered":"<div class=\"wpb-content-wrapper\"><p>[vc_row][vc_column]<div id=\"ultimate-heading-648269daf84b26fba\" class=\"uvc-heading ult-adjust-bottom-margin ultimate-heading-648269daf84b26fba uvc-6544  uvc-heading-default-font-sizes\" data-hspacer=\"line_only\"  data-halign=\"left\" style=\"text-align:left\"><div class=\"uvc-main-heading ult-responsive\"  data-ultimate-target='.uvc-heading.ultimate-heading-648269daf84b26fba h2'  data-responsive-json-new='{\"font-size\":\"\",\"line-height\":\"\"}' ><h2 style=\"--font-weight:theme;\">Apresenta\u00e7\u00e3o<\/h2><\/div><div class=\"uvc-heading-spacer line_only\" style=\"topheight:1px;\"><span class=\"uvc-headings-line\" style=\"border-style:solid;border-bottom-width:1px;border-color:#8e0c0f;width:50px;\"><\/span><\/div><\/div>[\/vc_column][\/vc_row][vc_row][vc_column][vc_empty_space height=&#8221;50px&#8221;][vc_column_text]<\/p>\n<div id=\"attachment_57583\" style=\"width: 225px\" class=\"wp-caption alignright\"><img loading=\"lazy\" decoding=\"async\" aria-describedby=\"caption-attachment-57583\" class=\"wp-image-57583 size-medium\" src=\"https:\/\/ebp.org.br\/nordeste\/jornadas\/2023\/wp-content\/uploads\/2023\/08\/Imagem-2-215x300.jpeg\" alt=\"Collage illustration v\u00e1rios artistas - Colabora\u00e7\u00e3o de K\u00e9sia Ramos\" width=\"215\" height=\"300\" srcset=\"https:\/\/ebp.org.br\/nordeste\/jornadas\/2023\/wp-content\/uploads\/2023\/08\/Imagem-2-215x300.jpeg 215w, https:\/\/ebp.org.br\/nordeste\/jornadas\/2023\/wp-content\/uploads\/2023\/08\/Imagem-2.jpeg 637w\" sizes=\"auto, (max-width: 215px) 100vw, 215px\" \/><p id=\"caption-attachment-57583\" class=\"wp-caption-text\">Collage illustration v\u00e1rios artistas &#8211; Colabora\u00e7\u00e3o de K\u00e9sia Ramos<\/p><\/div>\n<p><strong>\u201cCada um em seu mundo: <em>todos delirantes?<\/em>\u201d<\/strong><\/p>\n<p>\u201cCada um em seu mundo: <em>todos delirantes?<\/em>\u201d \u00c9 com satisfa\u00e7\u00e3o enorme que venho nesta noite apresentar, sob esse t\u00edtulo, a <strong>III Jornada da EBP &#8211; Se\u00e7\u00e3o Nordeste<\/strong>, que neste ano, o terceiro na pequena s\u00e9rie de jornadas de nossa Se\u00e7\u00e3o, ir\u00e1 se realizar em <strong>Recife<\/strong>, nos dias <strong>24 e 25 de novembro<\/strong> pr\u00f3ximo e tem como convidado o colega <strong>R\u00f4mulo Ferreira da Silva<\/strong>, AME e membro EBP e AMP.<\/p>\n<p>Quero antes de mais nada, agradecer a Cassandra Dias e em seu nome, \u00e0 diretoria da Se\u00e7\u00e3o Nordeste pelo convite que me foi feito para coordenar esta Jornada, para coordenar o coletivo que vem se colocando a trabalho na prepara\u00e7\u00e3o desta III Jornada. Por me permitir me lan\u00e7ar em um trabalho t\u00e3o rico e de ritmo t\u00e3o intenso, que tem me ensinado muito e do qual tem me gratificado muito tamb\u00e9m fazer parte.<\/p>\n<p>Nossas Jornadas t\u00eam sido momentos importantes de trabalho, pra n\u00f3s que fazemos a Se\u00e7\u00e3o Nordeste e para aqueles que frequentam as nossas atividades, um momento de encontro, troca, de aprendizado e tamb\u00e9m de consolida\u00e7\u00e3o de transfer\u00eancias \u00e0 Se\u00e7\u00e3o Nordeste da Escola Brasileira de Psican\u00e1lise. A cada Jornada, de certa forma, avan\u00e7amos um pouco mais no estudo de temas que tocam em pontos importantes da experi\u00eancia cl\u00ednica, pol\u00edtica e epist\u00eamica da psican\u00e1lise, que \u201caposta no sintoma como tratamento ao gozo para tornar poss\u00edveis os la\u00e7os sociais\u201d. Uma aposta que tem consequ\u00eancias na cl\u00ednica, na forma como acolhemos o mal-estar daqueles a quem escutamos. Mas n\u00e3o s\u00f3! Tem consequ\u00eancias tamb\u00e9m para-al\u00e9m da cl\u00ednica, na leitura que n\u00f3s, analistas, fazemos dos impasses que se nos apresentam na cena do mundo, do jogo pol\u00edtico \u00e0s formas do mal-estar em nossa \u00e9poca.<\/p>\n<p>O tema desta III Jornada se alinha ao aforismo \u201cTodo mundo \u00e9 louco\u201d, que orienta o pr\u00f3ximo Congresso da AMP, em 2024.\u00a0 \u201cTodo mundo \u00e9 louco\u201d, com o acr\u00e9scimo, \u201cisto \u00e9, delirante\u201d \u00e9 o aforismo que, segundo J-A. Miller, resume a perspectiva com que Lacan, em seu \u00faltimo ensino, condensa a ideia de que todo saber tem o estatuto de delirante.<\/p>\n<p>A Jornada deste ano nos faz ent\u00e3o um convite a que procuremos tirar consequ\u00eancias dessa proposi\u00e7\u00e3o de Lacan. Ao contr\u00e1rio do que poderia concluir uma leitura apressada desse aforismo \u201ctodos loucos&#8230;, delirantes\u201d n\u00e3o se trata a\u00ed de nenhum determinismo diante de uma &#8216;normalidade\u201d imposs\u00edvel de atingir, mas ao contr\u00e1rio. Com esse aforismo, tomado como b\u00fassola do seu \u00faltimo ensino, Lacan nos remete ao campo do poss\u00edvel da inven\u00e7\u00e3o de cada um diante do encontro com a linguagem.<\/p>\n<p>No t\u00edtulo que escolhemos para esta Jornada, <strong>\u201cCada um em seu mundo: todos delirantes?\u201d<\/strong>, numa clara alus\u00e3o a esse aforismo de Lacan, buscamos deslocar o acento de uma cl\u00ednica estrutural para a perspectiva do <em>Sinthoma<\/em>, de forma que, a partir do Argumento, desdobrado em tr\u00eas eixos tem\u00e1ticos, possamos abordar o estatuto do corpo na atualidade; debater a cl\u00ednica do <em>falasser,<\/em> com seus arranjos sinthom\u00e1ticos e corpos fortemente afetados e refrat\u00e1rios ao tratamento pela palavra; que possamos tamb\u00e9m nos interrogar sobre as mudan\u00e7as por que passa o mundo e de que modo essas mudan\u00e7as t\u00eam afetado a escuta anal\u00edtica.<\/p>\n<p>Miller explica que ao desenvolver o conceito de Sinthoma Lacan, em seu \u00faltimo ensino, vai apagar as distin\u00e7\u00f5es entre as categorias de neurose e psicose, ao enfatizar o modo de gozo em sua singularidade. Com esse conceito, muda-se o acento da pr\u00e1tica anal\u00edtica, \u201cque trata de conduzir a trama de destino do sujeito da estrutura at\u00e9 os elementos primordiais, fora de articula\u00e7\u00e3o, quer dizer, fora de sentido, de conduzi-lo, pois, aos ellementos de sua exist\u00eancia contingente.\u201d<a href=\"#_ftn1\" name=\"_ftnref1\">[1]<\/a><\/p>\n<p>Qual a incid\u00eancia que essa perspectiva do sinthoma tem sobre a pr\u00e1tica da psican\u00e1lise, sobre o estatuto do psicanalista e mesmo sobre a psican\u00e1lise no mundo, \u00e9 a pergunta que Miller faz nesse Semin\u00e1rio, a qual sugiro tomar como programa de estudo para este ano. E outras tantas que ainda iremos formular ao longo dessa jornada, tais como: e o Inconsciente? Como situ\u00e1-lo na perspectiva do sinthoma? E a interpreta\u00e7\u00e3o, como opera a partir dessa perspectiva? Quest\u00f5es que perpassam o tema desta III Jornada e que nos convidam ao debate&#8230;<\/p>\n<p>A Comiss\u00e3o Cient\u00edfica, sob a coordena\u00e7\u00e3o de Eliane Baptista e Susane Zanotti, vem h\u00e1 dois meses trabalhando com muito afinco nas quest\u00f5es a partir das quais selecionaram\u00a0 as refer\u00eancias e constru\u00edram o Argumento da Jornada, e todos um caminho epist\u00eamico que temos a percorrer at\u00e9 a novembro. Dessa comiss\u00e3o, al\u00e9m de Susane e Eliane, tamb\u00e9m participam os colegas Jos\u00e9 Carlos Lapenda, L\u00eddia Pessoa, Rosa Feitosa, Rosa Reis, S\u00edlvia Farias e V\u00e2nia Ferreira, aos quais, ao longo das atividades preparat\u00f3rias, tamb\u00e9m ir\u00e3o se juntar outros mais. S\u00e3o eles: An\u00edcia Ewerton, Angela Pinto, Carolina Queiroz, Fernanda Vasconcelos, Janu\u00e1rio Marques, Jos\u00e9 Ronaldo, Marina Cursino, Romero Ouriques, Paulo Carvalho, Teresa Cristina e Vanessa Dias, cujas contribui\u00e7\u00f5es prometem ampliar esse trabalho, trazendo pra ele o colorido dos v\u00e1rios terrrit\u00f3rios que comp\u00f5em a Se\u00e7\u00e3o Nordeste.<\/p>\n<p>Mas quero dar not\u00edcia tamb\u00e9m das outras veredas por onde tem se encaminhado o trabalho de prepara\u00e7\u00e3o da Jornada, que vem sendo conduzido por um grupo muito querido de colaboradores, formado pela dedica\u00e7\u00e3o e a contribui\u00e7\u00e3o de colegas que vem das v\u00e1rias cidades que comp\u00f5em a nossa Se\u00e7\u00e3o. S\u00e3o elas: na comiss\u00e3o de M\u00eddias, Divulga\u00e7\u00e3o e Arte, coordenada por Karynna N\u00f3brega, participam Jos\u00e9 Augusto Rocha, Jos\u00e9 Ronaldo, Marina Fragoso, Pauleska N\u00f3brega, Tatiana Scheffer e Severino Bernardino: da comiss\u00e3o de Refer\u00eancias Bibliogr\u00e1ficas, coordenada por Bibiana Poggi, tamb\u00e9m participam Cynthia Medeiros, Juliana Castro, K\u00e9sia Ramos, Roberta Gusm\u00e3o, Suele Conde e Zaeth Nascimento. Na comiss\u00e3o de Secretaria e finan\u00e7as que tem Anamaria Vasconcelos como coordenadora, participam Rog\u00e9rio tomaz, Susana Leite e Viviane Lafayete. E da comiss\u00e3o de Acolhimento e Infraestrutura, coordenada por Socorro Soares, participam Ana Paula Mota, Carolina Queiroz e Larissa Souto, todas j\u00e1 a pleno vapor nesse trabalho de prepara\u00e7\u00e3o da Jornada.<\/p>\n<p>E \u00e9 por acompanhar de perto a dedica\u00e7\u00e3o dessas colegas que posso dizer que estamos, com muito carinho e aten\u00e7\u00e3o aos detalhes, \u201cpreparando a casa\u201d para receb\u00ea-los em Recife, presencialmente ou em transmiss\u00e3o pela plataforma Zoom, para os que queiram acompanhar a Jornada de outras cidades.<\/p>\n<p>Um agradecimento especial a K\u00e9sia Ramos e a Bruno Senna, ela que pensou o conceito imag\u00e9tico da Jornada e com o seu talento comp\u00f4s os <em>teaser<\/em> de divulga\u00e7\u00e3o deste lan\u00e7amento, assim como o cartaz e o v\u00eddeo de apresenta\u00e7\u00e3o da Jornada. Ele, que responde pela diagrama\u00e7\u00e3o de todas essas pe\u00e7as e vem cuidando com a aten\u00e7\u00e3o de sempre, de toda a parte t\u00e9cnica que envolve a imagem da Jornada.<\/p>\n<p>Desde j\u00e1, pe\u00e7o que fiquem atentos \u00e0s preparat\u00f3rias que come\u00e7am em breve e devem se estender ao longo dos pr\u00f3ximos meses. Seguiremos juntos, buscando tecer sobre esse tema algumas respostas para as quest\u00f5es que movimentam a nossa pesquisa e para isso, contamos com voc\u00eas.<\/p>\n<p>Para os que ainda n\u00e3o se esquentaram, fica aqui o convite a que se \u201cacheguem\u201d e participem! Cada um em seu estilo, cada um com a sua pegada: todos rumo a nossa III Jornada!<\/p>\n<p>Obrigada.<\/p>\n<h6>Cl\u00e1udia Formiga \u2013 coordenadora da III Jornada<\/h6>\n<hr \/>\n<h6><a href=\"#_ftnref1\" name=\"_ftn1\">[1]<\/a><sub>J.-A. Miller, Sutilezas Anal\u00edticas, p. 89<\/sub><\/h6>\n<p>[\/vc_column_text][\/vc_column][\/vc_row]<\/p>\n<\/div>","protected":false},"excerpt":{"rendered":"<p>[vc_row][vc_column][\/vc_column][\/vc_row][vc_row][vc_column][vc_empty_space height=&#8221;50px&#8221;][vc_column_text] \u201cCada um em seu mundo: todos delirantes?\u201d \u201cCada um em seu mundo: todos delirantes?\u201d \u00c9 com satisfa\u00e7\u00e3o enorme que venho nesta noite apresentar, sob esse t\u00edtulo, a III Jornada da EBP &#8211; Se\u00e7\u00e3o Nordeste, que neste ano, o terceiro na pequena s\u00e9rie de jornadas de nossa Se\u00e7\u00e3o, ir\u00e1 se realizar em Recife, nos&hellip;<\/p>\n","protected":false},"author":1,"featured_media":0,"parent":0,"menu_order":0,"comment_status":"closed","ping_status":"closed","template":"","meta":{"footnotes":""},"class_list":["post-57486","page","type-page","status-publish","hentry","description-off"],"_links":{"self":[{"href":"https:\/\/ebp.org.br\/nordeste\/jornadas\/2023\/wp-json\/wp\/v2\/pages\/57486","targetHints":{"allow":["GET"]}}],"collection":[{"href":"https:\/\/ebp.org.br\/nordeste\/jornadas\/2023\/wp-json\/wp\/v2\/pages"}],"about":[{"href":"https:\/\/ebp.org.br\/nordeste\/jornadas\/2023\/wp-json\/wp\/v2\/types\/page"}],"author":[{"embeddable":true,"href":"https:\/\/ebp.org.br\/nordeste\/jornadas\/2023\/wp-json\/wp\/v2\/users\/1"}],"replies":[{"embeddable":true,"href":"https:\/\/ebp.org.br\/nordeste\/jornadas\/2023\/wp-json\/wp\/v2\/comments?post=57486"}],"version-history":[{"count":5,"href":"https:\/\/ebp.org.br\/nordeste\/jornadas\/2023\/wp-json\/wp\/v2\/pages\/57486\/revisions"}],"predecessor-version":[{"id":57607,"href":"https:\/\/ebp.org.br\/nordeste\/jornadas\/2023\/wp-json\/wp\/v2\/pages\/57486\/revisions\/57607"}],"wp:attachment":[{"href":"https:\/\/ebp.org.br\/nordeste\/jornadas\/2023\/wp-json\/wp\/v2\/media?parent=57486"}],"curies":[{"name":"wp","href":"https:\/\/api.w.org\/{rel}","templated":true}]}}