{"id":5660365,"date":"2022-10-20T08:27:06","date_gmt":"2022-10-20T11:27:06","guid":{"rendered":"https:\/\/ebp.org.br\/nordeste\/jornadas\/2022\/?page_id=5660365"},"modified":"2022-10-20T08:27:06","modified_gmt":"2022-10-20T11:27:06","slug":"referencias-eixo-3-o-analista-na-diversidade-dos-sintomas-da-epoca-terceira-entrega","status":"publish","type":"page","link":"https:\/\/ebp.org.br\/nordeste\/jornadas\/2022\/bibliografia\/referencias-eixo-3-o-analista-na-diversidade-dos-sintomas-da-epoca-terceira-entrega\/","title":{"rendered":"Refer\u00eancias Eixo 3: O analista na diversidade dos sintomas da \u00e9poca &#8211; terceira entrega"},"content":{"rendered":"[vc_row][vc_column]<div class=\"norebro-text-sc \" \n\tid=\"norebro-custom-69f459c90962d\" \n\t \n\t>\n\n\t<h3><strong>Refer\u00eancias Eixo 3:<\/strong><strong> O analista na diversidade dos sintomas da \u00e9poca &#8211; terceira entrega<\/strong><\/h3>\n<h6><strong>Colaboradores<\/strong>: Carlange Castro, \u00c9der Galiza, Nelson Matheus<\/h6>\n<p><strong><u>LACAN<\/u><\/strong><\/p>\n<ul>\n<li>\u201cColoquemo-nos nos dois extremos da experi\u00eancia anal\u00edtica. O recal\u00adcado primordial \u00e9 um significante, e o que se edifica por cima para consti\u00adtuir o sintoma, podemos consider\u00e1-lo como um andaime de significantes.\u201d<\/li>\n<\/ul>\n<p>LACAN, Jacques, <strong>A puls\u00e3o parcial e seu circuito<\/strong>. In: Semin\u00e1rio 11 Os quatro conceitos fundamentais da psican\u00e1lise. Rio de Janeiro: Jorge Zahar, 1985 p. 167<\/p>\n<ul>\n<li>\u201cA verdade se manifesta de maneira enigm\u00e1tica no sintoma\u201d.<\/li>\n<\/ul>\n<p>LACAN, Jacques, <strong>Li\u00e7\u00e3o XII<\/strong>. In: Semin\u00e1rio 14 A l\u00f3gica do fantasma. Publica\u00e7\u00e3o n\u00e3o comercial. Recife, 2008 p. 105<\/p>\n<ul>\n<li>\u201cA an\u00e1lise s\u00f3 pode ter por meta o advento de uma fala verdadeira e a realiza\u00e7\u00e3o, pelo sujeito, de sua hist\u00f3ria em sua rela\u00e7\u00e3o com um futuro\u201d.<\/li>\n<\/ul>\n<p>LACAN, Jacques. <strong>Fun\u00e7\u00e3o e campo da fala e da linguagem em psican\u00e1lise <\/strong>(1953). In: <em>Escritos.<\/em> Rio de Janeiro: Jorge Zahar, 1998, p. 303.<\/p>\n<ul>\n<li>\u201c\u00c9 na medida em que o analista faz silenciar em si o discurso intermedi\u00e1rio, para se abrir para a cadeia das falas verdadeiras, que ele pode instaurar sua interpreta\u00e7\u00e3o reveladora\u201d.<\/li>\n<\/ul>\n<p>LACAN, Jacques. <strong>Variantes do tratamento-padr\u00e3o<\/strong> (1955). In: <em>Escritos.<\/em> Rio de janeiro: Jorge Zahar, 1998. p.355.<\/p>\n<ul>\n<li>\u201cO ser do analista, com efeito, est\u00e1 em a\u00e7\u00e3o mesmo em seu sil\u00eancio, e \u00e9 na estiada da verdade que o sustenta que o sujeito profere sua fala\u201d.<\/li>\n<\/ul>\n<p>LACAN, Jacques. <strong>Variantes do tratamento-padr\u00e3o<\/strong> (1955). In: <em>Escritos.<\/em> Rio de janeiro: Jorge Zahar, 1998. p.361.<\/p>\n<ul>\n<li>\u201cO analista ter\u00e1 muito a extrair da pesquisa lingu\u00edstica em seus avan\u00e7os modernos mais concretos, para esclarecer os dif\u00edceis problemas que lhe s\u00e3o levantados pela verbaliza\u00e7\u00e3o em suas abordagens t\u00e9cnica e doutrinal\u201d.<\/li>\n<\/ul>\n<p>LACAN, Jacques. <strong>Variantes do tratamento-padr\u00e3o<\/strong> (1955). In: <em>Escritos.<\/em> Rio de janeiro: Jorge Zahar, 1998. p.363.<\/p>\n\t\n<\/div>[\/vc_column][\/vc_row]\n","protected":false},"excerpt":{"rendered":"<p>[vc_row][vc_column][\/vc_column][\/vc_row]<\/p>\n","protected":false},"author":1,"featured_media":0,"parent":5660319,"menu_order":0,"comment_status":"closed","ping_status":"closed","template":"","meta":{"footnotes":""},"class_list":["post-5660365","page","type-page","status-publish","hentry"],"acf":[],"_links":{"self":[{"href":"https:\/\/ebp.org.br\/nordeste\/jornadas\/2022\/wp-json\/wp\/v2\/pages\/5660365","targetHints":{"allow":["GET"]}}],"collection":[{"href":"https:\/\/ebp.org.br\/nordeste\/jornadas\/2022\/wp-json\/wp\/v2\/pages"}],"about":[{"href":"https:\/\/ebp.org.br\/nordeste\/jornadas\/2022\/wp-json\/wp\/v2\/types\/page"}],"author":[{"embeddable":true,"href":"https:\/\/ebp.org.br\/nordeste\/jornadas\/2022\/wp-json\/wp\/v2\/users\/1"}],"replies":[{"embeddable":true,"href":"https:\/\/ebp.org.br\/nordeste\/jornadas\/2022\/wp-json\/wp\/v2\/comments?post=5660365"}],"version-history":[{"count":1,"href":"https:\/\/ebp.org.br\/nordeste\/jornadas\/2022\/wp-json\/wp\/v2\/pages\/5660365\/revisions"}],"predecessor-version":[{"id":5660366,"href":"https:\/\/ebp.org.br\/nordeste\/jornadas\/2022\/wp-json\/wp\/v2\/pages\/5660365\/revisions\/5660366"}],"up":[{"embeddable":true,"href":"https:\/\/ebp.org.br\/nordeste\/jornadas\/2022\/wp-json\/wp\/v2\/pages\/5660319"}],"wp:attachment":[{"href":"https:\/\/ebp.org.br\/nordeste\/jornadas\/2022\/wp-json\/wp\/v2\/media?parent=5660365"}],"curies":[{"name":"wp","href":"https:\/\/api.w.org\/{rel}","templated":true}]}}

Referências Eixo 3: O analista na diversidade dos sintomas da época &#8211; terceira entrega

[vc_row][vc_column]<div class="norebro-text-sc " 
	id="norebro-custom-69f459c90962d" 
	 
	>

	<h3><strong>Referências Eixo 3:</strong><strong> O analista na diversidade dos sintomas da época &#8211; terceira entrega</strong></h3>
<h6><strong>Colaboradores</strong>: Carlange Castro, Éder Galiza, Nelson Matheus</h6>
<p><strong><u>LACAN</u></strong></p>
<ul>
<li>“Coloquemo-nos nos dois extremos da experiência analítica. O recal­cado primordial é um significante, e o que se edifica por cima para consti­tuir o sintoma, podemos considerá-lo como um andaime de significantes.”</li>
</ul>
<p>LACAN, Jacques, <strong>A pulsão parcial e seu circuito</strong>. In: Seminário 11 Os quatro conceitos fundamentais da psicanálise. Rio de Janeiro: Jorge Zahar, 1985 p. 167</p>
<ul>
<li>“A verdade se manifesta de maneira enigmática no sintoma”.</li>
</ul>
<p>LACAN, Jacques, <strong>Lição XII</strong>. In: Seminário 14 A lógica do fantasma. Publicação não comercial. Recife, 2008 p. 105</p>
<ul>
<li>“A análise só pode ter por meta o advento de uma fala verdadeira e a realização, pelo sujeito, de sua história em sua relação com um futuro”.</li>
</ul>
<p>LACAN, Jacques. <strong>Função e campo da fala e da linguagem em psicanálise </strong>(1953). In: <em>Escritos.</em> Rio de Janeiro: Jorge Zahar, 1998, p. 303.</p>
<ul>
<li>“É na medida em que o analista faz silenciar em si o discurso intermediário, para se abrir para a cadeia das falas verdadeiras, que ele pode instaurar sua interpretação reveladora”.</li>
</ul>
<p>LACAN, Jacques. <strong>Variantes do tratamento-padrão</strong> (1955). In: <em>Escritos.</em> Rio de janeiro: Jorge Zahar, 1998. p.355.</p>
<ul>
<li>“O ser do analista, com efeito, está em ação mesmo em seu silêncio, e é na estiada da verdade que o sustenta que o sujeito profere sua fala”.</li>
</ul>
<p>LACAN, Jacques. <strong>Variantes do tratamento-padrão</strong> (1955). In: <em>Escritos.</em> Rio de janeiro: Jorge Zahar, 1998. p.361.</p>
<ul>
<li>“O analista terá muito a extrair da pesquisa linguística em seus avanços modernos mais concretos, para esclarecer os difíceis problemas que lhe são levantados pela verbalização em suas abordagens técnica e doutrinal”.</li>
</ul>
<p>LACAN, Jacques. <strong>Variantes do tratamento-padrão</strong> (1955). In: <em>Escritos.</em> Rio de janeiro: Jorge Zahar, 1998. p.363.</p>
	
</div>[/vc_column][/vc_row]
