{"id":10899,"date":"2022-07-08T16:13:48","date_gmt":"2022-07-08T19:13:48","guid":{"rendered":"https:\/\/ebp.org.br\/nordeste\/jornadas\/2022\/?page_id=10899"},"modified":"2022-07-22T09:39:15","modified_gmt":"2022-07-22T12:39:15","slug":"eixo-3-o-analista-na-diversidade-dos-sintomas-contemporaneos","status":"publish","type":"page","link":"https:\/\/ebp.org.br\/nordeste\/jornadas\/2022\/eixo-3-o-analista-na-diversidade-dos-sintomas-contemporaneos\/","title":{"rendered":"Eixo 3: O analista na diversidade dos sintomas contempor\u00e2neos"},"content":{"rendered":"<h3><span style=\"color: #993300;\"><strong>Eixo 3<\/strong>: <strong>O analista na diversidade dos sintomas da \u00e9poca<\/strong><\/span><\/h3>\n<blockquote>\n<p style=\"text-align: right;\">\u201cQue antes renuncie a isso, portanto, quem n\u00e3o conseguir<\/p>\n<p style=\"text-align: right;\">alcan\u00e7ar em seu horizonte a subjetividade de sua \u00e9poca\u2026Que ele conhe\u00e7a bem a espiral a que o<\/p>\n<p style=\"text-align: right;\">arrasta sua \u00e9poca na obra cont\u00ednua de Babel e que conhe\u00e7a sua<\/p>\n<p style=\"text-align: right;\">fun\u00e7\u00e3o de int\u00e9rprete na disc\u00f3rdia das l\u00ednguas\u201d\u2026<a href=\"#_ftn1\" name=\"_ftnref1\"><sup>[1]<\/sup><\/a><\/p>\n<\/blockquote>\n<p>Essas palavras, t\u00e3o divulgadas entre os analistas, correm o risco de parecerem um imperativo que n\u00e3o cabe \u00a0reflex\u00e3o. O tempo de compreender, para a grande advert\u00eancia que elas nos trazem, soa como uma interpreta\u00e7\u00e3o, abrindo enigma quanto \u00e0 subjetividade de cada \u00e9poca.<\/p>\n<p>E diante de qual subjetividade a \u00e9poca atual nos coloca?<\/p>\n<p>Se o decl\u00ednio do Nome do Pai, enquanto significante norteador, nos indica concomitantemente, a queda do simb\u00f3lico, a cl\u00ednica nos revela as cicatrizes advindas da evapora\u00e7\u00e3o do pai.<\/p>\n<p>Altera\u00e7\u00f5es das subjetividades, onde prevalecem a dimens\u00e3o do eu em um narcisismo vazio, inibi\u00e7\u00f5es e ang\u00fastia, um inconsciente recoberto pelo imagin\u00e1rio, urg\u00eancias e passagens ao ato, adic\u00e7\u00f5es e toxicomanias, identifica\u00e7\u00f5es identit\u00e1rias, crises das mais diversas ordens em todos os campos da experi\u00eancia humana. Crise parece mesmo ser um significante da nossa \u00e9poca, marcada pelo excesso e pela precipita\u00e7\u00e3o, na medida em que o simb\u00f3lico n\u00e3o mais sustenta as colunas do templo.<\/p>\n<p>Como nos situarmos, portanto, na espiral que nos arrasta, sem que percamos de vista, a fun\u00e7\u00e3o de int\u00e9rprete a que Lacan se refere?<\/p>\n<p>Interessa-nos, nesse eixo, recolher dos praticantes da psican\u00e1lise, suas estrat\u00e9gias e ensinamentos de interven\u00e7\u00e3o na cl\u00ednica, que nos permitam n\u00e3o recuar nem retroceder diante dos impasses que os novos tempos nos colocam. Nos consult\u00f3rios e institui\u00e7\u00f5es, na psican\u00e1lise em intens\u00e3o, mas tamb\u00e9m em sua extens\u00e3o, como verificar o desejo que \u00e9 pr\u00f3prio ao analista? Como ele opera diante dos sintomas da nossa \u00e9poca?<\/p>\n<p>Manter a hip\u00f3tese do inconsciente em um mundo norteado pelo objeto em posto de comando, puro real sem lei, \u00e9 reafirmar a posi\u00e7\u00e3o da psican\u00e1lise pelo singular de cada um e velar pela presen\u00e7a do psicanalista no mundo, como um \u00a0leitor da subjetividade de sua \u00e9poca.<\/p>\n<h5>Anamaria Vasconcelos (EBP\/AMP)<u><\/u><br \/>\n<u><\/u>Cassandra Dias (EBP\/AMP)<u><\/u><\/h5>\n<hr \/>\n<h5><a href=\"#_ftnref1\" name=\"_ftn1\">[1]<\/a> LACAN, J. \u2013 Fun\u00e7\u00e3o e campo da fala e da linguagem\u00a0 in\u00a0 Escritos \u2013 p 322, Rio de Janeiro, Jorge Zahar Ed. 1998.<\/h5>\n","protected":false},"excerpt":{"rendered":"<p>Eixo 3: O analista na diversidade dos sintomas da \u00e9poca \u201cQue antes renuncie a&#8230;<\/p>\n","protected":false},"author":1,"featured_media":0,"parent":0,"menu_order":0,"comment_status":"closed","ping_status":"closed","template":"","meta":{"footnotes":""},"class_list":["post-10899","page","type-page","status-publish","hentry"],"acf":[],"_links":{"self":[{"href":"https:\/\/ebp.org.br\/nordeste\/jornadas\/2022\/wp-json\/wp\/v2\/pages\/10899","targetHints":{"allow":["GET"]}}],"collection":[{"href":"https:\/\/ebp.org.br\/nordeste\/jornadas\/2022\/wp-json\/wp\/v2\/pages"}],"about":[{"href":"https:\/\/ebp.org.br\/nordeste\/jornadas\/2022\/wp-json\/wp\/v2\/types\/page"}],"author":[{"embeddable":true,"href":"https:\/\/ebp.org.br\/nordeste\/jornadas\/2022\/wp-json\/wp\/v2\/users\/1"}],"replies":[{"embeddable":true,"href":"https:\/\/ebp.org.br\/nordeste\/jornadas\/2022\/wp-json\/wp\/v2\/comments?post=10899"}],"version-history":[{"count":7,"href":"https:\/\/ebp.org.br\/nordeste\/jornadas\/2022\/wp-json\/wp\/v2\/pages\/10899\/revisions"}],"predecessor-version":[{"id":5660209,"href":"https:\/\/ebp.org.br\/nordeste\/jornadas\/2022\/wp-json\/wp\/v2\/pages\/10899\/revisions\/5660209"}],"wp:attachment":[{"href":"https:\/\/ebp.org.br\/nordeste\/jornadas\/2022\/wp-json\/wp\/v2\/media?parent=10899"}],"curies":[{"name":"wp","href":"https:\/\/api.w.org\/{rel}","templated":true}]}}