{"id":6113,"date":"2026-03-26T15:51:16","date_gmt":"2026-03-26T18:51:16","guid":{"rendered":"https:\/\/ebp.org.br\/mg\/?page_id=6113"},"modified":"2026-03-26T16:14:23","modified_gmt":"2026-03-26T19:14:23","slug":"28a-jornada-da-ebp-mg-2026","status":"publish","type":"page","link":"https:\/\/ebp.org.br\/mg\/ensino\/seminarios\/jornada-ebp-mg\/28a-jornada-da-ebp-mg-2026\/","title":{"rendered":"28\u00aa Jornada da EBP-MG (2026)"},"content":{"rendered":"<section class=\"wpb-content-wrapper\">[vc_row][vc_column width=&#8221;2\/3&#8243;][vc_column_text]\n<h3><span style=\"color: #993300;\"><b>28\u00aa Jornada da Escola Brasileira de Psican\u00e1lise- Se\u00e7\u00e3o Minas<\/b><\/span><\/h3>\n<h3><span style=\"color: #993300;\"><b>Psican\u00e1lise: modos de usar<\/b><\/span><\/h3>\n<div>06 e 07 de novembro de 2026<br \/>\nCoordena\u00e7\u00e3o: Maria de F\u00e1tima Ferreira (EBP\/AMP) e M\u00f4nica Campos (EBP\/AMP)<br \/>\nLocal: Hotel Mercure &#8211; Belo Horizonte\/MG<\/div>\n<p>&nbsp;<\/p>\n<div><b>Abertura da 28\u00aa Jornada da EBP-MG<\/b><\/div>\n<ul>\n<li>Data: 09\/04<\/li>\n<li>Hor\u00e1rio: 20h30<\/li>\n<li>Local: Sede da EBP-MG<\/li>\n<li>Coordena: Ludmilla F\u00e9res Faria (EBP\/AMP)<\/li>\n<li>Apresentam: M\u00f4nica Campos (EBP\/AMP) e Maria de F\u00e1tima Ferreira (EBP\/AMP)<\/li>\n<li>N\u00e3o requer inscri\u00e7\u00e3o pr\u00e9via. Sujeito \u00e0 lota\u00e7\u00e3o do espa\u00e7o.<\/li>\n<\/ul>\n<div><\/div>\n<div><b>Semin\u00e1rio preparat\u00f3rio &#8211; Eixo 1<\/b><\/div>\n<ul>\n<li>Data: 11\/06<\/li>\n<li>Hor\u00e1rio: 20h30<\/li>\n<li>Local: Sede da EBP-MG<\/li>\n<li>N\u00e3o requer inscri\u00e7\u00e3o pr\u00e9via. Sujeito \u00e0 lota\u00e7\u00e3o do espa\u00e7o.<\/li>\n<\/ul>\n<div><\/div>\n<p><b>Semin\u00e1rio preparat\u00f3rio &#8211; Eixo 2<\/b><\/p>\n<ul>\n<li>Data: 06\/08<\/li>\n<li>Hor\u00e1rio: 20h30<\/li>\n<li>Local: Sede da EBP-MG<\/li>\n<li>N\u00e3o requer inscri\u00e7\u00e3o pr\u00e9via. Sujeito \u00e0 lota\u00e7\u00e3o do espa\u00e7o.<\/li>\n<\/ul>\n<div><\/div>\n<div><b>Semin\u00e1rio preparat\u00f3rio &#8211; Eixo 3<\/b><\/div>\n<ul>\n<li>Data: 03\/09<\/li>\n<li>Hor\u00e1rio: 20h30<\/li>\n<li>Local: Sede da EBP-MG<\/li>\n<li>N\u00e3o requer inscri\u00e7\u00e3o pr\u00e9via. Sujeito \u00e0 lota\u00e7\u00e3o do espa\u00e7o.<\/li>\n<\/ul>\n[\/vc_column_text][\/vc_column][vc_column width=&#8221;1\/3&#8243;][\/vc_column][\/vc_row]\n<\/section>","protected":false},"excerpt":{"rendered":"<p>[vc_row][vc_column width=&#8221;2\/3&#8243;][vc_column_text] 28\u00aa Jornada da Escola Brasileira de Psican\u00e1lise- Se\u00e7\u00e3o Minas Psican\u00e1lise: modos de usar 06 e 07 de novembro de 2026 Coordena\u00e7\u00e3o: Maria de F\u00e1tima Ferreira (EBP\/AMP) e M\u00f4nica Campos (EBP\/AMP) Local: Hotel Mercure &#8211; Belo Horizonte\/MG &nbsp; Abertura da 28\u00aa Jornada da EBP-MG Data: 09\/04 Hor\u00e1rio: 20h30 Local: Sede da EBP-MG Coordena: Ludmilla&hellip;<\/p>\n","protected":false},"author":1,"featured_media":0,"parent":2066,"menu_order":0,"comment_status":"closed","ping_status":"closed","template":"","meta":{"footnotes":""},"class_list":["post-6113","page","type-page","status-publish","hentry","entry","no-media"],"aioseo_notices":[],"_links":{"self":[{"href":"https:\/\/ebp.org.br\/mg\/wp-json\/wp\/v2\/pages\/6113","targetHints":{"allow":["GET"]}}],"collection":[{"href":"https:\/\/ebp.org.br\/mg\/wp-json\/wp\/v2\/pages"}],"about":[{"href":"https:\/\/ebp.org.br\/mg\/wp-json\/wp\/v2\/types\/page"}],"author":[{"embeddable":true,"href":"https:\/\/ebp.org.br\/mg\/wp-json\/wp\/v2\/users\/1"}],"replies":[{"embeddable":true,"href":"https:\/\/ebp.org.br\/mg\/wp-json\/wp\/v2\/comments?post=6113"}],"version-history":[{"count":8,"href":"https:\/\/ebp.org.br\/mg\/wp-json\/wp\/v2\/pages\/6113\/revisions"}],"predecessor-version":[{"id":6122,"href":"https:\/\/ebp.org.br\/mg\/wp-json\/wp\/v2\/pages\/6113\/revisions\/6122"}],"up":[{"embeddable":true,"href":"https:\/\/ebp.org.br\/mg\/wp-json\/wp\/v2\/pages\/2066"}],"wp:attachment":[{"href":"https:\/\/ebp.org.br\/mg\/wp-json\/wp\/v2\/media?parent=6113"}],"curies":[{"name":"wp","href":"https:\/\/api.w.org\/{rel}","templated":true}]}}

28ª Jornada da EBP-MG (2026)

<section class="wpb-content-wrapper">[vc_row][vc_column width=&#8221;2/3&#8243;][vc_column_text]
<h3><span style="color: #993300;"><b>28ª Jornada da Escola Brasileira de Psicanálise- Seção Minas</b></span></h3>
<h3><span style="color: #993300;"><b>Psicanálise: modos de usar</b></span></h3>
<div>06 e 07 de novembro de 2026<br />
Coordenação: Maria de Fátima Ferreira (EBP/AMP) e Mônica Campos (EBP/AMP)<br />
Local: Hotel Mercure &#8211; Belo Horizonte/MG</div>
<p>&nbsp;</p>
<div><b>Abertura da 28ª Jornada da EBP-MG</b></div>
<ul>
<li>Data: 09/04</li>
<li>Horário: 20h30</li>
<li>Local: Sede da EBP-MG</li>
<li>Coordena: Ludmilla Féres Faria (EBP/AMP)</li>
<li>Apresentam: Mônica Campos (EBP/AMP) e Maria de Fátima Ferreira (EBP/AMP)</li>
<li>Não requer inscrição prévia. Sujeito à lotação do espaço.</li>
</ul>
<div></div>
<div><b>Seminário preparatório &#8211; Eixo 1</b></div>
<ul>
<li>Data: 11/06</li>
<li>Horário: 20h30</li>
<li>Local: Sede da EBP-MG</li>
<li>Não requer inscrição prévia. Sujeito à lotação do espaço.</li>
</ul>
<div></div>
<p><b>Seminário preparatório &#8211; Eixo 2</b></p>
<ul>
<li>Data: 06/08</li>
<li>Horário: 20h30</li>
<li>Local: Sede da EBP-MG</li>
<li>Não requer inscrição prévia. Sujeito à lotação do espaço.</li>
</ul>
<div></div>
<div><b>Seminário preparatório &#8211; Eixo 3</b></div>
<ul>
<li>Data: 03/09</li>
<li>Horário: 20h30</li>
<li>Local: Sede da EBP-MG</li>
<li>Não requer inscrição prévia. Sujeito à lotação do espaço.</li>
</ul>
[/vc_column_text][/vc_column][vc_column width=&#8221;1/3&#8243;][/vc_column][/vc_row]
</section>

<p>[vc_row][vc_column width=&#8221;2/3&#8243;][vc_column_text] 28ª Jornada da Escola Brasileira de Psicanálise- Seção Minas Psicanálise: modos de usar 06 e 07 de novembro de 2026 Coordenação: Maria de Fátima Ferreira (EBP/AMP) e Mônica Campos (EBP/AMP) Local: Hotel Mercure &#8211; Belo Horizonte/MG &nbsp; Abertura da 28ª Jornada da EBP-MG Data: 09/04 Horário: 20h30 Local: Sede da EBP-MG Coordena: Ludmilla&hellip;</p>
