{"id":5552,"date":"2025-01-07T18:21:10","date_gmt":"2025-01-07T21:21:10","guid":{"rendered":"https:\/\/ebp.org.br\/mg\/?page_id=5552"},"modified":"2025-07-10T17:02:42","modified_gmt":"2025-07-10T20:02:42","slug":"a-interpretacao-lacaniana-nos-anos-70","status":"publish","type":"page","link":"https:\/\/ebp.org.br\/mg\/ensino\/seminarios\/seminario-por-conta-e-risco\/a-interpretacao-lacaniana-nos-anos-70\/","title":{"rendered":"A interpreta\u00e7\u00e3o lacaniana nos anos 70"},"content":{"rendered":"<section class=\"wpb-content-wrapper\">[vc_row][vc_column width=&#8221;2\/3&#8243;][vc_column_text]\n<h3><span style=\"color: #993300;\"><strong>A interpreta\u00e7\u00e3o lacaniana nos anos 70<\/strong><\/span><\/h3>\n<p><strong>\u00a0<\/strong>Respons\u00e1veis: Elisa Alvarenga EBP\/AMP e\u00a0S\u00e9rgio de Campos EBP\/AMP<\/p>\n<p>O Semin\u00e1rio: \u201cInvestiga\u00e7\u00f5es anal\u00edticas sobre o fantasma\u201d prop\u00f5e examinar os ensinamentos transmitidos a partir do texto de Freud de 1919: Uma crian\u00e7a \u00e9 espancada, do Semin\u00e1rio de Lacan: A l\u00f3gica do fantasma e do Semin\u00e1rio de Miller: Del s\u00edntoma ao fantasma y retorno. Se o sintoma \u00e9 algo bem compreendido na cl\u00ednica e bastante estudado pela literatura anal\u00edtica, o fantasma ainda permanece opaco e enigm\u00e1tico. Assim, pretende-se extrair desses ensinamentos os elementos chaves que possam nos ajudar a compreender essa estrutura e isolar sua conex\u00e3o com o gozo com fins de identificar o seu papel na vida ps\u00edquica do ser falante.<\/p>\n<ul>\n<li><strong>Datas<br \/>\n<\/strong><span id=\"m_-1458251315087162489gmail-docs-internal-guid-42f44232-7fff-b7cf-f723-b572027958bc\">Agosto: 12<\/span><\/p>\n<div><span id=\"m_-1458251315087162489gmail-docs-internal-guid-42f44232-7fff-b7cf-f723-b572027958bc\">Setembro: 30<\/span><\/div>\n<div><span id=\"m_-1458251315087162489gmail-docs-internal-guid-42f44232-7fff-b7cf-f723-b572027958bc\">Outubro: 14<\/span><\/div>\n<div><span id=\"m_-1458251315087162489gmail-docs-internal-guid-42f44232-7fff-b7cf-f723-b572027958bc\">Novembro: 25<\/span><\/div>\n<\/li>\n<li><strong>Hor\u00e1rio:<\/strong>\u00a020h30<\/li>\n<li><strong>Local:<\/strong>\u00a0Sede da EBP-MG<\/li>\n<li><strong>Endere\u00e7o:<\/strong>\u00a0Av. Afonso Pena, 2770.Salas 201-207<\/li>\n<li>Atividade presencial, de acordo com o n\u00famero de lugares do local.<\/li>\n<li>N\u00e3o requer inscri\u00e7\u00e3o pr\u00e9via<\/li>\n<\/ul>\n[\/vc_column_text][\/vc_column][vc_column width=&#8221;1\/3&#8243;][vc_single_image image=&#8221;5568&#8243; add_caption=&#8221;yes&#8221;][\/vc_column][\/vc_row]\n<\/section>","protected":false},"excerpt":{"rendered":"<p>[vc_row][vc_column width=&#8221;2\/3&#8243;][vc_column_text] A interpreta\u00e7\u00e3o lacaniana nos anos 70 \u00a0Respons\u00e1veis: Elisa Alvarenga EBP\/AMP e\u00a0S\u00e9rgio de Campos EBP\/AMP O Semin\u00e1rio: \u201cInvestiga\u00e7\u00f5es anal\u00edticas sobre o fantasma\u201d prop\u00f5e examinar os ensinamentos transmitidos a partir do texto de Freud de 1919: Uma crian\u00e7a \u00e9 espancada, do Semin\u00e1rio de Lacan: A l\u00f3gica do fantasma e do Semin\u00e1rio de Miller: Del s\u00edntoma&hellip;<\/p>\n","protected":false},"author":1,"featured_media":0,"parent":1613,"menu_order":0,"comment_status":"closed","ping_status":"closed","template":"","meta":{"footnotes":""},"class_list":["post-5552","page","type-page","status-publish","hentry","entry","no-media"],"aioseo_notices":[],"_links":{"self":[{"href":"https:\/\/ebp.org.br\/mg\/wp-json\/wp\/v2\/pages\/5552","targetHints":{"allow":["GET"]}}],"collection":[{"href":"https:\/\/ebp.org.br\/mg\/wp-json\/wp\/v2\/pages"}],"about":[{"href":"https:\/\/ebp.org.br\/mg\/wp-json\/wp\/v2\/types\/page"}],"author":[{"embeddable":true,"href":"https:\/\/ebp.org.br\/mg\/wp-json\/wp\/v2\/users\/1"}],"replies":[{"embeddable":true,"href":"https:\/\/ebp.org.br\/mg\/wp-json\/wp\/v2\/comments?post=5552"}],"version-history":[{"count":5,"href":"https:\/\/ebp.org.br\/mg\/wp-json\/wp\/v2\/pages\/5552\/revisions"}],"predecessor-version":[{"id":5729,"href":"https:\/\/ebp.org.br\/mg\/wp-json\/wp\/v2\/pages\/5552\/revisions\/5729"}],"up":[{"embeddable":true,"href":"https:\/\/ebp.org.br\/mg\/wp-json\/wp\/v2\/pages\/1613"}],"wp:attachment":[{"href":"https:\/\/ebp.org.br\/mg\/wp-json\/wp\/v2\/media?parent=5552"}],"curies":[{"name":"wp","href":"https:\/\/api.w.org\/{rel}","templated":true}]}}

A interpretação lacaniana nos anos 70

<section class="wpb-content-wrapper">[vc_row][vc_column width=&#8221;2/3&#8243;][vc_column_text]
<h3><span style="color: #993300;"><strong>A interpretação lacaniana nos anos 70</strong></span></h3>
<p><strong> </strong>Responsáveis: Elisa Alvarenga EBP/AMP e Sérgio de Campos EBP/AMP</p>
<p>O Seminário: “Investigações analíticas sobre o fantasma” propõe examinar os ensinamentos transmitidos a partir do texto de Freud de 1919: Uma criança é espancada, do Seminário de Lacan: A lógica do fantasma e do Seminário de Miller: Del síntoma ao fantasma y retorno. Se o sintoma é algo bem compreendido na clínica e bastante estudado pela literatura analítica, o fantasma ainda permanece opaco e enigmático. Assim, pretende-se extrair desses ensinamentos os elementos chaves que possam nos ajudar a compreender essa estrutura e isolar sua conexão com o gozo com fins de identificar o seu papel na vida psíquica do ser falante.</p>
<ul>
<li><strong>Datas<br />
</strong><span id="m_-1458251315087162489gmail-docs-internal-guid-42f44232-7fff-b7cf-f723-b572027958bc">Agosto: 12</span></p>
<div><span id="m_-1458251315087162489gmail-docs-internal-guid-42f44232-7fff-b7cf-f723-b572027958bc">Setembro: 30</span></div>
<div><span id="m_-1458251315087162489gmail-docs-internal-guid-42f44232-7fff-b7cf-f723-b572027958bc">Outubro: 14</span></div>
<div><span id="m_-1458251315087162489gmail-docs-internal-guid-42f44232-7fff-b7cf-f723-b572027958bc">Novembro: 25</span></div>
</li>
<li><strong>Horário:</strong> 20h30</li>
<li><strong>Local:</strong> Sede da EBP-MG</li>
<li><strong>Endereço:</strong> Av. Afonso Pena, 2770.Salas 201-207</li>
<li>Atividade presencial, de acordo com o número de lugares do local.</li>
<li>Não requer inscrição prévia</li>
</ul>
[/vc_column_text][/vc_column][vc_column width=&#8221;1/3&#8243;][vc_single_image image=&#8221;5568&#8243; add_caption=&#8221;yes&#8221;][/vc_column][/vc_row]
</section>

<p>[vc_row][vc_column width=&#8221;2/3&#8243;][vc_column_text] A interpretação lacaniana nos anos 70  Responsáveis: Elisa Alvarenga EBP/AMP e Sérgio de Campos EBP/AMP O Seminário: “Investigações analíticas sobre o fantasma” propõe examinar os ensinamentos transmitidos a partir do texto de Freud de 1919: Uma criança é espancada, do Seminário de Lacan: A lógica do fantasma e do Seminário de Miller: Del síntoma&hellip;</p>
